790
CXUS55 KBOU 011221 RRB
CF6BDU

PRELIMINARY LOCAL CLIMATOLOGICAL DATA (WS FORM: F-6)

                                          STATION:   BOULDER AIRPORT
                                          MONTH:     NOVEMBER
                                          YEAR:      2014
                                          LATITUDE:   40  2 N
                                          LONGITUDE: 105 14 W

  TEMPERATURE IN F:       :PCPN:    SNOW:  WIND      :SUNSHINE: SKY     :PK WND
================================================================================
1   2   3   4   5  6A  6B    7    8   9   10  11  12  13   14  15   16   17  18
                                     12Z  AVG MX 2MIN
DY MAX MIN AVG DEP HDD CDD  WTR  SNW DPTH SPD SPD DIR MIN PSBL S-S WX    SPD DR
================================================================================

 1  61  34  48   M  17   0    M    M    M  1.3  4 260   M    M   0         M  M
 2  70  43  57   M   8   0    M    M    M  4.0 16 240   M    M   2 3      23 240
 3  48  32  40   M  25   0    M    M    M  4.0 13 360   M    M   8 3      17 360
 4  61  32  47   M  18   0    M    M    M  2.7  6 120   M    M   0         M  M
 5  64  37  51   M  14   0    M    M    M  4.6  8  60   M    M   0         M  M
 6  68  34  51   M  14   0    M    M    M  2.0  6 100   M    M   0         M  M
 7  68  43  56   M   9   0    M    M    M  9.9 24 270   M    M   2        36 270
 8  66  34  50   M  15   0    M    M    M  3.3 10 350   M    M   0         M  M
 9  72  52  62   M   3   0    M    M    M  7.8 16 250   M    M   0        25 220
10  64  18  41   M  24   0    M    M    M 10.2 29 270   M    M   7        51 250
11  18   7  13   M  52   0    M    M    M  5.8 10  40   M    M  10 8       M  M
12   7   1   4   M  61   0    M    M    M  3.5  8  20   M    M  10         M  M
13  12   0   6   M  59   0    M    M    M  0.3  4 320   M    M   4 8       M  M
14  32   5  19   M  46   0    M    M    M  0.9  5  50   M    M   1 1       M  M
15  25  10  18   M  47   0    M    M    M  3.7  9  60   M    M   9 1       M  M
16  32   1  17   M  48   0    M    M    M  4.3 16 270   M    M   2 1      23 270
17  37  27  32   M  33   0    M    M    M  9.8 23 280   M    M   0        30 280
18  46  32  39   M  26   0    M    M    M 13.1 33 270   M    M   0        46 260
19  45  28  37   M  28   0    M    M    M  5.4 16 280   M    M   0        27 280
20  45  25  35   M  30   0    M    M    M  2.2  6 190   M    M   3         M  M
21  57  32  45   M  20   0    M    M    M  3.7 13 230   M    M   0        21 230
22  61  34  48   M  17   0    M    M    M  5.0 14 210   M    M   1        21 210
23  48  30  39   M  26   0    M    M    M  7.1 22 280   M    M   4        31 280
24  43  28  36   M  29   0    M    M    M  9.2 21 280   M    M   1        30 280
25  50  27  39   M  26   0    M    M    M 14.3 32 280   M    M   2        47 280
26  45  27  36   M  29   0    M    M    M  4.7  9  20   M    M   4         M  M
27  64  25  45   M  20   0    M    M    M  5.1 13  70   M    M   0        28 230
28  70  43  57   M   8   0    M    M    M  6.9 14 110   M    M   0        22 110
29  68  55  62   M   3   0    M    M    M 13.2 24 230   M    M   0        35 250
30  57  19  38   M  27   0    M    M    M 11.2 29 260   M    M   6        50 260
================================================================================
SM 1504  815       782   0    M     M    179.2          M       76
================================================================================
AV 50.1 27.2                               6.0 FASTST   M    M   3    MAX(MPH)
                                 MISC ---->    33   M                 51    M
================================================================================
NOTES:
# LAST OF SEVERAL OCCURRENCES

COLUMN 17 PEAK WIND IN M.P.H.

PRELIMINARY LOCAL CLIMATOLOGICAL DATA (WS FORM: F-6) , PAGE 2

                                          STATION:  BOULDER AIRPORT
                                          MONTH:    NOVEMBER
                                          YEAR:     2014
                                          LATITUDE:   40  2 N
                                          LONGITUDE: 105 14 W

[TEMPERATURE DATA]      [PRECIPITATION DATA]       SYMBOLS USED IN COLUMN 16

AVERAGE MONTHLY: 38.7   TOTAL FOR MONTH:      M    1 = FOG OR MIST
DPTR FM NORMAL:     M   DPTR FM NORMAL:       M    2 = FOG REDUCING VISIBILITY
HIGHEST:    72 ON  9    GRTST 24HR    M  ON   M        TO 1/4 MILE OR LESS
LOWEST:      0 ON 13                               3 = THUNDER
                        SNOW, ICE PELLETS, HAIL    4 = ICE PELLETS
                        TOTAL MONTH:    M          5 = HAIL
                        GRTST 24HR    M  ON   M    6 = FREEZING RAIN OR DRIZZLE
                        GRTST DEPTH:  M  ON   M    7 = DUSTSTORM OR SANDSTORM:
                                                       VSBY 1/2 MILE OR LESS
                                                   8 = SMOKE OR HAZE
[NO. OF DAYS WITH]      [WEATHER - DAYS WITH]      9 = BLOWING SNOW
                                                   X = TORNADO
MAX 32 OR BELOW:   6    0.01 INCH OR MORE:   0
MAX 90 OR ABOVE:   0    0.10 INCH OR MORE:   0
MIN 32 OR BELOW:  20    0.50 INCH OR MORE:   0
MIN  0 OR BELOW:   1    1.00 INCH OR MORE:   0

[HDD (BASE 65) ]
TOTAL THIS MO.   782    CLEAR  (SCALE 0-3)  21
DPTR FM NORMAL     M    PTCLDY (SCALE 4-7)   6
TOTAL FM JUL 1  1198    CLOUDY (SCALE 8-10)  3
DPTR FM NORMAL     M

[CDD (BASE 65) ]
TOTAL THIS MO.     0
DPTR FM NORMAL     M    [PRESSURE DATA]
TOTAL FM JAN 1   638    HIGHEST SLP M ON M
DPTR FM NORMAL     M    LOWEST  SLP M ON M

[REMARKS]
#FINAL-11-14#




U.S. Dept. of Commerce
NOAA National Weather Service
1325 East West Highway
Silver Spring, MD 20910
E-mail: w-nws.webmaster@noaa.gov
Page last modified: May 16, 2007
NATIONAL WEATHER SERVICE: for Safety, for Work, for Fun - FOR LIFE