638
CXUS51 KOKX 280701
CF6BDR
PRELIMINARY LOCAL CLIMATOLOGICAL DATA (WS FORM: F-6)

                                          STATION:   BRIDGEPORT CT
                                          MONTH:     JULY
                                          YEAR:      2014
                                          LATITUDE:   41 10 N
                                          LONGITUDE:  73  8 W

  TEMPERATURE IN F:       :PCPN:    SNOW:  WIND      :SUNSHINE: SKY     :PK WND
================================================================================
1   2   3   4   5  6A  6B    7    8   9   10  11  12  13   14  15   16   17  18
                                     12Z  AVG MX 2MIN
DY MAX MIN AVG DEP HDD CDD  WTR  SNW DPTH SPD SPD DIR MIN PSBL S-S WX    SPD DR
================================================================================

 1  87  71  79   6   0  14 0.00  0.0    0  8.7 17 200   M    M   1        24 200
 2  88  72  80   7   0  15 0.50  0.0    0  7.7 20 340   M    M   4 13     24 340
 3  85  70  78   5   0  13 0.44  0.0    0  6.2 21 350   M    M   4 138    25 330
 4  76  65  71  -2   0   6 0.20  0.0    0  9.2 20 340   M    M   8 1      29 340
 5  84  61  73   0   0   8 0.00  0.0    0  9.5 23 330   M    M   0        31 320
 6  86  61  74   0   0   9 0.00  0.0    0 11.1 21 200   M    M   0        26 200
 7  87  70  79   5   0  14 0.00  0.0    0 13.2 22 290   M    M   3        33 290
 8  90  69  80   6   0  15 0.08  0.0    0 11.1 29 230   M    M   1        39 210
 9  88  71  80   6   0  15 0.00  0.0    0  9.6 18 190   M    M   2 3      25 300
10  80  69  75   1   0  10 0.00  0.0    0  5.3 12  30   M    M   2        15 360
11  82  69  76   2   0  11 0.00  0.0    0  8.0 14  10   M    M   1        19  10
12  86  67  77   3   0  12 0.00  0.0    0  6.9 17 190   M    M   0        23 200
13  82  71  77   3   0  12    T  0.0    0 10.8 21 230   M    M   3        30 220
14  81  72  77   3   0  12 1.32  0.0    0  6.9 22 230   M    M   7 13     28 230
15  81  71  76   2   0  11 0.72  0.0    0  5.5 14 190   M    M   7 13     18 200
16  81  68  75   0   0  10    T  0.0    0  5.4 16 320   M    M   5        21 320
17  81  66  74  -1   0   9    T  0.0    0  7.7 16 360   M    M   2        21  10
18  80  63  72  -3   0   7 0.00  0.0    0  5.6 13 340   M    M   0        15  10
19  75  64  70  -5   0   5 0.00  0.0    0  7.3 14  90   M    M   0        16  80
20  76  66  71  -4   0   6    T  0.0    0  8.0 15  80   M    M   2        18  70
21  80  63  72  -3   0   7 0.00  0.0    0  6.6 13 200   M    M   0        16 200
22  89  69  79   4   0  14 0.00  0.0    0  9.2 16 190   M    M   0        22 200
23  88  73  81   6   0  16 0.02  0.0    0  9.7 20 200   M    M   1 3      25 190
24  82  70  76   1   0  11 0.00  0.0    0  8.5 16 330   M    M   5        23 340
25  81  64  73  -2   0   8 0.00  0.0    0  9.2 15 210   M    M   1        18 220
26  79  69  74  -1   0   9    T  0.0    0  7.6 14 200   M    M   3        18 200
27  85  72  79   4   0  14 0.01  0.0    0  9.1 16 200   M    M   3        22 190
================================================================================
SM 2240 1836         0 293  3.29     0.0 223.6          M       65
================================================================================
AV 83.0 68.0                               8.3 FASTST   M    M   2    MAX(MPH)
                                 MISC ---->    29   M                 39    M
================================================================================
NOTES:
# LAST OF SEVERAL OCCURRENCES

COLUMN 17 PEAK WIND IN M.P.H.

PRELIMINARY LOCAL CLIMATOLOGICAL DATA (WS FORM: F-6) , PAGE 2

                                          STATION:  BRIDGEPORT CT
                                          MONTH:    JULY
                                          YEAR:     2014
                                          LATITUDE:   41 10 N
                                          LONGITUDE:  73  8 W

[TEMPERATURE DATA]      [PRECIPITATION DATA]       SYMBOLS USED IN COLUMN 16

AVERAGE MONTHLY: 75.5   TOTAL FOR MONTH:   3.29    1 = FOG OR MIST
DPTR FM NORMAL:   1.2   DPTR FM NORMAL:    0.37    2 = FOG REDUCING VISIBILITY
HIGHEST:    90 ON  8    GRTST 24HR  1.65 ON 14-15      TO 1/4 MILE OR LESS
LOWEST:     61 ON  6, 5                            3 = THUNDER
                        SNOW, ICE PELLETS, HAIL    4 = ICE PELLETS
                        TOTAL MONTH:   0.0 INCH    5 = HAIL
                        GRTST 24HR     0.0         6 = FREEZING RAIN OR DRIZZLE
                        GRTST DEPTH:   0           7 = DUSTSTORM OR SANDSTORM:
                                                       VSBY 1/2 MILE OR LESS
                                                   8 = SMOKE OR HAZE
[NO. OF DAYS WITH]      [WEATHER - DAYS WITH]      9 = BLOWING SNOW
                                                   X = TORNADO
MAX 32 OR BELOW:   0    0.01 INCH OR MORE:   8
MAX 90 OR ABOVE:   1    0.10 INCH OR MORE:   5
MIN 32 OR BELOW:   0    0.50 INCH OR MORE:   3
MIN  0 OR BELOW:   0    1.00 INCH OR MORE:   1

[HDD (BASE 65) ]
TOTAL THIS MO.     0    CLEAR  (SCALE 0-3)  19
DPTR FM NORMAL     0    PTCLDY (SCALE 4-7)   8
TOTAL FM JUL 1     0    CLOUDY (SCALE 8-10)  0
DPTR FM NORMAL     0

[CDD (BASE 65) ]
TOTAL THIS MO.   293
DPTR FM NORMAL    41    [PRESSURE DATA]
TOTAL FM JAN 1   462    HIGHEST SLP M ON M
DPTR FM NORMAL    43    LOWEST  SLP 29.63 ON 27

[REMARKS]




U.S. Dept. of Commerce
NOAA National Weather Service
1325 East West Highway
Silver Spring, MD 20910
E-mail: w-nws.webmaster@noaa.gov
Page last modified: May 16, 2007
NATIONAL WEATHER SERVICE: for Safety, for Work, for Fun - FOR LIFE