203
CXUS51 KOKX 280701
CF6BDR
PRELIMINARY LOCAL CLIMATOLOGICAL DATA (WS FORM: F-6)

                                          STATION:   BRIDGEPORT CT
                                          MONTH:     AUGUST
                                          YEAR:      2014
                                          LATITUDE:   41 10 N
                                          LONGITUDE:  73  8 W

  TEMPERATURE IN F:       :PCPN:    SNOW:  WIND      :SUNSHINE: SKY     :PK WND
================================================================================
1   2   3   4   5  6A  6B    7    8   9   10  11  12  13   14  15   16   17  18
                                     12Z  AVG MX 2MIN
DY MAX MIN AVG DEP HDD CDD  WTR  SNW DPTH SPD SPD DIR MIN PSBL S-S WX    SPD DR
================================================================================

 1  82  72  77   2   0  12    T  0.0    0  6.6 13 210   M    M   1 8      20 160
 2  74  65  70  -5   0   5 0.20  0.0    0  8.6 18 100   M    M   7        24 100
 3  73  64  69  -6   0   4    T  0.0    0  6.8 14  90   M    M   2        17 100
 4  84  68  76   1   0  11 0.00  0.0    0  8.1 17 200   M    M   3        22 210
 5  85  69  77   3   0  12 0.00  0.0    0  5.7 14 360   M    M   1        17  10
 6  85  68  77   3   0  12    T  0.0    0  7.0 15 330   M    M   2        24 330
 7  84  64  74   0   0   9    T  0.0    0  8.3 18 340   M    M   1        26 340
 8  83  61  72  -2   0   7 0.00  0.0    0  7.2 17 350   M    M   1        23 360
 9  83  65  74   0   0   9 0.00  0.0    0  6.7 15 220   M    M   2        17 210
10  85  65  75   1   0  10 0.00  0.0    0  4.9 10 180   M    M   1        13 170
11  85  66  76   2   0  11 0.00  0.0    0  6.2 15 190   M    M   0        19 190
12  80  71  76   2   0  11 0.04  0.0    0  9.6 18 160   M    M   4        25 160
13  82  67  75   1   0  10 1.66  0.0    0 13.7 30  90   M    M   8 1      38 100
14  79  62  71  -3   0   6 0.00  0.0    0  8.5 17 310   M    M   2        25 270
15  73  58  66  -8   0   1 0.00  0.0    0  6.9 15 300   M    M   4        23 250
16  78  58  68  -6   0   3 0.00  0.0    0  7.5 18 210   M    M   0        23 210
17  84  66  75   1   0  10 0.00  0.0    0  8.4 17 220   M    M   3        21 230
18  80  58  69  -4   0   4 0.00  0.0    0  5.6 18 320   M    M   2        24 330
19  76  59  68  -5   0   3 0.00  0.0    0  7.2 12 140   M    M   0        14 140
20  79  64  72  -1   0   7 0.00  0.0    0  5.6 10 190   M    M   2 1      14 200
21  77  69  73   0   0   8 0.03  0.0    0  7.1 13 140   M    M   6        16 130
22  75  67  71  -2   0   6 0.12  0.0    0 10.2 16  90   M    M   8 1      21 100
23  74  64  69  -4   0   4    T  0.0    0  7.3 14  50   M    M   6        17  50
24  75  60  68  -4   0   3 0.00  0.0    0  5.9 14 150   M    M   2        17 170
25  85  60  73   1   0   8 0.00  0.0    0  4.0 10 160   M    M   0        14  10
26  84  66  75   3   0  10 0.00  0.0    0  6.7 13 220   M    M   1        16 210
27  87  68  78   6   0  13    T  0.0    0  7.7 16 190   M    M   0        21 190
================================================================================
SM 2171 1744         0 209  2.05     0.0 198.0          M       69
================================================================================
AV 80.4 64.6                               7.3 FASTST   M    M   3    MAX(MPH)
                                 MISC ---->  # 30  90               # 38  100
================================================================================
NOTES:
# LAST OF SEVERAL OCCURRENCES

COLUMN 17 PEAK WIND IN M.P.H.

PRELIMINARY LOCAL CLIMATOLOGICAL DATA (WS FORM: F-6) , PAGE 2

                                          STATION:  BRIDGEPORT CT
                                          MONTH:    AUGUST
                                          YEAR:     2014
                                          LATITUDE:   41 10 N
                                          LONGITUDE:  73  8 W

[TEMPERATURE DATA]      [PRECIPITATION DATA]       SYMBOLS USED IN COLUMN 16

AVERAGE MONTHLY: 72.5   TOTAL FOR MONTH:   2.05    1 = FOG OR MIST
DPTR FM NORMAL:  -1.1   DPTR FM NORMAL:   -1.48    2 = FOG REDUCING VISIBILITY
HIGHEST:    87 ON 27    GRTST 24HR  1.70 ON 12-13      TO 1/4 MILE OR LESS
LOWEST:     58 ON 18,16                            3 = THUNDER
                        SNOW, ICE PELLETS, HAIL    4 = ICE PELLETS
                        TOTAL MONTH:   0.0 INCH    5 = HAIL
                        GRTST 24HR     0.0         6 = FREEZING RAIN OR DRIZZLE
                        GRTST DEPTH:   0           7 = DUSTSTORM OR SANDSTORM:
                                                       VSBY 1/2 MILE OR LESS
                                                   8 = SMOKE OR HAZE
[NO. OF DAYS WITH]      [WEATHER - DAYS WITH]      9 = BLOWING SNOW
                                                   X = TORNADO
MAX 32 OR BELOW:   0    0.01 INCH OR MORE:   5
MAX 90 OR ABOVE:   0    0.10 INCH OR MORE:   3
MIN 32 OR BELOW:   0    0.50 INCH OR MORE:   1
MIN  0 OR BELOW:   0    1.00 INCH OR MORE:   1

[HDD (BASE 65) ]
TOTAL THIS MO.     0    CLEAR  (SCALE 0-3)  19
DPTR FM NORMAL     0    PTCLDY (SCALE 4-7)   8
TOTAL FM JUL 1     0    CLOUDY (SCALE 8-10)  0
DPTR FM NORMAL    -1

[CDD (BASE 65) ]
TOTAL THIS MO.   209
DPTR FM NORMAL   -26    [PRESSURE DATA]
TOTAL FM JAN 1   701    HIGHEST SLP M ON M
DPTR FM NORMAL    10    LOWEST  SLP 29.65 ON 13

[REMARKS]




U.S. Dept. of Commerce
NOAA National Weather Service
1325 East West Highway
Silver Spring, MD 20910
E-mail: w-nws.webmaster@noaa.gov
Page last modified: May 16, 2007
NATIONAL WEATHER SERVICE: for Safety, for Work, for Fun - FOR LIFE