040
CXUS51 KBOX 311200
CF6BDL
PRELIMINARY LOCAL CLIMATOLOGICAL DATA (WS FORM: F-6)

                                          STATION:   HARTFORD CT
                                          MONTH:     JULY
                                          YEAR:      2014
                                          LATITUDE:   41 55 N
                                          LONGITUDE:  72 41 W

  TEMPERATURE IN F:       :PCPN:    SNOW:  WIND      :SUNSHINE: SKY     :PK WND
================================================================================
1   2   3   4   5  6A  6B    7    8   9   10  11  12  13   14  15   16   17  18
                                     12Z  AVG MX 2MIN
DY MAX MIN AVG DEP HDD CDD  WTR  SNW DPTH SPD SPD DIR MIN PSBL S-S WX    SPD DR
================================================================================

 1  93  68  81   9   0  16 0.00  0.0    0 10.8 20 190   M    M   6        26 210
 2  95  72  84  12   0  19 0.65  0.0    0  9.8 28 290   M    M   6 13     35 290
 3  91  69  80   7   0  15 0.66  0.0    0  6.0 23 280   M    M   8 13     31 280
 4  77  62  70  -3   0   5 0.33  0.0    0  7.6 15 320   M    M   9 1      23 330
 5  82  61  72  -1   0   7 0.00  0.0    0 13.2 23 300   M    M   3        32 300
 6  87  58  73   0   0   8 0.00  0.0    0  9.5 21 260   M    M   3        26 250
 7  90  71  81   8   0  16 0.04  0.0    0 10.4 22 220   M    M   8 3      28 220
 8  92  69  81   8   0  16 0.03  0.0    0 11.2 20 170   M    M   7 3      28 170
 9  89  66  78   4   0  13    T  0.0    0  9.2 25 280   M    M   6 3      33 280
10  84  63  74   0   0   9 0.00  0.0    0  5.2 10 290   M    M   6        16 300
11  86  61  74   0   0   9 0.00  0.0    0  4.7 12 360   M    M   4        15 360
12  90  58  74   0   0   9 0.00  0.0    0  6.0 20 200   M    M   3        23 200
13  85  70  78   4   0  13 0.28  0.0    0 11.3 22 200   M    M   8 13     30 170
14  82  72  77   3   0  12 0.35  0.0    0  6.5 14 160   M    M   8 138    16 180
15  85  73  79   5   0  14 0.97  0.0    0  8.6 15 190   M    M   8 13     19 200
16  81  66  74   0   0   9 0.01  0.0    0  5.6 12 310   M    M   9 1      16 300
17  84  61  73  -1   0   8 0.00  0.0    0  6.3 20 300   M    M   6        25 320
18  83  55  69  -5   0   4 0.00  0.0    0  3.9 10 290   M    M   4        14 280
19  78  58  68  -6   0   3 0.00  0.0    0  4.1 14 160   M    M   8        17 160
20  82  60  71  -3   0   6    T  0.0    0  4.6 12 150   M    M   6        15 360
21  85  58  72  -2   0   7 0.00  0.0    0  4.6 13 180   M    M   3        16 180
22  91  65  78   4   0  13 0.00  0.0    0  7.0 14 200   M    M   3        19 180
23  93  69  81   7   0  16 0.39  0.0    0 10.8 22 290   M    M   5 13     26 290
24  83  63  73  -1   0   8    T  0.0    0  7.4 14  10   M    M   7        17 360
25  83  56  70  -4   0   5 0.00  0.0    0  4.6 13 330   M    M   2        19 300
26  84  63  74   0   0   9    T  0.0    0  8.4 16 210   M    M   5        22 280
27  85  66  76   2   0  11 0.49  0.0    0  8.2 32 330   M    M   7 13     47 330
28  85  65  75   1   0  10 0.29  0.0    0  8.1 46 260   M    M   8 138    56 280
29  77  61  69  -5   0   4 0.00  0.0    0  7.2 14 280   M    M   7        19 280
30  80  60  70  -4   0   5 0.00  0.0    0  3.7 10 250   M    M   5        17 240
================================================================================
SM 2562 1919         0 299  4.49     0.0 224.5          M      178
================================================================================
AV 85.4 64.0                               7.5 FASTST   M    M   6    MAX(MPH)
                                 MISC ---->  # 46 260               # 56  280
================================================================================
NOTES:
# LAST OF SEVERAL OCCURRENCES

COLUMN 17 PEAK WIND IN M.P.H.

PRELIMINARY LOCAL CLIMATOLOGICAL DATA (WS FORM: F-6) , PAGE 2

                                          STATION:  HARTFORD CT
                                          MONTH:    JULY
                                          YEAR:     2014
                                          LATITUDE:   41 55 N
                                          LONGITUDE:  72 41 W

[TEMPERATURE DATA]      [PRECIPITATION DATA]       SYMBOLS USED IN COLUMN 16

AVERAGE MONTHLY: 74.7   TOTAL FOR MONTH:   4.49    1 = FOG OR MIST
DPTR FM NORMAL:   1.0   DPTR FM NORMAL:    0.46    2 = FOG REDUCING VISIBILITY
HIGHEST:    95 ON  2    GRTST 24HR  1.05 ON 14-15      TO 1/4 MILE OR LESS
LOWEST:     55 ON 18                               3 = THUNDER
                        SNOW, ICE PELLETS, HAIL    4 = ICE PELLETS
                        TOTAL MONTH:   0.0 INCH    5 = HAIL
                        GRTST 24HR     0.0         6 = FREEZING RAIN OR DRIZZLE
                        GRTST DEPTH:   0           7 = DUSTSTORM OR SANDSTORM:
                                                       VSBY 1/2 MILE OR LESS
                                                   8 = SMOKE OR HAZE
[NO. OF DAYS WITH]      [WEATHER - DAYS WITH]      9 = BLOWING SNOW
                                                   X = TORNADO
MAX 32 OR BELOW:   0    0.01 INCH OR MORE:  12
MAX 90 OR ABOVE:   8    0.10 INCH OR MORE:   9
MIN 32 OR BELOW:   0    0.50 INCH OR MORE:   3
MIN  0 OR BELOW:   0    1.00 INCH OR MORE:   0

[HDD (BASE 65) ]
TOTAL THIS MO.     0    CLEAR  (SCALE 0-3)   6
DPTR FM NORMAL     0    PTCLDY (SCALE 4-7)  20
TOTAL FM JUL 1     0    CLOUDY (SCALE 8-10)  4
DPTR FM NORMAL     0

[CDD (BASE 65) ]
TOTAL THIS MO.   299
DPTR FM NORMAL    37    [PRESSURE DATA]
TOTAL FM JAN 1   479    HIGHEST SLP M ON M
DPTR FM NORMAL    34    LOWEST  SLP 29.44 ON 28

[REMARKS]




U.S. Dept. of Commerce
NOAA National Weather Service
1325 East West Highway
Silver Spring, MD 20910
E-mail: w-nws.webmaster@noaa.gov
Page last modified: May 16, 2007
NATIONAL WEATHER SERVICE: for Safety, for Work, for Fun - FOR LIFE