105
CXUS51 KBOX 171200
CF6BDL
PRELIMINARY LOCAL CLIMATOLOGICAL DATA (WS FORM: F-6)

                                          STATION:   HARTFORD CT
                                          MONTH:     APRIL
                                          YEAR:      2014
                                          LATITUDE:   41 55 N
                                          LONGITUDE:  72 41 W

  TEMPERATURE IN F:       :PCPN:    SNOW:  WIND      :SUNSHINE: SKY     :PK WND
================================================================================
1   2   3   4   5  6A  6B    7    8   9   10  11  12  13   14  15   16   17  18
                                     12Z  AVG MX 2MIN
DY MAX MIN AVG DEP HDD CDD  WTR  SNW DPTH SPD SPD DIR MIN PSBL S-S WX    SPD DR
================================================================================

 1  58  31  45   1  20   0 0.00  0.0    0  7.3 20 170   M    M   4        23 170
 2  61  30  46   2  19   0 0.00  0.0    0  5.4 13 190   M    M   4        17 210
 3  60  39  50   6  15   0 0.00  0.0    0  8.8 16 310   M    M   3        22 330
 4  54  36  45   0  20   0 0.11  0.0    0  8.3 24 120   M    M   9 1      29 130
 5  55  36  46   1  19   0 0.10  0.0    0 11.3 25 300   M    M   6 1      34 300
 6  60  30  45  -1  20   0 0.00  0.0    0  7.0 20 310   M    M   1        25 300
 7  58  31  45  -1  20   0 0.14  0.0    0  5.8 20 150   M    M  10 1      25 180
 8  67  45  56   9   9   0 0.45  0.0    0  9.3 26 260   M    M   8 1      38 270
 9  59  38  49   2  16   0 0.00  0.0    0 12.5 30 310   M    M   2        39 290
10  61  29  45  -2  20   0    T  0.0    0 12.0 26 190   M    M   2        38 200
11  67  48  58  10   7   0 0.13  0.0    0  7.6 21 270   M    M   9 1      24 270
12  71  41  56   8   9   0 0.03  0.0    0  6.5 18 270   M    M   3 1      26 300
13  75  43  59  10   6   0    T  0.0    0 10.8 23 170   M    M   7        30 180
14  75  57  66  17   0   1 0.00  0.0    0 17.3 36 200   M    M   8        46 200
15  63  32  48  -1  17   0 1.44    T    0 18.0 32 190   M    M  10 14     42 190
16  46  30  38 -12  27   0 0.04  0.2    0 12.0 24 330   M    M   3 14     35 340
================================================================================
SM  990  596       244   1  2.44     0.2 159.9          M       89
================================================================================
AV 61.9 37.2                              10.0 FASTST   M    M   6    MAX(MPH)
                                 MISC ---->  # 36 200               # 46  200
================================================================================
NOTES:
# LAST OF SEVERAL OCCURRENCES

COLUMN 17 PEAK WIND IN M.P.H.

PRELIMINARY LOCAL CLIMATOLOGICAL DATA (WS FORM: F-6) , PAGE 2

                                          STATION:  HARTFORD CT
                                          MONTH:    APRIL
                                          YEAR:     2014
                                          LATITUDE:   41 55 N
                                          LONGITUDE:  72 41 W

[TEMPERATURE DATA]      [PRECIPITATION DATA]       SYMBOLS USED IN COLUMN 16

AVERAGE MONTHLY: 49.6   TOTAL FOR MONTH:   2.44    1 = FOG OR MIST
DPTR FM NORMAL:   2.8   DPTR FM NORMAL:    0.42    2 = FOG REDUCING VISIBILITY
HIGHEST:    75 ON 14,13 GRTST 24HR  1.48 ON 15-16      TO 1/4 MILE OR LESS
LOWEST:     29 ON 10                               3 = THUNDER
                        SNOW, ICE PELLETS, HAIL    4 = ICE PELLETS
                        TOTAL MONTH:   0.2 INCH    5 = HAIL
                        GRTST 24HR   0.2 ON   M    6 = FREEZING RAIN OR DRIZZLE
                        GRTST DEPTH:   0           7 = DUSTSTORM OR SANDSTORM:
                                                       VSBY 1/2 MILE OR LESS
                                                   8 = SMOKE OR HAZE
[NO. OF DAYS WITH]      [WEATHER - DAYS WITH]      9 = BLOWING SNOW
                                                   X = TORNADO
MAX 32 OR BELOW:   0    0.01 INCH OR MORE:   8
MAX 90 OR ABOVE:   0    0.10 INCH OR MORE:   6
MIN 32 OR BELOW:   7    0.50 INCH OR MORE:   1
MIN  0 OR BELOW:   0    1.00 INCH OR MORE:   1

[HDD (BASE 65) ]
TOTAL THIS MO.   244    CLEAR  (SCALE 0-3)   5
DPTR FM NORMAL   -50    PTCLDY (SCALE 4-7)   7
TOTAL FM JUL 1  5962    CLOUDY (SCALE 8-10)  4
DPTR FM NORMAL   387

[CDD (BASE 65) ]
TOTAL THIS MO.     1
DPTR FM NORMAL     1    [PRESSURE DATA]
TOTAL FM JAN 1     1    HIGHEST SLP M ON M
DPTR FM NORMAL     1    LOWEST  SLP 29.30 ON  8

[REMARKS]




U.S. Dept. of Commerce
NOAA National Weather Service
1325 East West Highway
Silver Spring, MD 20910
E-mail: w-nws.webmaster@noaa.gov
Page last modified: May 16, 2007
NATIONAL WEATHER SERVICE: for Safety, for Work, for Fun - FOR LIFE