043
CXUS55 KLBF 011303
CF6BBW
PRELIMINARY LOCAL CLIMATOLOGICAL DATA (WS FORM: F-6)

                                          STATION:   BROKEN BOW NE
                                          MONTH:     NOVEMBER
                                          YEAR:      2014
                                          LATITUDE:   41 26 N
                                          LONGITUDE:  99 39 W

  TEMPERATURE IN F:       :PCPN:    SNOW:  WIND      :SUNSHINE: SKY     :PK WND
================================================================================
1   2   3   4   5  6A  6B    7    8   9   10  11  12  13   14  15   16   17  18
                                     12Z  AVG MX 2MIN
DY MAX MIN AVG DEP HDD CDD  WTR  SNW DPTH SPD SPD DIR MIN PSBL S-S WX    SPD DR
================================================================================

 1  56  25  41  -2  24   0 0.00    M    M   M   M   M   M    M   0         M  M
 2  66  28  47   4  18   0 0.00    M    M   M   M   M   M    M   0         M  M
 3  51  36  44   2  21   0 0.00    M    M 18.8 27 340   M    M   3        37 340
 4  63  26  45   3  20   0 0.00    M    M  7.3 21 280   M    M   M        26 290
 5  68  30  49   8  16   0 0.00    M    M 16.3 37 320   M    M   M        47 310
 6  60  29  45   4  20   0 0.00    M    M  8.2 16 330   M    M   1        22 330
 7  74  36  55  15  10   0 0.00    M    M 18.4 38 340   M    M   0        48 340
 8  60  29  45   5  20   0 0.00    M    M 10.1 32 350   M    M   0        40 350
 9  73  29  51  12  14   0 0.00    M    M  3.6 14 230   M    M   0        17 210
10  59  15  37  -2  28   0 0.00    M    M 22.9 41 350   M    M   7 8      51 350
11  20   9  15 -23  50   0 0.00    M    M 18.9 33 350   M    M   6        40 350
12  21   3  12 -26  53   0 0.00    M    M 19.4 29 340   M    M   4        34 320
13  26   1  14 -23  51   0 0.00    M    M  6.9 21 330   M    M   2        25 320
14  29   0  15 -22  50   0 0.00    M    M 10.4 22 170   M    M   8        31 150
15  26   6  16 -20  49   0 0.00    M    M 13.9 28 340   M    M   7 18     34 340
16  34  -4  15 -21  50   0 0.00    M    M 16.4 35 340   M    M   2        43 340
17  20   0  10 -25  55   0    T    M    M 15.4 32 330   M    M   4        46 340
18  50  -1  25  -9  40   0 0.00    M    M  8.1 21 310   M    M   2        28 290
19  40   8  24 -10  41   0 0.00    M    M 10.6 28 330   M    M   6        36 320
20  40   6  23 -10  42   0 0.00    M    M  4.7 12 160   M    M   0        14 140
21  53  18  36   3  29   0 0.00    M    M  9.7 24 200   M    M   1        29 210
22  66  24  45  13  20   0 0.00    M    M  7.1 24 220   M    M   0 1      29 210
23  55  34  45  13  20   0 0.00    M    M 23.9 41 330   M    M   3        53 330
24  41  18  30  -1  35   0 0.00    M    M 17.8 36 330   M    M   1 8      45 330
25  45  18  32   1  33   0 0.00    M    M 10.6 28 240   M    M   4        34 220
26  38  16  27  -3  38   0 0.00    M    M 17.3 40 340   M    M   6        49 340
27  44  17  31   1  34   0 0.00    M    M  9.6 23 190   M    M   3        29 210
28  73  20  47  17  18   0 0.00    M    M  7.7 24 300   M    M   0        29 300
29  73  23  48  19  17   0 0.00    M    M 10.2 33 360   M    M   1 8      40  10
30  23   7  15 -14  50   0 0.00    M    M 18.7 29 360   M    M   3        37 360
================================================================================
SM 1447  506       966   0    T     M    362.9          M       74
================================================================================
AV 48.2 16.9                              13.0 FASTST   M    M   3    MAX(MPH)
                                 MISC ---->  # 41 350               # 53  330
================================================================================
NOTES:
# LAST OF SEVERAL OCCURRENCES

COLUMN 17 PEAK WIND IN M.P.H.

PRELIMINARY LOCAL CLIMATOLOGICAL DATA (WS FORM: F-6) , PAGE 2

                                          STATION:  BROKEN BOW NE
                                          MONTH:    NOVEMBER
                                          YEAR:     2014
                                          LATITUDE:   41 26 N
                                          LONGITUDE:  99 39 W

[TEMPERATURE DATA]      [PRECIPITATION DATA]       SYMBOLS USED IN COLUMN 16

AVERAGE MONTHLY: 32.5   TOTAL FOR MONTH:      T    1 = FOG OR MIST
DPTR FM NORMAL:  -3.2   DPTR FM NORMAL:   -0.95    2 = FOG REDUCING VISIBILITY
HIGHEST:    74 ON  7    GRTST 24HR    T  ON 17-17      TO 1/4 MILE OR LESS
LOWEST:     -4 ON 16                               3 = THUNDER
                        SNOW, ICE PELLETS, HAIL    4 = ICE PELLETS
                        TOTAL MONTH:    M          5 = HAIL
                        GRTST 24HR    M  ON   M    6 = FREEZING RAIN OR DRIZZLE
                        GRTST DEPTH:  M  ON   M    7 = DUSTSTORM OR SANDSTORM:
                                                       VSBY 1/2 MILE OR LESS
                                                   8 = SMOKE OR HAZE
[NO. OF DAYS WITH]      [WEATHER - DAYS WITH]      9 = BLOWING SNOW
                                                   X = TORNADO
MAX 32 OR BELOW:   7    0.01 INCH OR MORE:   0
MAX 90 OR ABOVE:   0    0.10 INCH OR MORE:   0
MIN 32 OR BELOW:  27    0.50 INCH OR MORE:   0
MIN  0 OR BELOW:   4    1.00 INCH OR MORE:   0

[HDD (BASE 65) ]
TOTAL THIS MO.   966    CLEAR  (SCALE 0-3)  19
DPTR FM NORMAL    92    PTCLDY (SCALE 4-7)   9
TOTAL FM JUL 1  1469    CLOUDY (SCALE 8-10)  0
DPTR FM NORMAL   -62

[CDD (BASE 65) ]
TOTAL THIS MO.     0
DPTR FM NORMAL     0    [PRESSURE DATA]
TOTAL FM JAN 1   799    HIGHEST SLP M ON M
DPTR FM NORMAL    31    LOWEST  SLP 29.27 ON 10

[REMARKS]
#FINAL-11-14#




U.S. Dept. of Commerce
NOAA National Weather Service
1325 East West Highway
Silver Spring, MD 20910
E-mail: w-nws.webmaster@noaa.gov
Page last modified: May 16, 2007
NATIONAL WEATHER SERVICE: for Safety, for Work, for Fun - FOR LIFE