343
CXUS55 KLBF 011215
CF6BBW
PRELIMINARY LOCAL CLIMATOLOGICAL DATA (WS FORM: F-6)

                                          STATION:   BROKEN BOW NE
                                          MONTH:     SEPTEMBER
                                          YEAR:      2014
                                          LATITUDE:   41 26 N
                                          LONGITUDE:  99 39 W

  TEMPERATURE IN F:       :PCPN:    SNOW:  WIND      :SUNSHINE: SKY     :PK WND
================================================================================
1   2   3   4   5  6A  6B    7    8   9   10  11  12  13   14  15   16   17  18
                                     12Z  AVG MX 2MIN
DY MAX MIN AVG DEP HDD CDD  WTR  SNW DPTH SPD SPD DIR MIN PSBL S-S WX    SPD DR
================================================================================

 1  79  53  66  -2   0   1 0.08    M    M  6.3 26 360   M    M   0 13     38 360
 2  82  50  66  -2   0   1 0.00    M    M  8.8 21 170   M    M   0        29 200
 3  88  62  75   7   0  10    T    M    M 10.5 21 180   M    M   3 1      30 210
 4  79  61  70   3   0   5 0.00    M    M 14.4 29  10   M    M   0        37  10
 5  69  47  58  -9   7   0 0.20    M    M  6.4 15  10   M    M   5 1      22  20
 6  75  44  60  -6   5   0 0.00    M    M  2.7 10 140   M    M   1 1      15 260
 7  79  48  64  -2   1   0 0.00    M    M  9.5 22 190   M    M   0        29 200
 8  94  58  76  10   0  11 0.00    M    M  6.3 14 190   M    M   0        21 210
 9  77  55  66   1   0   1 0.09    M    M  5.5 22 360   M    M   4 1      29 360
10  62  49  56  -9   9   0    T    M    M 15.0 25 340   M    M  10 1      34 350
11  49  39  44 -20  21   0 0.62    M    M 11.6 21  10   M    M  10 1      26  60
12  55  33  44 -20  21   0 0.05    M    M  7.2 16 360   M    M   8        27  50
13  62  31  47 -17  18   0 0.00    M    M 10.4 25 180   M    M   1        37 190
14  71  35  53 -10  12   0 0.00    M    M  6.9 24 140   M    M   3        32 140
15  67  39  53 -10  12   0 0.00    M    M  7.5 24 360   M    M   2 1      29 360
16  72  38  55  -7  10   0 0.00    M    M  9.2 24 180   M    M   2 1      32 180
17  86  44  65   3   0   0 0.00    M    M  4.3 13 140   M    M   2 12     19 130
18  79  51  65   4   0   0 0.00    M    M 10.3 22 190   M    M   7 12     29 180
19  94  62  78  17   0  13 0.00    M    M 11.4 22 210   M    M   1 1      30 200
20  88  54  71  11   0   6 0.00    M    M 10.4 22 360   M    M   0        27 360
21  77  43  60   0   5   0 0.00    M    M  5.7 17 350   M    M   0        26 330
22  75  40  58  -1   7   0 0.44    M    M  9.0 21 180   M    M   4 1      28 200
23  78  57  68   9   0   3 0.30    M    M 11.3 21 130   M    M   7 13     28 200
24  87  52  70  12   0   5 0.00    M    M  3.1 10 150   M    M   1 12     13 160
25  86  51  69  11   0   4 0.00    M    M  4.6 15 160   M    M   2 128    24 170
26  86  51  69  11   0   4 0.00    M    M  8.4 24 160   M    M   0 128    31 160
27  83  57  70  13   0   5 0.00    M    M 11.7 28 170   M    M   0        36 180
28  83  53  68  11   0   3 0.00  0.0    0  6.5 17 170   M    M   0 1      25 130
29  83  51  67  11   0   2 0.00    M    M 10.1 24 150   M    M   3 18     28 170
30  81  53  67  11   0   2 0.01    M    M 10.0 26 170   M    M   2 8      40 160
================================================================================
SM 2326 1461       128  76  1.79     0.0 255.0          M       78
================================================================================
AV 77.5 48.7                               8.5 FASTST   M    M   3    MAX(MPH)
                                 MISC ---->  # 29  10               # 40  160
================================================================================
NOTES:
# LAST OF SEVERAL OCCURRENCES

COLUMN 17 PEAK WIND IN M.P.H.

PRELIMINARY LOCAL CLIMATOLOGICAL DATA (WS FORM: F-6) , PAGE 2

                                          STATION:  BROKEN BOW NE
                                          MONTH:    SEPTEMBER
                                          YEAR:     2014
                                          LATITUDE:   41 26 N
                                          LONGITUDE:  99 39 W

[TEMPERATURE DATA]      [PRECIPITATION DATA]       SYMBOLS USED IN COLUMN 16

AVERAGE MONTHLY: 63.1   TOTAL FOR MONTH:   1.79    1 = FOG OR MIST
DPTR FM NORMAL:   0.9   DPTR FM NORMAL:   -0.46    2 = FOG REDUCING VISIBILITY
HIGHEST:    94 ON 19, 8 GRTST 24HR  0.67 ON 11-12      TO 1/4 MILE OR LESS
LOWEST:     31 ON 13                               3 = THUNDER
                        SNOW, ICE PELLETS, HAIL    4 = ICE PELLETS
                        TOTAL MONTH:   0.0 INCH    5 = HAIL
                        GRTST 24HR     0.0         6 = FREEZING RAIN OR DRIZZLE
                        GRTST DEPTH:   0           7 = DUSTSTORM OR SANDSTORM:
                                                       VSBY 1/2 MILE OR LESS
                                                   8 = SMOKE OR HAZE
[NO. OF DAYS WITH]      [WEATHER - DAYS WITH]      9 = BLOWING SNOW
                                                   X = TORNADO
MAX 32 OR BELOW:   0    0.01 INCH OR MORE:   8
MAX 90 OR ABOVE:   2    0.10 INCH OR MORE:   4
MIN 32 OR BELOW:   1    0.50 INCH OR MORE:   1
MIN  0 OR BELOW:   0    1.00 INCH OR MORE:   0

[HDD (BASE 65) ]
TOTAL THIS MO.   128    CLEAR  (SCALE 0-3)  21
DPTR FM NORMAL   -22    PTCLDY (SCALE 4-7)   7
TOTAL FM JUL 1   143    CLOUDY (SCALE 8-10)  2
DPTR FM NORMAL   -25

[CDD (BASE 65) ]
TOTAL THIS MO.    76
DPTR FM NORMAL    10    [PRESSURE DATA]
TOTAL FM JAN 1   799    HIGHEST SLP 30.54 ON 12
DPTR FM NORMAL    37    LOWEST  SLP 29.60 ON  4

[REMARKS]
#FINAL-09-14#




U.S. Dept. of Commerce
NOAA National Weather Service
1325 East West Highway
Silver Spring, MD 20910
E-mail: w-nws.webmaster@noaa.gov
Page last modified: May 16, 2007
NATIONAL WEATHER SERVICE: for Safety, for Work, for Fun - FOR LIFE