324
CXUS55 KLBF 301200
CF6BBW
PRELIMINARY LOCAL CLIMATOLOGICAL DATA (WS FORM: F-6)

                                          STATION:   BROKEN BOW NE
                                          MONTH:     JANUARY
                                          YEAR:      2015
                                          LATITUDE:   41 26 N
                                          LONGITUDE:  99 39 W

  TEMPERATURE IN F:       :PCPN:    SNOW:  WIND      :SUNSHINE: SKY     :PK WND
================================================================================
1   2   3   4   5  6A  6B    7    8   9   10  11  12  13   14  15   16   17  18
                                     12Z  AVG MX 2MIN
DY MAX MIN AVG DEP HDD CDD  WTR  SNW DPTH SPD SPD DIR MIN PSBL S-S WX    SPD DR
================================================================================

 1  32   7  20  -5  45   0 0.00    M    M  3.7 13 360   M    M   0        14 280
 2  34   3  19  -6  46   0 0.00    M    M  1.8  8 180   M    M   2        10 110
 3  34   5  20  -5  45   0 0.07    M    M 19.2 41 350   M    M   5 1289   50 340
 4  11  -4   4 -21  61   0    T    M    M  9.9 28 340   M    M   4 9      33 340
 5  37   8  23  -2  42   0    T    M    M 16.1 38 340   M    M   8 89     46 340
 6  27   7  17  -8  48   0    T    M    M 12.1 30 350   M    M   7        36 350
 7  11   1   6 -20  59   0    T    M    M 16.5 31 360   M    M   3 9      36 200
 8  42  10  26   0  39   0 0.00    M    M 22.2 46 340   M    M   5        56 340
 9  20   0  10 -16  55   0 0.00    M    M 11.1 29 330   M    M   0        35 330
10  38   2  20  -6  45   0 0.00    M    M  7.4 21 220   M    M   0        26 200
11  31   9  20  -6  45   0 0.00    M    M  8.3 23 360   M    M   3 8      28  10
12  17   7  12 -14  53   0 0.00    M    M 10.2 21 360   M    M   4        26 360
13  28   7  18  -8  47   0 0.00    M    M  9.3 21 200   M    M   6        28 210
14  40  14  27   1  38   0 0.00    M    M  5.6 12 270   M    M   0        16 300
15  46  26  36  10  29   0 0.00    M    M 10.3 21 320   M    M   0        25 320
16  55  27  41  15  24   0 0.00    M    M  7.6 18 270   M    M   0        22 270
17  49  33  41  15  24   0 0.00    M    M 19.6 41 320   M    M   0        53 310
18  56  27  42  16  23   0 0.00    M    M  6.3 18 330   M    M   0        22 310
19  55  30  43  17  22   0 0.00    M    M 10.3 28 320   M    M   1        33 330
20  48  27  38  12  27   0 0.00    M    M 10.5 22 310   M    M   0        29 300
21  41  29  35   9  30   0 0.00    M    M 15.3 25 330   M    M   5        32 320
22  43  16  30   4  35   0 0.00    M    M  4.4 16 240   M    M   1        21 250
23  51  20  36  10  29   0 0.00    M    M 11.6 25 340   M    M   3        31 340
24  53  31  42  16  23   0    T    M    M 18.4 39 320   M    M   4        55 340
25  45  25  35   9  30   0 0.00    M    M 17.1 44 330   M    M   6        55 320
26  66  29  48  22  17   0 0.00    M    M 13.6 30 310   M    M   0        36 320
27  71  27  49  23  16   0 0.00    M    M  1.6  8 140   M    M   0        10 160
28  68  30  49  23  16   0 0.00    M    M 17.4 41 350   M    M   1        49 350
29  46  16  31   5  34   0 0.00    M    M 16.1 44 350   M    M   5        53 350
================================================================================
SM 1195  469      1047   0  0.07    M    333.5          M       73
================================================================================
AV 41.2 16.2                              11.5 FASTST   M    M   3    MAX(MPH)
                                 MISC ---->  # 46 340               # 56  340
================================================================================
NOTES:
# LAST OF SEVERAL OCCURRENCES

COLUMN 17 PEAK WIND IN M.P.H.

PRELIMINARY LOCAL CLIMATOLOGICAL DATA (WS FORM: F-6) , PAGE 2

                                          STATION:  BROKEN BOW NE
                                          MONTH:    JANUARY
                                          YEAR:     2015
                                          LATITUDE:   41 26 N
                                          LONGITUDE:  99 39 W

[TEMPERATURE DATA]      [PRECIPITATION DATA]       SYMBOLS USED IN COLUMN 16

AVERAGE MONTHLY: 28.7   TOTAL FOR MONTH:   0.07    1 = FOG OR MIST
DPTR FM NORMAL:   2.9   DPTR FM NORMAL:   -0.32    2 = FOG REDUCING VISIBILITY
HIGHEST:    71 ON 27    GRTST 24HR  0.07 ON  3- 3      TO 1/4 MILE OR LESS
LOWEST:     -4 ON  4                               3 = THUNDER
                        SNOW, ICE PELLETS, HAIL    4 = ICE PELLETS
                        TOTAL MONTH:    M          5 = HAIL
                        GRTST 24HR    M  ON   M    6 = FREEZING RAIN OR DRIZZLE
                        GRTST DEPTH:  M  ON   M    7 = DUSTSTORM OR SANDSTORM:
                                                       VSBY 1/2 MILE OR LESS
                                                   8 = SMOKE OR HAZE
[NO. OF DAYS WITH]      [WEATHER - DAYS WITH]      9 = BLOWING SNOW
                                                   X = TORNADO
MAX 32 OR BELOW:   8    0.01 INCH OR MORE:   1
MAX 90 OR ABOVE:   0    0.10 INCH OR MORE:   0
MIN 32 OR BELOW:  28    0.50 INCH OR MORE:   0
MIN  0 OR BELOW:   2    1.00 INCH OR MORE:   0

[HDD (BASE 65) ]
TOTAL THIS MO.  1047    CLEAR  (SCALE 0-3)  18
DPTR FM NORMAL   -91    PTCLDY (SCALE 4-7)  11
TOTAL FM JUL 1  3640    CLOUDY (SCALE 8-10)  0
DPTR FM NORMAL  -253

[CDD (BASE 65) ]
TOTAL THIS MO.     0
DPTR FM NORMAL     0    [PRESSURE DATA]
TOTAL FM JAN 1     0    HIGHEST SLP M ON M
DPTR FM NORMAL     0    LOWEST  SLP 29.78 ON 17

[REMARKS]




U.S. Dept. of Commerce
NOAA National Weather Service
1325 East West Highway
Silver Spring, MD 20910
E-mail: w-nws.webmaster@noaa.gov
Page last modified: May 16, 2007
NATIONAL WEATHER SERVICE: for Safety, for Work, for Fun - FOR LIFE