361
CXUS54 KEWX 250910
CF6BAZ
PRELIMINARY LOCAL CLIMATOLOGICAL DATA (WS FORM: F-6)

                                          STATION:   NEW BRAUNFELS
                                          MONTH:     JULY
                                          YEAR:      2014
                                          LATITUDE:   29 43 N
                                          LONGITUDE:  98  3 W

  TEMPERATURE IN F:       :PCPN:    SNOW:  WIND      :SUNSHINE: SKY     :PK WND
================================================================================
1   2   3   4   5  6A  6B    7    8   9   10  11  12  13   14  15   16   17  18
                                     12Z  AVG MX 2MIN
DY MAX MIN AVG DEP HDD CDD  WTR  SNW DPTH SPD SPD DIR MIN PSBL S-S WX    SPD DR
================================================================================

 1  94  73  84   1   0  19 0.00    M    M 10.8 22 170   M    M   2        27 170
 2  94  71  83   0   0  18 0.00    M    M  5.3 17 110   M    M   3 3      20 120
 3  94  70  82  -1   0  17 0.00    M    M  6.2 29  50   M    M   1        37  60
 4  93  69  81  -2   0  16    T    M    M  5.6 25 140   M    M   3 3      31  80
 5  94  69  82  -1   0  17 0.00    M    M  5.6 23 130   M    M   3        31 170
 6  95  68  82  -1   0  17 0.00    M    M  7.6 17 160   M    M   3 12     21 160
 7  96  69  83   0   0  18 0.00    M    M  7.8 17 160   M    M   0        22 170
 8  97  69  83   0   0  18 0.00    M    M  8.7 21 140   M    M   2        25 130
 9  96  68  82  -1   0  17 0.00    M    M  9.4 18 140   M    M   2        24 160
10  93  67  80  -3   0  15    T    M    M  8.4 23 140   M    M   3        31 130
11  94  69  82  -1   0  17 0.00    M    M  9.2 24 140   M    M   4        30 150
12  95  70  83   0   0  18 0.00    M    M  6.5 17 160   M    M   2 1      21 150
13  97  70  84   0   0  19 0.00    M    M  6.4 14 150   M    M   1 1      19 150
14  98  71  85   1   0  20 0.00    M    M  6.9 14 170   M    M   1        17 230
15  96  71  84   0   0  19 0.43    M    M  5.8 31 350   M    M   5 3      42 360
16  94  74  84   0   0  19 0.02    M    M  7.5 16 140   M    M   4 1      22 160
17  96  77  87   3   0  22 0.12    M    M  9.7 17 140   M    M   7 13     22 190
18  81  72  77  -7   0  12 0.31    M    M  7.9 17  40   M    M   6 13     21  30
19  90  71  81  -3   0  16 0.00    M    M  5.8 10 100   M    M   6        16 130
20  96  74  85   1   0  20 0.00    M    M  6.4 15 170   M    M   5 1      22 170
21  97  75  86   2   0  21 0.00    M    M  7.2 15 160   M    M   3        18 170
22  97  72  85   1   0  20 0.00    M    M  4.2 10  70   M    M   2        13 200
23  99  72  86   2   0  21 0.00    M    M  5.2 15 150   M    M   1        19  50
24  96  75  86   2   0  21    T    M    M  5.2 14 110   M    M   4 18     19 110
================================================================================
SM 2272 1706         0 437  0.88    M    169.3          M       73
================================================================================
AV 94.7 71.1                               7.1 FASTST   M    M   3    MAX(MPH)
                                 MISC ---->  # 31 350               # 42  360
================================================================================
NOTES:
# LAST OF SEVERAL OCCURRENCES

COLUMN 17 PEAK WIND IN M.P.H.

PRELIMINARY LOCAL CLIMATOLOGICAL DATA (WS FORM: F-6) , PAGE 2

                                          STATION:  NEW BRAUNFELS
                                          MONTH:    JULY
                                          YEAR:     2014
                                          LATITUDE:   29 43 N
                                          LONGITUDE:  98  3 W

[TEMPERATURE DATA]      [PRECIPITATION DATA]       SYMBOLS USED IN COLUMN 16

AVERAGE MONTHLY: 82.9   TOTAL FOR MONTH:   0.88    1 = FOG OR MIST
DPTR FM NORMAL:  -0.6   DPTR FM NORMAL:   -1.23    2 = FOG REDUCING VISIBILITY
HIGHEST:    99 ON 23    GRTST 24HR  0.45 ON 15-16      TO 1/4 MILE OR LESS
LOWEST:     67 ON 10                               3 = THUNDER
                        SNOW, ICE PELLETS, HAIL    4 = ICE PELLETS
                        TOTAL MONTH:    M          5 = HAIL
                        GRTST 24HR    M  ON   M    6 = FREEZING RAIN OR DRIZZLE
                        GRTST DEPTH:  M  ON   M    7 = DUSTSTORM OR SANDSTORM:
                                                       VSBY 1/2 MILE OR LESS
                                                   8 = SMOKE OR HAZE
[NO. OF DAYS WITH]      [WEATHER - DAYS WITH]      9 = BLOWING SNOW
                                                   X = TORNADO
MAX 32 OR BELOW:   0    0.01 INCH OR MORE:   4
MAX 90 OR ABOVE:  23    0.10 INCH OR MORE:   3
MIN 32 OR BELOW:   0    0.50 INCH OR MORE:   0
MIN  0 OR BELOW:   0    1.00 INCH OR MORE:   0

[HDD (BASE 65) ]
TOTAL THIS MO.     0    CLEAR  (SCALE 0-3)  15
DPTR FM NORMAL     0    PTCLDY (SCALE 4-7)   9
TOTAL FM JUL 1     0    CLOUDY (SCALE 8-10)  0
DPTR FM NORMAL     0

[CDD (BASE 65) ]
TOTAL THIS MO.   437
DPTR FM NORMAL    -6    [PRESSURE DATA]
TOTAL FM JAN 1  1468    HIGHEST SLP M ON M
DPTR FM NORMAL   -66    LOWEST  SLP 29.72 ON 17

[REMARKS]




U.S. Dept. of Commerce
NOAA National Weather Service
1325 East West Highway
Silver Spring, MD 20910
E-mail: w-nws.webmaster@noaa.gov
Page last modified: May 16, 2007
NATIONAL WEATHER SERVICE: for Safety, for Work, for Fun - FOR LIFE