025
CXUS54 KEWX 010910
CF6BAZ
PRELIMINARY LOCAL CLIMATOLOGICAL DATA (WS FORM: F-6)

                                          STATION:   NEW BRAUNFELS
                                          MONTH:     AUGUST
                                          YEAR:      2014
                                          LATITUDE:   29 43 N
                                          LONGITUDE:  98  3 W

  TEMPERATURE IN F:       :PCPN:    SNOW:  WIND      :SUNSHINE: SKY     :PK WND
================================================================================
1   2   3   4   5  6A  6B    7    8   9   10  11  12  13   14  15   16   17  18
                                     12Z  AVG MX 2MIN
DY MAX MIN AVG DEP HDD CDD  WTR  SNW DPTH SPD SPD DIR MIN PSBL S-S WX    SPD DR
================================================================================

 1  94  74  84   0   0  19    T    M    M  9.2 20  50   M    M   6        23  60
 2  92  67  80  -4   0  15 0.00    M    M  8.6 15  30   M    M   2        24  30
 3  96  67  82  -2   0  17 0.00    M    M  7.6 18  50   M    M   1        23  50
 4  98  69  84  -1   0  19 0.00    M    M  7.1 18  70   M    M   2 18     24  50
 5  97  70  84  -1   0  19 0.00    M    M  5.5 16 140   M    M   2 8      21 130
 6  99  72  86   1   0  21 0.00    M    M  6.4 21 160   M    M   2 8      26 160
 7 103  74  89   4   0  24 0.00    M    M  9.5 23 160   M    M   2        27 160
 8 102  73  88   3   0  23 0.00    M    M  9.6 23 160   M    M   1        30 160
 9 100  72  86   1   0  21 0.00    M    M  8.7 18 170   M    M   3        23 160
10 101  72  87   2   0  22 0.00    M    M  7.5 22 160   M    M   1 12     27 160
11 103  74  89   4   0  24 0.11    M    M  5.9 30 350   M    M   1 3      38 360
12 102  74  88   3   0  23    T    M    M  6.4 20  30   M    M   3        26  30
13  99  72  86   1   0  21 0.00    M    M  9.2 22  30   M    M   1        29  50
14 100  67  84  -1   0  19 0.00    M    M  5.8 17 180   M    M   0        21 180
15  99  71  85   0   0  20 0.00    M    M  7.2 15 170   M    M   2        21 200
16 103  73  88   3   0  23 0.00    M    M 10.6 28 160   M    M   1        33 170
17 102  79  91   7   0  26 0.00    M    M 13.4 22 160   M    M   3        27 150
18 101  75  88   4   0  23 0.00    M    M 12.8 26 150   M    M   3        32 140
19  99  71  85   1   0  20 0.00    M    M 11.8 26 160   M    M   1        37 180
20 101  77  89   5   0  24 0.00    M    M 13.8 26 140   M    M   4        33 150
21 102  77  90   6   0  25 0.00    M    M 16.4 25 190   M    M   3        41 180
22 102  76  89   5   0  24 0.00    M    M 12.9 22 160   M    M   2        27 170
23 101  74  88   4   0  23 0.00    M    M  9.3 22 160   M    M   3        27 170
24 100  74  87   3   0  22 0.00    M    M  9.0 21 170   M    M   5        26 170
25 102  74  88   4   0  23 0.00    M    M  6.8 17 140   M    M   2        22 130
26 101  72  87   3   0  22 0.00    M    M  5.4 24  90   M    M   1 3      30  80
27  99  73  86   2   0  21 0.00    M    M  6.8 18  70   M    M   1        28  60
28  97  73  85   2   0  20 0.00    M    M  7.7 30 140   M    M   3        37 130
29  98  75  87   4   0  22 0.00    M    M  7.8 26 130   M    M   6 18     32 130
30  96  73  85   2   0  20 0.00    M    M  8.0 20 170   M    M   5        25 160
31  98  73  86   3   0  21 0.00    M    M 11.9 24 160   M    M   5        30 160
================================================================================
SM 3087 2257         0 666  0.11    M    278.6          M       77
================================================================================
AV 99.6 72.8                               9.0 FASTST   M    M   2    MAX(MPH)
                                 MISC ---->  # 30 350               # 41  180
================================================================================
NOTES:
# LAST OF SEVERAL OCCURRENCES

COLUMN 17 PEAK WIND IN M.P.H.

PRELIMINARY LOCAL CLIMATOLOGICAL DATA (WS FORM: F-6) , PAGE 2

                                          STATION:  NEW BRAUNFELS
                                          MONTH:    AUGUST
                                          YEAR:     2014
                                          LATITUDE:   29 43 N
                                          LONGITUDE:  98  3 W

[TEMPERATURE DATA]      [PRECIPITATION DATA]       SYMBOLS USED IN COLUMN 16

AVERAGE MONTHLY: 86.2   TOTAL FOR MONTH:   0.11    1 = FOG OR MIST
DPTR FM NORMAL:   2.0   DPTR FM NORMAL:   -1.84    2 = FOG REDUCING VISIBILITY
HIGHEST:   103 ON 16,11 GRTST 24HR  0.11 ON 11-11      TO 1/4 MILE OR LESS
LOWEST:     67 ON 14, 3                            3 = THUNDER
                        SNOW, ICE PELLETS, HAIL    4 = ICE PELLETS
                        TOTAL MONTH:    M          5 = HAIL
                        GRTST 24HR    M  ON   M    6 = FREEZING RAIN OR DRIZZLE
                        GRTST DEPTH:  M  ON   M    7 = DUSTSTORM OR SANDSTORM:
                                                       VSBY 1/2 MILE OR LESS
                                                   8 = SMOKE OR HAZE
[NO. OF DAYS WITH]      [WEATHER - DAYS WITH]      9 = BLOWING SNOW
                                                   X = TORNADO
MAX 32 OR BELOW:   0    0.01 INCH OR MORE:   1
MAX 90 OR ABOVE:  31    0.10 INCH OR MORE:   1
MIN 32 OR BELOW:   0    0.50 INCH OR MORE:   0
MIN  0 OR BELOW:   0    1.00 INCH OR MORE:   0

[HDD (BASE 65) ]
TOTAL THIS MO.     0    CLEAR  (SCALE 0-3)  24
DPTR FM NORMAL     0    PTCLDY (SCALE 4-7)   7
TOTAL FM JUL 1     0    CLOUDY (SCALE 8-10)  0
DPTR FM NORMAL     0

[CDD (BASE 65) ]
TOTAL THIS MO.   666
DPTR FM NORMAL    69    [PRESSURE DATA]
TOTAL FM JAN 1  2282    HIGHEST SLP 30.05 ON 13
DPTR FM NORMAL    16    LOWEST  SLP 29.76 ON 29

[REMARKS]
#FINAL-08-14#




U.S. Dept. of Commerce
NOAA National Weather Service
1325 East West Highway
Silver Spring, MD 20910
E-mail: w-nws.webmaster@noaa.gov
Page last modified: May 16, 2007
NATIONAL WEATHER SERVICE: for Safety, for Work, for Fun - FOR LIFE