461
CXUS54 KEWX 260910
CF6BAZ
PRELIMINARY LOCAL CLIMATOLOGICAL DATA (WS FORM: F-6)

                                          STATION:   NEW BRAUNFELS
                                          MONTH:     NOVEMBER
                                          YEAR:      2014
                                          LATITUDE:   29 43 N
                                          LONGITUDE:  98  3 W

  TEMPERATURE IN F:       :PCPN:    SNOW:  WIND      :SUNSHINE: SKY     :PK WND
================================================================================
1   2   3   4   5  6A  6B    7    8   9   10  11  12  13   14  15   16   17  18
                                     12Z  AVG MX 2MIN
DY MAX MIN AVG DEP HDD CDD  WTR  SNW DPTH SPD SPD DIR MIN PSBL S-S WX    SPD DR
================================================================================

 1  71  45  58  -8   7   0 0.00    M    M  7.2 16  50   M    M   0        19  80
 2  80  45  63  -3   2   0 0.00    M    M  9.4 22 150   M    M   3        28 160
 3  79  57  68   3   0   3    T    M    M  9.7 23 170   M    M   9        28 170
 4  81  60  71   6   0   6 0.48    M    M 11.8 33  40   M    M   9 1      40  50
 5  61  57  59  -5   6   0 1.73    M    M 14.9 26  40   M    M  10 1      31  40
 6  64  58  61  -3   4   0 0.04    M    M 12.8 22  30   M    M  10 1      26  30
 7  72  52  62  -2   3   0 0.00    M    M  6.5 15  50   M    M   3        18  50
 8  78  51  65   2   0   0 0.00    M    M  6.3 21  20   M    M   2        26  30
 9  75  44  60  -3   5   0 0.00    M    M  5.9 14 220   M    M   0        21 200
10  80  46  63   0   2   0 0.00    M    M  8.8 22 220   M    M   0 1      30 200
11  64  44  54  -8  11   0 0.00    M    M 12.9 28 360   M    M   6 12     33 360
12  53  39  46 -16  19   0 0.00    M    M 16.5 25  10   M    M   5        33  10
13  45  36  41 -21  24   0 0.00    M    M 16.2 25  10   M    M  10        33  20
14  46  35  41 -20  24   0 0.00    M    M  6.6 16  50   M    M  10        20  50
15  49  40  45 -16  20   0    T    M    M  4.7  9  20   M    M  10 1      11 120
16  55  37  46 -14  19   0    T    M    M 11.9 28 350   M    M  10 1      38 350
17  55  31  43 -17  22   0 0.00    M    M 12.2 26 350   M    M   1        32 350
18  57  28  43 -17  22   0 0.00    M    M  5.9 13 210   M    M   0        16 220
19  70  33  52  -7  13   0 0.00    M    M  7.5 22 230   M    M   1        28 220
20  70  42  56  -3   9   0 0.03    M    M  5.3 13 180   M    M   7 1      16 170
21  76  65  71  12   0   6 0.12    M    M 11.5 20 170   M    M  10 13     25 170
22  73  57  65   7   0   0    M    M    M 11.0 30 300   M    M   8 13     41 310
23  82  53  68  10   0   3 0.00    M    M 10.1 25 250   M    M   1 18     32 240
24  68  41  55  -3  10   0 0.00    M    M  8.7 23  10   M    M   0        29 360
25  69  39  54  -3  11   0 0.00  0.0    0  6.6 16 270   M    M   0        21 270
================================================================================
SM 1673 1135       233  18  2.40     0.0 240.9          M      125
================================================================================
AV 66.9 45.4                               9.6 FASTST   M    M   5    MAX(MPH)
                                 MISC ---->  # 33  40               # 41  310
================================================================================
NOTES:
# LAST OF SEVERAL OCCURRENCES

COLUMN 17 PEAK WIND IN M.P.H.

PRELIMINARY LOCAL CLIMATOLOGICAL DATA (WS FORM: F-6) , PAGE 2

                                          STATION:  NEW BRAUNFELS
                                          MONTH:    NOVEMBER
                                          YEAR:     2014
                                          LATITUDE:   29 43 N
                                          LONGITUDE:  98  3 W

[TEMPERATURE DATA]      [PRECIPITATION DATA]       SYMBOLS USED IN COLUMN 16

AVERAGE MONTHLY: 56.2   TOTAL FOR MONTH:   2.40    1 = FOG OR MIST
DPTR FM NORMAL:  -5.4   DPTR FM NORMAL:   -0.03    2 = FOG REDUCING VISIBILITY
HIGHEST:    82 ON 23    GRTST 24HR  1.91 ON 21-22      TO 1/4 MILE OR LESS
LOWEST:     28 ON 18                               3 = THUNDER
                        SNOW, ICE PELLETS, HAIL    4 = ICE PELLETS
                        TOTAL MONTH:   0.0 INCH    5 = HAIL
                        GRTST 24HR     0.0         6 = FREEZING RAIN OR DRIZZLE
                        GRTST DEPTH:   0           7 = DUSTSTORM OR SANDSTORM:
                                                       VSBY 1/2 MILE OR LESS
                                                   8 = SMOKE OR HAZE
[NO. OF DAYS WITH]      [WEATHER - DAYS WITH]      9 = BLOWING SNOW
                                                   X = TORNADO
MAX 32 OR BELOW:   0    0.01 INCH OR MORE:   5
MAX 90 OR ABOVE:   0    0.10 INCH OR MORE:   3
MIN 32 OR BELOW:   2    0.50 INCH OR MORE:   1
MIN  0 OR BELOW:   0    1.00 INCH OR MORE:   1

[HDD (BASE 65) ]
TOTAL THIS MO.   233    CLEAR  (SCALE 0-3)  11
DPTR FM NORMAL    99    PTCLDY (SCALE 4-7)   4
TOTAL FM JUL 1   233    CLOUDY (SCALE 8-10) 10
DPTR FM NORMAL    65

[CDD (BASE 65) ]
TOTAL THIS MO.    18
DPTR FM NORMAL   -29    [PRESSURE DATA]
TOTAL FM JAN 1  3087    HIGHEST SLP M ON M
DPTR FM NORMAL   141    LOWEST  SLP 29.52 ON 23

[REMARKS]




U.S. Dept. of Commerce
NOAA National Weather Service
1325 East West Highway
Silver Spring, MD 20910
E-mail: w-nws.webmaster@noaa.gov
Page last modified: May 16, 2007
NATIONAL WEATHER SERVICE: for Safety, for Work, for Fun - FOR LIFE