495
CXUS54 KEWX 230910
CF6BAZ
PRELIMINARY LOCAL CLIMATOLOGICAL DATA (WS FORM: F-6)

                                          STATION:   NEW BRAUNFELS
                                          MONTH:     APRIL
                                          YEAR:      2014
                                          LATITUDE:   29 43 N
                                          LONGITUDE:  98  3 W

  TEMPERATURE IN F:       :PCPN:    SNOW:  WIND      :SUNSHINE: SKY     :PK WND
================================================================================
1   2   3   4   5  6A  6B    7    8   9   10  11  12  13   14  15   16   17  18
                                     12Z  AVG MX 2MIN
DY MAX MIN AVG DEP HDD CDD  WTR  SNW DPTH SPD SPD DIR MIN PSBL S-S WX    SPD DR
================================================================================

 1  86  67  77  11   0  12 0.00    M    M 13.4 24 160   M    M   9        29 160
 2  83  69  76  10   0  11    T    M    M 13.8 26 180   M    M   8 1      32 180
 3  83  67  75   9   0  10 0.00    M    M 10.4 20 190   M    M   7 18     24 180
 4  72  55  64  -3   1   0 0.00    M    M 15.3 30  20   M    M   4 13     37  20
 5  63  55  59  -8   6   0    T    M    M 10.2 22  50   M    M   7        28  50
 6  61  49  55 -12  10   0 0.02    M    M 11.1 24  10   M    M  10 1      29 360
 7  76  45  61  -6   4   0 0.01    M    M  7.5 29 340   M    M   5 3      40 300
 8  79  44  62  -6   3   0 0.00    M    M 13.0 29  10   M    M   0        38  10
 9  84  41  63  -5   2   0 0.00    M    M 10.3 20 160   M    M   0        27 180
10  88  48  68   0   0   3 0.00    M    M 14.2 29 200   M    M   2 1      36 170
11  88  54  71   3   0   6 0.00    M    M 12.0 24 150   M    M   3 12     31 140
12  87  63  75   7   0  10 0.00    M    M 16.2 26 160   M    M   7        33 150
13  84  68  76   7   0  11    T    M    M 12.1 22 150   M    M   6        26 150
14  74  44  59 -10   6   0 0.07    M    M 17.1 33 350   M    M   6 13     45 350
15  65  39  52 -17  13   0 0.00    M    M  8.2 20  40   M    M   0        24  40
16  75  34  55 -14  10   0 0.00    M    M  9.1 23 190   M    M   0        30 180
17  68  52  60 -10   5   0 0.05    M    M  7.4 14 100   M    M   8 18     17 110
18  79  59  69  -1   0   4 0.00    M    M  5.8 15  60   M    M   6 18     20  50
19  80  50  65  -5   0   0 0.00    M    M  6.9 18 140   M    M   2 18     22 150
20  76  64  70   0   0   5 0.00    M    M  9.1 16 150   M    M  10 1      19 150
21  84  65  75   5   0  10    T    M    M  9.2 20 190   M    M   8        24 200
22  88  58  73   2   0   8 0.00    M    M  7.3 18  50   M    M   1 1      26  50
================================================================================
SM 1723 1190        60  90  0.15    M    239.6          M      109
================================================================================
AV 78.3 54.1                              10.9 FASTST   M    M   5    MAX(MPH)
                                 MISC ---->  # 33 350               # 45  350
================================================================================
NOTES:
# LAST OF SEVERAL OCCURRENCES

COLUMN 17 PEAK WIND IN M.P.H.

PRELIMINARY LOCAL CLIMATOLOGICAL DATA (WS FORM: F-6) , PAGE 2

                                          STATION:  NEW BRAUNFELS
                                          MONTH:    APRIL
                                          YEAR:     2014
                                          LATITUDE:   29 43 N
                                          LONGITUDE:  98  3 W

[TEMPERATURE DATA]      [PRECIPITATION DATA]       SYMBOLS USED IN COLUMN 16

AVERAGE MONTHLY: 66.2   TOTAL FOR MONTH:   0.15    1 = FOG OR MIST
DPTR FM NORMAL:  -2.1   DPTR FM NORMAL:   -1.52    2 = FOG REDUCING VISIBILITY
HIGHEST:    88 ON 22,11 GRTST 24HR  0.07 ON 14-14      TO 1/4 MILE OR LESS
LOWEST:     34 ON 16                               3 = THUNDER
                        SNOW, ICE PELLETS, HAIL    4 = ICE PELLETS
                        TOTAL MONTH:    M          5 = HAIL
                        GRTST 24HR    M  ON   M    6 = FREEZING RAIN OR DRIZZLE
                        GRTST DEPTH:  M  ON   M    7 = DUSTSTORM OR SANDSTORM:
                                                       VSBY 1/2 MILE OR LESS
                                                   8 = SMOKE OR HAZE
[NO. OF DAYS WITH]      [WEATHER - DAYS WITH]      9 = BLOWING SNOW
                                                   X = TORNADO
MAX 32 OR BELOW:   0    0.01 INCH OR MORE:   4
MAX 90 OR ABOVE:   0    0.10 INCH OR MORE:   0
MIN 32 OR BELOW:   0    0.50 INCH OR MORE:   0
MIN  0 OR BELOW:   0    1.00 INCH OR MORE:   0

[HDD (BASE 65) ]
TOTAL THIS MO.    60    CLEAR  (SCALE 0-3)   8
DPTR FM NORMAL    24    PTCLDY (SCALE 4-7)  11
TOTAL FM JUL 1  1956    CLOUDY (SCALE 8-10)  3
DPTR FM NORMAL   403

[CDD (BASE 65) ]
TOTAL THIS MO.    90
DPTR FM NORMAL   -18    [PRESSURE DATA]
TOTAL FM JAN 1   159    HIGHEST SLP M ON M
DPTR FM NORMAL   -33    LOWEST  SLP 29.60 ON 13

[REMARKS]




U.S. Dept. of Commerce
NOAA National Weather Service
1325 East West Highway
Silver Spring, MD 20910
E-mail: w-nws.webmaster@noaa.gov
Page last modified: May 16, 2007
NATIONAL WEATHER SERVICE: for Safety, for Work, for Fun - FOR LIFE