666
CXUS53 KGRR 281017
CF6AZO
PRELIMINARY LOCAL CLIMATOLOGICAL DATA (WS FORM: F-6)

                                          STATION:   KALAMAZOO MI
                                          MONTH:     NOVEMBER
                                          YEAR:      2014
                                          LATITUDE:   42 13 N
                                          LONGITUDE:  85 33 W

  TEMPERATURE IN F:       :PCPN:    SNOW:  WIND      :SUNSHINE: SKY     :PK WND
================================================================================
1   2   3   4   5  6A  6B    7    8   9   10  11  12  13   14  15   16   17  18
                                     12Z  AVG MX 2MIN
DY MAX MIN AVG DEP HDD CDD  WTR  SNW DPTH SPD SPD DIR MIN PSBL S-S WX    SPD DR
================================================================================

 1  42  26  34 -12  31   0 0.00    M    M  9.5 23  10   M    M   3        31 360
 2  51  20  36 -10  29   0 0.00    M    M  4.7 13 190   M    M   1 1      17 180
 3  61  42  52   7  13   0 0.00    M    M 11.2 22 220   M    M   3        27 210
 4  57  41  49   4  16   0 0.05    M    M 12.9 22 210   M    M   8 1      29 280
 5  57  37  47   2  18   0 0.00    M    M  8.2 17 250   M    M   1        23 240
 6  50  37  44   0  21   0 0.01    M    M 12.1 29 330   M    M  10 18     35 340
 7  41  31  36  -8  29   0 0.00    M    M  5.3 20 360   M    M   9        26 360
 8  44  39  42  -2  23   0 0.02    M    M 10.6 18 300   M    M  10 18     25 300
 9  45  34  40  -3  25   0 0.00    M    M  9.5 23 220   M    M   7        30 220
10  59  41  50   7  15   0 0.00    M    M  7.6 20 160   M    M   3        25 180
11  55  35  45   3  20   0 0.16    M    M 13.0 25 300   M    M   9 1      30 300
12  35  30  33  -9  32   0    T    M    M 11.1 22 300   M    M  10        28 300
13  33  23  28 -14  37   0 0.04    M    M  8.5 21 280   M    M   9 18     25 280
14  31  17  24 -17  41   0 0.20    M    M  5.1 13 290   M    M   9 128    18 270
15  30  13  22 -19  43   0    T    M    M  7.0 14 210   M    M   5 18     16 230
16  31  27  29 -11  36   0    T    M    M 10.4 16 200   M    M  10 18     21 200
17  30  16  23 -17  42   0    M    M    M 13.2 21 270   M    M  10 18     28 230
18  17  13  15 -25  50   0    M    M    M 14.6 22 220   M    M  10 12     28 210
19  29  15  22 -17  43   0    M    M    M 13.8 28 280   M    M  10 18     34 270
20  25  21  23 -16  42   0    T    M    M 13.5 26 260   M    M  10 18     36 260
21  27  13  20 -18  45   0    T    M    M  7.3 16 180   M    M   4 1      21 190
22  49  24  37  -1  28   0 0.10    M    M 11.8 18 190   M    M  10 168    22 200
23  53  47  50  13  15   0 1.20    M    M  8.7 16 200   M    M   9 1      22 200
24  53  30  42   5  23   0 0.77    M    M 16.4 32 240   M    M  10 1      45 240
25  30  27  29  -7  36   0    T    M    M 11.8 24 250   M    M  10 18     34 260
26  29  27  28  -8  37   0 0.00    M    M  3.5 10 120   M    M  10        14 110
27  32  21  27  -9  38   0 0.02    M    M  8.3 21 330   M    M  10 18     25 330
================================================================================
SM 1096  747       828   0  2.57    M    269.6          M      210
================================================================================
AV 40.6 27.7                              10.0 FASTST   M    M   8    MAX(MPH)
                                 MISC ---->  # 32 240               # 45  240
================================================================================
NOTES:
# LAST OF SEVERAL OCCURRENCES

COLUMN 17 PEAK WIND IN M.P.H.

PRELIMINARY LOCAL CLIMATOLOGICAL DATA (WS FORM: F-6) , PAGE 2

                                          STATION:  KALAMAZOO MI
                                          MONTH:    NOVEMBER
                                          YEAR:     2014
                                          LATITUDE:   42 13 N
                                          LONGITUDE:  85 33 W

[TEMPERATURE DATA]      [PRECIPITATION DATA]       SYMBOLS USED IN COLUMN 16

AVERAGE MONTHLY: 34.1   TOTAL FOR MONTH:   2.57    1 = FOG OR MIST
DPTR FM NORMAL:  -6.9   DPTR FM NORMAL:   -0.17    2 = FOG REDUCING VISIBILITY
HIGHEST:    61 ON  3    GRTST 24HR  1.94 ON 23-24      TO 1/4 MILE OR LESS
LOWEST:     13 ON 21,18                            3 = THUNDER
                        SNOW, ICE PELLETS, HAIL    4 = ICE PELLETS
                        TOTAL MONTH:    M          5 = HAIL
                        GRTST 24HR    M  ON   M    6 = FREEZING RAIN OR DRIZZLE
                        GRTST DEPTH:  M  ON   M    7 = DUSTSTORM OR SANDSTORM:
                                                       VSBY 1/2 MILE OR LESS
                                                   8 = SMOKE OR HAZE
[NO. OF DAYS WITH]      [WEATHER - DAYS WITH]      9 = BLOWING SNOW
                                                   X = TORNADO
MAX 32 OR BELOW:  11    0.01 INCH OR MORE:  10
MAX 90 OR ABOVE:   0    0.10 INCH OR MORE:   5
MIN 32 OR BELOW:  18    0.50 INCH OR MORE:   2
MIN  0 OR BELOW:   0    1.00 INCH OR MORE:   1

[HDD (BASE 65) ]
TOTAL THIS MO.   828    CLEAR  (SCALE 0-3)   3
DPTR FM NORMAL   184    PTCLDY (SCALE 4-7)   6
TOTAL FM JUL 1  1448    CLOUDY (SCALE 8-10) 18
DPTR FM NORMAL   212

[CDD (BASE 65) ]
TOTAL THIS MO.     0
DPTR FM NORMAL     0    [PRESSURE DATA]
TOTAL FM JAN 1   609    HIGHEST SLP M ON M
DPTR FM NORMAL   -66    LOWEST  SLP 29.03 ON 24

[REMARKS]




U.S. Dept. of Commerce
NOAA National Weather Service
1325 East West Highway
Silver Spring, MD 20910
E-mail: w-nws.webmaster@noaa.gov
Page last modified: May 16, 2007
NATIONAL WEATHER SERVICE: for Safety, for Work, for Fun - FOR LIFE