938
CXUS53 KGRR 311017
CF6AZO
PRELIMINARY LOCAL CLIMATOLOGICAL DATA (WS FORM: F-6)

                                          STATION:   KALAMAZOO MI
                                          MONTH:     JULY
                                          YEAR:      2014
                                          LATITUDE:   42 13 N
                                          LONGITUDE:  85 33 W

  TEMPERATURE IN F:       :PCPN:    SNOW:  WIND      :SUNSHINE: SKY     :PK WND
================================================================================
1   2   3   4   5  6A  6B    7    8   9   10  11  12  13   14  15   16   17  18
                                     12Z  AVG MX 2MIN
DY MAX MIN AVG DEP HDD CDD  WTR  SNW DPTH SPD SPD DIR MIN PSBL S-S WX    SPD DR
================================================================================

 1  83  64  74   2   0   9 1.31    M    M 10.2 46 280   M    M   4 13     66 270
 2  74  58  66  -6   0   1    T    M    M 10.4 18 300   M    M   5        24 310
 3  72  53  63  -9   2   0 0.44    M    M  8.7 21 350   M    M   4 1      27 340
 4  77  51  64  -8   1   0 0.00    M    M  4.1 14 350   M    M   0        18 350
 5  77  51  64  -8   1   0 0.00    M    M  5.7 15 180   M    M   0 1      20 190
 6  79  62  71  -1   0   6 0.00    M    M  9.9 21 210   M    M   4        29 200
 7  84  66  75   2   0  10 0.37    M    M  9.4 23 220   M    M   4 13     30 230
 8  78  65  72  -1   0   7 0.33    M    M  9.7 21 270   M    M   6 13     31 310
 9  76  60  68  -5   0   3 0.00    M    M  8.4 13 330   M    M   4        21 280
10  77  52  65  -8   0   0 0.00    M    M  3.2  6  20   M    M   0         M  M
11  81  53  67  -6   0   2    T    M    M  3.2 12 180   M    M   2        16 190
12  82  63  73   0   0   8    T    M    M  8.0 20 190   M    M   6        26 200
13  82  69  76   3   0  11 0.20    M    M  8.2 28 250   M    M   4 13     40 250
14  76  60  68  -5   0   3 0.10    M    M  3.5 13 320   M    M   4 1      15 310
15  68  56  62 -11   3   0 0.01    M    M 11.8 24 300   M    M   5        31 310
16  71  53  62 -11   3   0 0.01    M    M  7.0 16 320   M    M   6 1      20 350
17  75  46  61 -12   4   0 0.00    M    M  2.7 12 320   M    M   2 1      15 330
18  78  51  65  -8   0   0 0.00    M    M  2.8  9 180   M    M   1 1      12 150
19  81  55  68  -5   0   3 0.00    M    M  1.5  9 300   M    M   4 1      14 120
20  82  62  72  -1   0   7 0.00    M    M  1.6  8 190   M    M   4 18     13 250
21  85  63  74   1   0   9 0.00    M    M  3.4 12 210   M    M   1        16 190
22  88  63  76   3   0  11    T    M    M  9.4 28 330   M    M   2 3      35 280
23  77  58  68  -5   0   3 0.06    M    M  9.6 21 280   M    M   7 3      26 280
24  76  56  66  -7   0   1 0.00    M    M  4.9 13 320   M    M   5        17  10
25  76  51  64  -9   1   0    T    M    M  4.9 15 210   M    M   2        19 210
26  78  61  70  -2   0   5 0.00    M    M  4.8 10 230   M    M   5 128    20 190
27  86  63  75   3   0  10 0.12    M    M  8.3 36 330   M    M   7 1238   43 340
28  69  52  61 -11   4   0 0.00    M    M 10.2 17 320   M    M   7        22 340
29  75  47  61 -11   4   0    T    M    M  4.9 14 290   M    M   4        23 270
30  77  53  65  -7   0   0 0.00    M    M  6.3 12 300   M    M   3 12     22 310
================================================================================
SM 2340 1717        23 109  2.95    M    196.7          M      112
================================================================================
AV 78.0 57.2                               6.6 FASTST   M    M   4    MAX(MPH)
                                 MISC ---->  # 46 280               # 66  270
================================================================================
NOTES:
# LAST OF SEVERAL OCCURRENCES

COLUMN 17 PEAK WIND IN M.P.H.

PRELIMINARY LOCAL CLIMATOLOGICAL DATA (WS FORM: F-6) , PAGE 2

                                          STATION:  KALAMAZOO MI
                                          MONTH:    JULY
                                          YEAR:     2014
                                          LATITUDE:   42 13 N
                                          LONGITUDE:  85 33 W

[TEMPERATURE DATA]      [PRECIPITATION DATA]       SYMBOLS USED IN COLUMN 16

AVERAGE MONTHLY: 67.6   TOTAL FOR MONTH:   2.95    1 = FOG OR MIST
DPTR FM NORMAL:  -5.0   DPTR FM NORMAL:   -0.63    2 = FOG REDUCING VISIBILITY
HIGHEST:    88 ON 22    GRTST 24HR  1.41 ON 30- 1      TO 1/4 MILE OR LESS
LOWEST:     46 ON 17                               3 = THUNDER
                        SNOW, ICE PELLETS, HAIL    4 = ICE PELLETS
                        TOTAL MONTH:    M          5 = HAIL
                        GRTST 24HR    M  ON   M    6 = FREEZING RAIN OR DRIZZLE
                        GRTST DEPTH:  M  ON   M    7 = DUSTSTORM OR SANDSTORM:
                                                       VSBY 1/2 MILE OR LESS
                                                   8 = SMOKE OR HAZE
[NO. OF DAYS WITH]      [WEATHER - DAYS WITH]      9 = BLOWING SNOW
                                                   X = TORNADO
MAX 32 OR BELOW:   0    0.01 INCH OR MORE:  10
MAX 90 OR ABOVE:   0    0.10 INCH OR MORE:   7
MIN 32 OR BELOW:   0    0.50 INCH OR MORE:   1
MIN  0 OR BELOW:   0    1.00 INCH OR MORE:   1

[HDD (BASE 65) ]
TOTAL THIS MO.    23    CLEAR  (SCALE 0-3)  10
DPTR FM NORMAL    23    PTCLDY (SCALE 4-7)  20
TOTAL FM JUL 1    23    CLOUDY (SCALE 8-10)  0
DPTR FM NORMAL    23

[CDD (BASE 65) ]
TOTAL THIS MO.   109
DPTR FM NORMAL  -125    [PRESSURE DATA]
TOTAL FM JAN 1   343    HIGHEST SLP  0.00 ON M
DPTR FM NORMAL   -77    LOWEST  SLP  0.00 ON 10

[REMARKS]




U.S. Dept. of Commerce
NOAA National Weather Service
1325 East West Highway
Silver Spring, MD 20910
E-mail: w-nws.webmaster@noaa.gov
Page last modified: May 16, 2007
NATIONAL WEATHER SERVICE: for Safety, for Work, for Fun - FOR LIFE