794
CXUS53 KGRR 011340
CF6AZO
PRELIMINARY LOCAL CLIMATOLOGICAL DATA (WS FORM: F-6)

                                          STATION:   KALAMAZOO MI
                                          MONTH:     SEPTEMBER
                                          YEAR:      2014
                                          LATITUDE:   42 13 N
                                          LONGITUDE:  85 33 W

  TEMPERATURE IN F:       :PCPN:    SNOW:  WIND      :SUNSHINE: SKY     :PK WND
================================================================================
1   2   3   4   5  6A  6B    7    8   9   10  11  12  13   14  15   16   17  18
                                     12Z  AVG MX 2MIN
DY MAX MIN AVG DEP HDD CDD  WTR  SNW DPTH SPD SPD DIR MIN PSBL S-S WX    SPD DR
================================================================================

 1  82  69  76   8   0  11 0.41    M    M 10.4 24 240   M    M   5 138    32 250
 2  80  61  71   3   0   6 0.00    M    M  5.3 16 290   M    M   4        19 300
 3  83  60  72   5   0   7 0.00    M    M  3.6 13 200   M    M   2 1      23 220
 4  86  65  76   9   0  11 0.04    M    M  8.3 21 210   M    M   1 13     24 210
 5  90  66  78  11   0  13 0.59    M    M  9.6 37 270   M    M   4 138    56 270
 6  74  54  64  -2   1   0    T    M    M  7.5 16 320   M    M   4        22 320
 7  77  50  64  -2   1   0 0.00    M    M  3.2 12 200   M    M   1        17 200
 8  78  51  65  -1   0   0 0.00    M    M  3.6 10 180   M    M   0        15 110
 9  78  60  69   4   0   4 0.00    M    M  5.3 16 180   M    M   2        21 180
10  79  57  68   3   0   3 0.83    M    M 10.6 28 310   M    M   8 1      33 310
11  61  51  56  -8   9   0 0.01    M    M 10.8 21 320   M    M   7 1      27 320
12  57  49  53 -11  12   0 0.17    M    M  4.5 12 350   M    M  10 18     14 350
13  61  43  52 -12  13   0 0.10    M    M  7.4 20 340   M    M   7 1      24 340
14  64  42  53 -10  12   0 0.00    M    M  4.1 14 260   M    M   5 1      19 210
15  64  45  55  -8  10   0 0.02    M    M  5.5 15 200   M    M   7 1      20  30
16  67  42  55  -7  10   0 0.00    M    M  3.8 16 320   M    M   3 12     21 320
17  68  38  53  -9  12   0 0.00    M    M  3.5 14 320   M    M   2 12     17 330
18  70  41  56  -6   9   0 0.00    M    M  2.0  8  50   M    M   1 1      12  60
19  71  44  58  -3   7   0 0.00    M    M  5.7 15 190   M    M   0 128    22 220
20  81  55  68   7   0   3 0.04    M    M 11.5 28 210   M    M   2 13     32 210
21  69  45  57  -3   8   0 0.36    M    M 15.0 30 290   M    M   8 18     39 300
22  64  40  52  -8  13   0 0.00    M    M  7.4 18 360   M    M   2        21 350
23  73  42  58  -1   7   0 0.00    M    M  2.3 10 330   M    M   0 1      12 330
24  75  45  60   1   5   0 0.00    M    M  2.6 10 200   M    M   0 1      15 130
25  79  47  63   5   2   0 0.00    M    M  1.8  8 140   M    M   0 1      11  90
26  80  47  64   6   1   0 0.00    M    M  1.2  7 200   M    M   0 1      10 170
27  80  48  64   6   1   0 0.00    M    M  1.7  8 110   M    M   0 2      12  90
28  77  50  64   7   1   0 0.00    M    M  1.9  9  30   M    M   0 1      13 330
29  79  47  63   6   2   0 0.04    M    M  4.6 18 340   M    M   1 128    22 340
30  56  47  52  -4  13   0 0.21    M    M  7.2 16 340   M    M  10 1      20 340
================================================================================
SM 2203 1501       149  58  2.82    M    171.9          M       96
================================================================================
AV 73.4 50.0                               5.7 FASTST   M    M   3    MAX(MPH)
                                 MISC ---->  # 37 270               # 56  270
================================================================================
NOTES:
# LAST OF SEVERAL OCCURRENCES

COLUMN 17 PEAK WIND IN M.P.H.

PRELIMINARY LOCAL CLIMATOLOGICAL DATA (WS FORM: F-6) , PAGE 2

                                          STATION:  KALAMAZOO MI
                                          MONTH:    SEPTEMBER
                                          YEAR:     2014
                                          LATITUDE:   42 13 N
                                          LONGITUDE:  85 33 W

[TEMPERATURE DATA]      [PRECIPITATION DATA]       SYMBOLS USED IN COLUMN 16

AVERAGE MONTHLY: 61.7   TOTAL FOR MONTH:   2.82    1 = FOG OR MIST
DPTR FM NORMAL:  -0.7   DPTR FM NORMAL:   -1.00    2 = FOG REDUCING VISIBILITY
HIGHEST:    90 ON  5    GRTST 24HR  0.84 ON 10-11      TO 1/4 MILE OR LESS
LOWEST:     38 ON 17                               3 = THUNDER
                        SNOW, ICE PELLETS, HAIL    4 = ICE PELLETS
                        TOTAL MONTH:    M          5 = HAIL
                        GRTST 24HR    M  ON   M    6 = FREEZING RAIN OR DRIZZLE
                        GRTST DEPTH:  M  ON   M    7 = DUSTSTORM OR SANDSTORM:
                                                       VSBY 1/2 MILE OR LESS
                                                   8 = SMOKE OR HAZE
[NO. OF DAYS WITH]      [WEATHER - DAYS WITH]      9 = BLOWING SNOW
                                                   X = TORNADO
MAX 32 OR BELOW:   0    0.01 INCH OR MORE:  12
MAX 90 OR ABOVE:   1    0.10 INCH OR MORE:   7
MIN 32 OR BELOW:   0    0.50 INCH OR MORE:   2
MIN  0 OR BELOW:   0    1.00 INCH OR MORE:   0

[HDD (BASE 65) ]
TOTAL THIS MO.   149    CLEAR  (SCALE 0-3)  17
DPTR FM NORMAL    16    PTCLDY (SCALE 4-7)  11
TOTAL FM JUL 1   181    CLOUDY (SCALE 8-10)  2
DPTR FM NORMAL    32

[CDD (BASE 65) ]
TOTAL THIS MO.    58
DPTR FM NORMAL     2    [PRESSURE DATA]
TOTAL FM JAN 1   609    HIGHEST SLP 30.43 ON 24
DPTR FM NORMAL   -58    LOWEST  SLP 29.56 ON 10

[REMARKS]
#FINAL-09-14#




U.S. Dept. of Commerce
NOAA National Weather Service
1325 East West Highway
Silver Spring, MD 20910
E-mail: w-nws.webmaster@noaa.gov
Page last modified: May 16, 2007
NATIONAL WEATHER SERVICE: for Safety, for Work, for Fun - FOR LIFE