735
CXUS53 KMPX 231000
CF6AXN
PRELIMINARY LOCAL CLIMATOLOGICAL DATA (WS FORM: F-6)

                                          STATION:   ALEXANDRIA MN
                                          MONTH:     APRIL
                                          YEAR:      2014
                                          LATITUDE:   45 52 N
                                          LONGITUDE:  95 23 W

  TEMPERATURE IN F:       :PCPN:    SNOW:  WIND      :SUNSHINE: SKY     :PK WND
================================================================================
1   2   3   4   5  6A  6B    7    8   9   10  11  12  13   14  15   16   17  18
                                     12Z  AVG MX 2MIN
DY MAX MIN AVG DEP HDD CDD  WTR  SNW DPTH SPD SPD DIR MIN PSBL S-S WX    SPD DR
================================================================================

 1  24  16  20 -16  45   0    M    M    M 16.9 31 320   M    M   5 18     38 320
 2  34  14  24 -12  41   0 0.00    M    M  8.0 16  80   M    M   3        21  70
 3  34  29  32  -5  33   0    M    M    M 12.2 18  30   M    M  10 18     23  80
 4  38  27  33  -5  32   0    M    M    M 12.7 23 340   M    M   6 1      30 360
 5  49  25  37  -1  28   0 0.00    M    0 11.6 23 180   M    M   2        28 190
 6  56  29  43   4  22   0    T    M    M  3.0 16 320   M    M   1 1      20 310
 7  55  33  44   5  21   0 0.00    M    M  8.7 23 330   M    M   2 12     30 330
 8  50  32  41   1  24   0 0.00    M    M 10.9 20 310   M    M   4        25 320
 9  74  35  55  15  10   0 0.00    M    M 13.6 30 290   M    M   2        40 290
10  56  37  47   6  18   0 0.00    M    M 12.8 28 280   M    M   2        37 290
11  59  38  49   8  16   0 0.05    M    M  6.5 16 270   M    M   5        18 360
12  55  40  48   6  17   0 0.01    M    M 13.1 25 100   M    M   4        33 110
13  42  26  34  -8  31   0 0.00    M    M 18.0 26 360   M    M   6        35 360
14  31  18  25 -18  40   0 0.00    M    M 16.1 25 310   M    M   2        33 310
15  34  13  24 -20  41   0    M    M    M  7.2 24 120   M    M   4 8      31 110
16  30  24  27 -17  38   0    M    M    M 19.0 25  40   M    M   9 128    35  80
17  42  21  32 -13  33   0 0.00    M    M  8.1 14  10   M    M   0        18  10
18  46  28  37  -8  28   0 0.00    M    M 13.8 28 120   M    M   6        37 120
19  67  40  54   8  11   0 0.06    M    M 14.0 27 170   M    M   3        37 160
20  72  39  56  10   9   0 0.00    M    M  6.7 13 340   M    M   1        15 120
21  57  37  47   0  18   0 0.00    M    M 13.5 26 330   M    M   2        35 320
22  59  31  45  -2  20   0 0.00    M    M  4.7 15 120   M    M   0 1      18 120
================================================================================
SM 1064  632       576   0  0.12    M    251.1          M       79
================================================================================
AV 48.4 28.7                              11.4 FASTST   M    M   4    MAX(MPH)
                                 MISC ---->  # 31 320               # 40  290
================================================================================
NOTES:
# LAST OF SEVERAL OCCURRENCES

COLUMN 17 PEAK WIND IN M.P.H.

PRELIMINARY LOCAL CLIMATOLOGICAL DATA (WS FORM: F-6) , PAGE 2

                                          STATION:  ALEXANDRIA MN
                                          MONTH:    APRIL
                                          YEAR:     2014
                                          LATITUDE:   45 52 N
                                          LONGITUDE:  95 23 W

[TEMPERATURE DATA]      [PRECIPITATION DATA]       SYMBOLS USED IN COLUMN 16

AVERAGE MONTHLY: 38.5   TOTAL FOR MONTH:   0.12    1 = FOG OR MIST
DPTR FM NORMAL:  -3.1   DPTR FM NORMAL:   -1.33    2 = FOG REDUCING VISIBILITY
HIGHEST:    74 ON  9    GRTST 24HR  0.24 ON 31- 1      TO 1/4 MILE OR LESS
LOWEST:     13 ON 15                               3 = THUNDER
                        SNOW, ICE PELLETS, HAIL    4 = ICE PELLETS
                        TOTAL MONTH:    M          5 = HAIL
                        GRTST 24HR    M  ON   M    6 = FREEZING RAIN OR DRIZZLE
                        GRTST DEPTH:   0           7 = DUSTSTORM OR SANDSTORM:
                                                       VSBY 1/2 MILE OR LESS
                                                   8 = SMOKE OR HAZE
[NO. OF DAYS WITH]      [WEATHER - DAYS WITH]      9 = BLOWING SNOW
                                                   X = TORNADO
MAX 32 OR BELOW:   3    0.01 INCH OR MORE:   3
MAX 90 OR ABOVE:   0    0.10 INCH OR MORE:   0
MIN 32 OR BELOW:  14    0.50 INCH OR MORE:   0
MIN  0 OR BELOW:   0    1.00 INCH OR MORE:   0

[HDD (BASE 65) ]
TOTAL THIS MO.   576    CLEAR  (SCALE 0-3)  12
DPTR FM NORMAL    58    PTCLDY (SCALE 4-7)   8
TOTAL FM JUL 1  9044    CLOUDY (SCALE 8-10)  2
DPTR FM NORMAL   781

[CDD (BASE 65) ]
TOTAL THIS MO.     0
DPTR FM NORMAL     0    [PRESSURE DATA]
TOTAL FM JAN 1     0    HIGHEST SLP M ON M
DPTR FM NORMAL     0    LOWEST  SLP 29.49 ON  9

[REMARKS]




U.S. Dept. of Commerce
NOAA National Weather Service
1325 East West Highway
Silver Spring, MD 20910
E-mail: w-nws.webmaster@noaa.gov
Page last modified: May 16, 2007
NATIONAL WEATHER SERVICE: for Safety, for Work, for Fun - FOR LIFE