827
CXUS53 KMPX 270700
CF6AXN
PRELIMINARY LOCAL CLIMATOLOGICAL DATA (WS FORM: F-6)

                                          STATION:   ALEXANDRIA MN
                                          MONTH:     NOVEMBER
                                          YEAR:      2014
                                          LATITUDE:   45 52 N
                                          LONGITUDE:  95 23 W

  TEMPERATURE IN F:       :PCPN:    SNOW:  WIND      :SUNSHINE: SKY     :PK WND
================================================================================
1   2   3   4   5  6A  6B    7    8   9   10  11  12  13   14  15   16   17  18
                                     12Z  AVG MX 2MIN
DY MAX MIN AVG DEP HDD CDD  WTR  SNW DPTH SPD SPD DIR MIN PSBL S-S WX    SPD DR
================================================================================

 1  45  27  36  -2  29   0    M    M    M 17.9 29 150   M    M   0        36 150
 2  54  36  45   8  20   0    M    M    M 14.3 23 170   M    M   0        29 170
 3  51  33  42   5  23   0    M    M    M  7.9 20 310   M    M   5        27 290
 4  42  29  36   0  29   0    M    M    M 12.6 25 300   M    M   6        31 320
 5  41  31  36   0  29   0    M    M    M  8.7 20  10   M    M   9 1      25  10
 6  41  28  35   0  30   0    M    M    M  7.9 17 300   M    M   5 1      21 300
 7  46  32  39   5  26   0    M    M    M 16.1 31 330   M    M   8 18     47 350
 8  38  32  35   1  30   0    M    M    M 16.0 33 340   M    M   7        43 340
 9  36  26  31  -2  34   0    M    M    M  7.9 16 350   M    M   5 1      20 350
10  26  20  23 -10  42   0    M    M    M 16.2 28  30   M    M  10 128    36  20
11  22  15  19 -13  46   0    M    M    M 13.8 21 320   M    M  10 1      25 350
12  24  15  20 -12  45   0    M    M    M 12.3 20 320   M    M  10 18     26 330
13  20   7  14 -17  51   0    M    M    M 13.2 21 320   M    M   8 18     25 320
14  15   0   8 -22  57   0    M    M    M  5.6 14 290   M    M   0 18     16 290
15  20   2  11 -19  54   0    M    M    M  5.7 17 310   M    M   8 18     20 310
16  17  -2   8 -21  57   0    M    M    M 13.8 23 330   M    M   4 18     30 310
17  13   7  10 -18  55   0    M    M    M 18.1 26 310   M    M  10 18     34 320
18  19   6  13 -15  52   0    M    M    M 12.4 18 200   M    M  10 1      24 200
19  22  11  17 -10  48   0    M    M    M 18.2 26 300   M    M   7 18     36 290
20  14   3   9 -18  56   0    M    M    M  8.0 14 300   M    M   0        18 290
21  31   6  19  -7  46   0    M    M    M 16.0 24 180   M    M   2        30 180
22  40  24  32   6  33   0    M    M    M 11.1 25 150   M    M   3 12     31 150
23  38  23  31   6  34   0    M    M    M 10.8 23 310   M    M   9 1      29 300
24  22  10  16  -8  49   0    M    M    M 19.1 28 330   M    M   9 18     38 310
25  22   5  14 -10  51   0    M    M    M  7.8 13 120   M    M   8        15 120
26   M   M   M   M   M   M    M    M    M   M   M   M   M    M   M         M  M
================================================================================
SM  759  426      1026   0    M     M    311.4          M      153
================================================================================
AV 30.4 17.0                              12.5 FASTST   M    M   6    MAX(MPH)
                                 MISC ---->  # 33 340               # 47  350
================================================================================
NOTES:
# LAST OF SEVERAL OCCURRENCES

COLUMN 17 PEAK WIND IN M.P.H.

PRELIMINARY LOCAL CLIMATOLOGICAL DATA (WS FORM: F-6) , PAGE 2

                                          STATION:  ALEXANDRIA MN
                                          MONTH:    NOVEMBER
                                          YEAR:     2014
                                          LATITUDE:   45 52 N
                                          LONGITUDE:  95 23 W

[TEMPERATURE DATA]      [PRECIPITATION DATA]       SYMBOLS USED IN COLUMN 16

AVERAGE MONTHLY: 23.7   TOTAL FOR MONTH:      M    1 = FOG OR MIST
DPTR FM NORMAL:  -6.9   DPTR FM NORMAL:       M    2 = FOG REDUCING VISIBILITY
HIGHEST:    54 ON  2    GRTST 24HR  0.32 ON  4- 5      TO 1/4 MILE OR LESS
LOWEST:     -2 ON 16                               3 = THUNDER
                        SNOW, ICE PELLETS, HAIL    4 = ICE PELLETS
                        TOTAL MONTH:    M          5 = HAIL
                        GRTST 24HR    M  ON   M    6 = FREEZING RAIN OR DRIZZLE
                        GRTST DEPTH:  M  ON   M    7 = DUSTSTORM OR SANDSTORM:
                                                       VSBY 1/2 MILE OR LESS
                                                   8 = SMOKE OR HAZE
[NO. OF DAYS WITH]      [WEATHER - DAYS WITH]      9 = BLOWING SNOW
                                                   X = TORNADO
MAX 32 OR BELOW:  14    0.01 INCH OR MORE:   0
MAX 90 OR ABOVE:   0    0.10 INCH OR MORE:   0
MIN 32 OR BELOW:  23    0.50 INCH OR MORE:   0
MIN  0 OR BELOW:   2    1.00 INCH OR MORE:   0

[HDD (BASE 65) ]
TOTAL THIS MO.  1026    CLEAR  (SCALE 0-3)   5
DPTR FM NORMAL   131    PTCLDY (SCALE 4-7)   9
TOTAL FM JUL 1  1787    CLOUDY (SCALE 8-10) 11
DPTR FM NORMAL     7

[CDD (BASE 65) ]
TOTAL THIS MO.     0
DPTR FM NORMAL     0    [PRESSURE DATA]
TOTAL FM JAN 1   429    HIGHEST SLP M ON M
DPTR FM NORMAL   -51    LOWEST  SLP 29.42 ON 23

[REMARKS]




U.S. Dept. of Commerce
NOAA National Weather Service
1325 East West Highway
Silver Spring, MD 20910
E-mail: w-nws.webmaster@noaa.gov
Page last modified: May 16, 2007
NATIONAL WEATHER SERVICE: for Safety, for Work, for Fun - FOR LIFE