819
CXUS53 KMPX 281000
CF6AXN
PRELIMINARY LOCAL CLIMATOLOGICAL DATA (WS FORM: F-6)

                                          STATION:   ALEXANDRIA MN
                                          MONTH:     JULY
                                          YEAR:      2014
                                          LATITUDE:   45 52 N
                                          LONGITUDE:  95 23 W

  TEMPERATURE IN F:       :PCPN:    SNOW:  WIND      :SUNSHINE: SKY     :PK WND
================================================================================
1   2   3   4   5  6A  6B    7    8   9   10  11  12  13   14  15   16   17  18
                                     12Z  AVG MX 2MIN
DY MAX MIN AVG DEP HDD CDD  WTR  SNW DPTH SPD SPD DIR MIN PSBL S-S WX    SPD DR
================================================================================

 1  65  54  60  -9   5   0 0.08    M    M 16.3 28 330   M    M  10 18     35 320
 2  71  55  63  -7   2   0 0.00    M    M 10.3 22 360   M    M   4        33  10
 3  75  51  63  -7   2   0 0.00    M    M  2.7  9 290   M    M   2        13 310
 4  79  58  69  -1   0   4 0.00    M    M 15.5 26 170   M    M   4        33 150
 5  89  67  78   8   0  13 0.00    M    M 14.3 22 220   M    M   1        30 190
 6  83  64  74   4   0   9 0.89    M    M 13.2 29  30   M    M   2 13     39  20
 7  77  63  70   0   0   5 0.23    M    M  9.6 23 300   M    M   3 38     33 260
 8  73  58  66  -4   0   1 0.00    M    M 14.3 26 320   M    M   2        34 310
 9  75  56  66  -4   0   1 0.00    M    M  4.6 15 300   M    M   2        19 330
10  82  57  70   0   0   5 0.61    M    M 10.0 21 180   M    M   3 13     26 170
11  85  69  77   6   0  12 0.08    M    M  8.0 28 200   M    M   5 13     36 200
12  75  63  69  -2   0   4 0.01    M    M  7.5 17 290   M    M   3        22 290
13  75  55  65  -6   0   0 0.00    M    M 11.7 23 310   M    M   2        29 330
14  63  51  57 -14   8   0 0.01    M    M 15.3 28 330   M    M   9 1      37 330
15  70  54  62  -9   3   0 0.00    M    M  8.1 17 330   M    M   5        23 330
16  74  51  63  -8   2   0 0.00    M    M  3.2 12 290   M    M   1        14 280
17  79  57  68  -3   0   3 0.00    M    M  8.3 15 160   M    M   4        19 180
18  80  62  71   0   0   6 0.00    M    M 15.1 28 170   M    M   2        35 170
19  81  65  73   2   0   8 0.00    M    M  9.5 20 190   M    M   3        25 190
20  87  66  77   6   0  12 0.00    M    M 12.6 25 190   M    M   3 1      31 180
21  91  66  79   8   0  14 0.78    M    M 12.4 43 300   M    M   2 138    55 300
22  78  63  71   0   0   6 0.00    M    M 12.6 22 330   M    M   2        31 330
23  78  58  68  -3   0   3 0.00    M    M  5.6 14 340   M    M   1        17 330
24  76  58  67  -4   0   2 0.29    M    M  9.3 35 140   M    M   2 13     43 140
25  77  62  70  -1   0   5 0.16    M    M  7.3 33 110   M    M   8 138    40 100
26  84  59  72   1   0   7    T    M    M 10.7 24 290   M    M   1 1      31 270
27  72  61  67  -4   0   2 0.01    M    M 16.7 25 330   M    M   9 18     36 320
================================================================================
SM 2094 1603        22 122  3.15    M    284.7          M       95
================================================================================
AV 77.6 59.4                              10.5 FASTST   M    M   4    MAX(MPH)
                                 MISC ---->  # 43 300               # 55  300
================================================================================
NOTES:
# LAST OF SEVERAL OCCURRENCES

COLUMN 17 PEAK WIND IN M.P.H.

PRELIMINARY LOCAL CLIMATOLOGICAL DATA (WS FORM: F-6) , PAGE 2

                                          STATION:  ALEXANDRIA MN
                                          MONTH:    JULY
                                          YEAR:     2014
                                          LATITUDE:   45 52 N
                                          LONGITUDE:  95 23 W

[TEMPERATURE DATA]      [PRECIPITATION DATA]       SYMBOLS USED IN COLUMN 16

AVERAGE MONTHLY: 68.5   TOTAL FOR MONTH:   3.15    1 = FOG OR MIST
DPTR FM NORMAL:  -2.1   DPTR FM NORMAL:    0.12    2 = FOG REDUCING VISIBILITY
HIGHEST:    91 ON 21    GRTST 24HR  0.89 ON  6- 6      TO 1/4 MILE OR LESS
LOWEST:     51 ON 16,14                            3 = THUNDER
                        SNOW, ICE PELLETS, HAIL    4 = ICE PELLETS
                        TOTAL MONTH:    M          5 = HAIL
                        GRTST 24HR    M  ON   M    6 = FREEZING RAIN OR DRIZZLE
                        GRTST DEPTH:  M  ON   M    7 = DUSTSTORM OR SANDSTORM:
                                                       VSBY 1/2 MILE OR LESS
                                                   8 = SMOKE OR HAZE
[NO. OF DAYS WITH]      [WEATHER - DAYS WITH]      9 = BLOWING SNOW
                                                   X = TORNADO
MAX 32 OR BELOW:   0    0.01 INCH OR MORE:  11
MAX 90 OR ABOVE:   1    0.10 INCH OR MORE:   6
MIN 32 OR BELOW:   0    0.50 INCH OR MORE:   3
MIN  0 OR BELOW:   0    1.00 INCH OR MORE:   0

[HDD (BASE 65) ]
TOTAL THIS MO.    22    CLEAR  (SCALE 0-3)  16
DPTR FM NORMAL     9    PTCLDY (SCALE 4-7)   8
TOTAL FM JUL 1    22    CLOUDY (SCALE 8-10)  3
DPTR FM NORMAL     9

[CDD (BASE 65) ]
TOTAL THIS MO.   122
DPTR FM NORMAL   -38    [PRESSURE DATA]
TOTAL FM JAN 1   246    HIGHEST SLP M ON M
DPTR FM NORMAL   -30    LOWEST  SLP 29.56 ON  1

[REMARKS]




U.S. Dept. of Commerce
NOAA National Weather Service
1325 East West Highway
Silver Spring, MD 20910
E-mail: w-nws.webmaster@noaa.gov
Page last modified: May 16, 2007
NATIONAL WEATHER SERVICE: for Safety, for Work, for Fun - FOR LIFE