769
CXUS53 KMPX 311000
CF6AXN
PRELIMINARY LOCAL CLIMATOLOGICAL DATA (WS FORM: F-6)

                                          STATION:   ALEXANDRIA MN
                                          MONTH:     JANUARY
                                          YEAR:      2015
                                          LATITUDE:   45 52 N
                                          LONGITUDE:  95 23 W

  TEMPERATURE IN F:       :PCPN:    SNOW:  WIND      :SUNSHINE: SKY     :PK WND
================================================================================
1   2   3   4   5  6A  6B    7    8   9   10  11  12  13   14  15   16   17  18
                                     12Z  AVG MX 2MIN
DY MAX MIN AVG DEP HDD CDD  WTR  SNW DPTH SPD SPD DIR MIN PSBL S-S WX    SPD DR
================================================================================

 1  28   6  17   6  48   0    M    M    M 10.1 23 250   M    M   6 1      31 260
 2  30   4  17   7  48   0    M    M    M 12.3 22 170   M    M   7        27 160
 3  25  -7   9  -1  56   0    M    M    M 14.8 26 360   M    M   5 8      32 350
 4  -3 -11  -7 -17  72   0    M    M    M 15.6 24 300   M    M   3 8      31 320
 5   0 -12  -6 -16  71   0    M    M    M  8.1 17 270   M    M   3 18     23 290
 6   3  -7  -2 -12  67   0    M    M    M 16.8 29 330   M    M   3 8      38 330
 7  -1 -11  -6 -16  71   0    M    M    M 15.0 26 330   M    M   1 8      37 340
 8  12  -4   4  -6  61   0    M    M    M 19.0 33 320   M    M   8 18     44 340
 9   4  -6  -1 -11  66   0    M    M    M 15.5 24 280   M    M   6 8      29 290
10  18  -9   5  -5  60   0    M    M    M  6.8 14 220   M    M   1        17 230
11  10  -5   3  -7  62   0    M    M    M  6.3 13 310   M    M   6 8      16 310
12   1 -15  -7 -17  72   0    M    M    M  5.4 14 340   M    M   0 18     18 340
13  14 -11   2  -8  63   0    M    M    M 12.5 20 170   M    M   4 18     23 170
14  24   3  14   4  51   0    M    M    M  6.9 16 220   M    M   7 1      19 210
15  32  18  25  15  40   0    M    M    M  8.8 17 330   M    M   4 12     22 300
16  27  22  25  15  40   0    M    M    M 11.1 18 100   M    M  10 1      24 110
17  35  25  30  20  35   0    M    M    M 14.5 32 300   M    M   7 168    42 300
18  35  20  28  18  37   0    M    M    M  6.2 17 300   M    M   0        22 300
19  36  24  30  20  35   0    M    M    M  8.0 15 140   M    M   7 1      20 150
20  30  26  28  18  37   0    M    M    M  7.3 12 100   M    M  10 1      14  90
21  27   6  17   7  48   0    M    M    M  7.0 13 300   M    M   8 1      16 340
22  30   1  16   6  49   0    M    M    M 11.3 25 220   M    M   4 1      30 230
23  38  27  33  23  32   0    M    M    M 11.5 22 210   M    M   3        29 220
24  36  28  32  22  33   0    M    M    M  7.5 14  40   M    M   5 1      17  40
25  33  24  29  19  36   0    M    M    M  7.1 13 190   M    M   9        16 190
26  40  26  33  22  32   0    M    M    M 13.9 25 230   M    M   7 1      32 320
27  34  27  31  20  34   0    M    M    M 10.6 21 160   M    M  10        26 140
28  32  30  31  20  34   0    M    M    M 13.6 23 330   M    M  10 1      30 330
29  31   7  19   8  46   0    M    M    M 15.9 29 330   M    M   7        38 340
30  25   6  16   5  49   0    M    M    M  7.7 21 160   M    M   4 18     23 160
================================================================================
SM  686  232      1485   0    M     M    327.1          M      165
================================================================================
AV 22.9  7.7                              10.9 FASTST   M    M   6    MAX(MPH)
                                 MISC ---->  # 33 320               # 44  340
================================================================================
NOTES:
# LAST OF SEVERAL OCCURRENCES

COLUMN 17 PEAK WIND IN M.P.H.

PRELIMINARY LOCAL CLIMATOLOGICAL DATA (WS FORM: F-6) , PAGE 2

                                          STATION:  ALEXANDRIA MN
                                          MONTH:    JANUARY
                                          YEAR:     2015
                                          LATITUDE:   45 52 N
                                          LONGITUDE:  95 23 W

[TEMPERATURE DATA]      [PRECIPITATION DATA]       SYMBOLS USED IN COLUMN 16

AVERAGE MONTHLY: 15.3   TOTAL FOR MONTH:      M    1 = FOG OR MIST
DPTR FM NORMAL:   5.1   DPTR FM NORMAL:       M    2 = FOG REDUCING VISIBILITY
HIGHEST:    40 ON 26    GRTST 24HR  0.03 ON 19-20      TO 1/4 MILE OR LESS
LOWEST:    -15 ON 12                               3 = THUNDER
                        SNOW, ICE PELLETS, HAIL    4 = ICE PELLETS
                        TOTAL MONTH:    M          5 = HAIL
                        GRTST 24HR    M  ON   M    6 = FREEZING RAIN OR DRIZZLE
                        GRTST DEPTH:  M  ON   M    7 = DUSTSTORM OR SANDSTORM:
                                                       VSBY 1/2 MILE OR LESS
                                                   8 = SMOKE OR HAZE
[NO. OF DAYS WITH]      [WEATHER - DAYS WITH]      9 = BLOWING SNOW
                                                   X = TORNADO
MAX 32 OR BELOW:  22    0.01 INCH OR MORE:   0
MAX 90 OR ABOVE:   0    0.10 INCH OR MORE:   0
MIN 32 OR BELOW:  30    0.50 INCH OR MORE:   0
MIN  0 OR BELOW:  11    1.00 INCH OR MORE:   0

[HDD (BASE 65) ]
TOTAL THIS MO.  1485    CLEAR  (SCALE 0-3)   8
DPTR FM NORMAL  -158    PTCLDY (SCALE 4-7)  16
TOTAL FM JUL 1  4895    CLOUDY (SCALE 8-10)  6
DPTR FM NORMAL  -259

[CDD (BASE 65) ]
TOTAL THIS MO.     0
DPTR FM NORMAL     0    [PRESSURE DATA]
TOTAL FM JAN 1     0    HIGHEST SLP M ON M
DPTR FM NORMAL     0    LOWEST  SLP 29.55 ON 17

[REMARKS]




U.S. Dept. of Commerce
NOAA National Weather Service
1325 East West Highway
Silver Spring, MD 20910
E-mail: w-nws.webmaster@noaa.gov
Page last modified: May 16, 2007
NATIONAL WEATHER SERVICE: for Safety, for Work, for Fun - FOR LIFE