704
CXUS53 KMPX 271000
CF6AXN
PRELIMINARY LOCAL CLIMATOLOGICAL DATA (WS FORM: F-6)

                                          STATION:   ALEXANDRIA MN
                                          MONTH:     AUGUST
                                          YEAR:      2014
                                          LATITUDE:   45 52 N
                                          LONGITUDE:  95 23 W

  TEMPERATURE IN F:       :PCPN:    SNOW:  WIND      :SUNSHINE: SKY     :PK WND
================================================================================
1   2   3   4   5  6A  6B    7    8   9   10  11  12  13   14  15   16   17  18
                                     12Z  AVG MX 2MIN
DY MAX MIN AVG DEP HDD CDD  WTR  SNW DPTH SPD SPD DIR MIN PSBL S-S WX    SPD DR
================================================================================

 1  82  61  72   2   0   7    T    M    M  3.7 14 300   M    M   1 1      21 230
 2  83  61  72   2   0   7 0.54    M    M  3.5 33 300   M    M   2 13     41 280
 3  82  63  73   3   0   8 0.01    M    M  4.9 13  40   M    M   2        16  40
 4  76  62  69  -1   0   4 0.00    M    M  8.1 14 350   M    M   1        17  60
 5  78  56  67  -3   0   2 0.00    M    M  5.2 13  80   M    M   0        18  80
 6  80  59  70   0   0   5 0.00    M    M  5.7 13 130   M    M   1        17  80
 7  80  61  71   1   0   6 0.00    M    M  7.2 16 150   M    M   2        22 150
 8  81  61  71   1   0   6 0.00    M    M  7.8 20 170   M    M   4        23 170
 9  77  66  72   2   0   7    T    M    M  8.6 17 120   M    M   9        22 120
10  78  65  72   2   0   7 1.48    M    M  8.9 24 340   M    M   9 18     29 350
11  74  58  66  -4   0   1 0.00    M    M 12.0 22 350   M    M   1        28 350
12  77  56  67  -2   0   2 0.00    M    M  7.6 16 310   M    M   0        20 300
13  82  60  71   2   0   6 0.00    M    M  5.3 10 120   M    M   2        13 120
14  74  60  67  -2   0   2    T    M    M  8.5 14 150   M    M   2        18 140
15  81  64  73   4   0   8    T    M    M  8.1 16 190   M    M   3        19 180
16  83  67  75   6   0  10 0.01    M    M  5.5 13 110   M    M   6 1      16 110
17  71  63  67  -2   0   2 0.59    M    M  8.6 18 110   M    M  10 123    21 110
18  79  64  72   4   0   7 0.07    M    M  6.7 17 230   M    M   5 123    22 260
19  80  63  72   4   0   7 0.00    M    M  5.5 16 310   M    M   4 12     19 320
20  82  63  73   5   0   8 0.25    M    M  9.6 18 110   M    M   2 13     23 110
21  74  66  70   2   0   5 0.67    M    M  6.7 20 120   M    M   8 123    25 120
22  83  66  75   7   0  10 0.00    M    M  4.1 13  20   M    M   6 12     15  10
23  75  66  71   4   0   6    T    M    M 11.5 22  80   M    M   9 1      28  90
24  83  62  73   6   0   8 0.68    M    M 10.3 39 220   M    M   6 13     50 230
25  69  55  62  -5   3   0 0.00    M    M 13.8 24 260   M    M   4        33 250
26  67  50  59  -7   6   0 0.09    M    M  5.9 17 330   M    M   5 1      24 320
================================================================================
SM 2031 1598         9 141  4.39    M    193.3          M      104
================================================================================
AV 78.1 61.5                               7.4 FASTST   M    M   4    MAX(MPH)
                                 MISC ---->  # 39 220               # 50  230
================================================================================
NOTES:
# LAST OF SEVERAL OCCURRENCES

COLUMN 17 PEAK WIND IN M.P.H.

PRELIMINARY LOCAL CLIMATOLOGICAL DATA (WS FORM: F-6) , PAGE 2

                                          STATION:  ALEXANDRIA MN
                                          MONTH:    AUGUST
                                          YEAR:     2014
                                          LATITUDE:   45 52 N
                                          LONGITUDE:  95 23 W

[TEMPERATURE DATA]      [PRECIPITATION DATA]       SYMBOLS USED IN COLUMN 16

AVERAGE MONTHLY: 69.8   TOTAL FOR MONTH:   4.39    1 = FOG OR MIST
DPTR FM NORMAL:   0.9   DPTR FM NORMAL:    1.46    2 = FOG REDUCING VISIBILITY
HIGHEST:    83 ON 24,22 GRTST 24HR  1.48 ON 10-10      TO 1/4 MILE OR LESS
LOWEST:     50 ON 26                               3 = THUNDER
                        SNOW, ICE PELLETS, HAIL    4 = ICE PELLETS
                        TOTAL MONTH:    M          5 = HAIL
                        GRTST 24HR    M  ON   M    6 = FREEZING RAIN OR DRIZZLE
                        GRTST DEPTH:  M  ON   M    7 = DUSTSTORM OR SANDSTORM:
                                                       VSBY 1/2 MILE OR LESS
                                                   8 = SMOKE OR HAZE
[NO. OF DAYS WITH]      [WEATHER - DAYS WITH]      9 = BLOWING SNOW
                                                   X = TORNADO
MAX 32 OR BELOW:   0    0.01 INCH OR MORE:  10
MAX 90 OR ABOVE:   0    0.10 INCH OR MORE:   6
MIN 32 OR BELOW:   0    0.50 INCH OR MORE:   5
MIN  0 OR BELOW:   0    1.00 INCH OR MORE:   1

[HDD (BASE 65) ]
TOTAL THIS MO.     9    CLEAR  (SCALE 0-3)  12
DPTR FM NORMAL   -17    PTCLDY (SCALE 4-7)  10
TOTAL FM JUL 1    31    CLOUDY (SCALE 8-10)  4
DPTR FM NORMAL   -11

[CDD (BASE 65) ]
TOTAL THIS MO.   141
DPTR FM NORMAL    14    [PRESSURE DATA]
TOTAL FM JAN 1   398    HIGHEST SLP M ON M
DPTR FM NORMAL   -33    LOWEST  SLP 29.65 ON 18

[REMARKS]




U.S. Dept. of Commerce
NOAA National Weather Service
1325 East West Highway
Silver Spring, MD 20910
E-mail: w-nws.webmaster@noaa.gov
Page last modified: May 16, 2007
NATIONAL WEATHER SERVICE: for Safety, for Work, for Fun - FOR LIFE