965
CXUS51 KBGM 310800
CF6AVP
PRELIMINARY LOCAL CLIMATOLOGICAL DATA (WS FORM: F-6)

                                          STATION:   AVOCA PA
                                          MONTH:     JULY
                                          YEAR:      2014
                                          LATITUDE:   41 19 N
                                          LONGITUDE:  75 44 W

  TEMPERATURE IN F:       :PCPN:    SNOW:  WIND      :SUNSHINE: SKY     :PK WND
================================================================================
1   2   3   4   5  6A  6B    7    8   9   10  11  12  13   14  15   16   17  18
                                     12Z  AVG MX 2MIN
DY MAX MIN AVG DEP HDD CDD  WTR  SNW DPTH SPD SPD DIR MIN PSBL S-S WX    SPD DR
================================================================================

 1  90  68  79   8   0  14 0.00  0.0    M  5.8 18 210   M    M   2        31 210
 2  91  71  81  10   0  16 0.30  0.0    M  2.6 28 310   M    M   2 18     38 320
 3  90  68  79   8   0  14 0.22  0.0    M  4.6 31 280   M    M   4 13     40 290
 4  73  60  67  -4   0   2 0.07  0.0    M  9.0 23 320   M    M   7 1      32 310
 5  81  54  68  -3   0   3 0.00  0.0    M  6.1 16 290   M    M   0        23 280
 6  85  54  70  -1   0   5 0.00  0.0    M  6.0 18 270   M    M   1        25 270
 7  89  67  78   7   0  13 0.74  0.0    M  6.8 26 320   M    M   7 1      40 290
 8  87  65  76   5   0  11 0.59  0.0    M  5.5 43 250   M    M   4 18     53 250
 9  85  64  75   4   0  10    T  0.0    M  6.7 22 310   M    M   3 1      31 290
10  80  61  71  -1   0   6 0.00  0.0    M  4.0 10 340   M    M   4 1      15 320
11  83  60  72   0   0   7 0.00  0.0    M  3.5 10 320   M    M   2        14 340
12  84  63  74   2   0   9    T  0.0    M  4.9 16 200   M    M   3        26 200
13  85  71  78   6   0  13 0.32  0.0    M  6.9 17 210   M    M   6 1      29 210
14  79  69  74   2   0   9    T  0.0    M  1.7  8 260   M    M   8 18     10 230
15  83  68  76   4   0  11 0.01  0.0    M  2.3 14 310   M    M   5 1      17 330
16  79  62  71  -1   0   6    T  0.0    M  3.9 13 320   M    M   4        20  40
17  76  56  66  -6   0   1 0.00  0.0    M  4.1 13 320   M    M   5        15 320
18  79  53  66  -6   0   1 0.00  0.0    M  3.7 10 270   M    M   1        15 270
19  80  61  71  -1   0   6    T  0.0    M  3.0 10 150   M    M   2        16 160
20  81  63  72   0   0   7    T  0.0    M  1.8  9  60   M    M   9        13  50
21  85  62  74   2   0   9 0.00  0.0    M  2.3 10 230   M    M   4        15 210
22  88  65  77   5   0  12 0.00  0.0    M  6.1 15 250   M    M   2        21 260
23  92  70  81   9   0  16 0.01  0.0    M  7.1 25 330   M    M   4        33 330
24  79  56  68  -4   0   3 0.00  0.0    0  8.1 18 360   M    M   6        28 360
25  82  51  67  -5   0   2 0.00  0.0    0  2.3  9 260   M    M   0        18 360
26  82  57  70  -2   0   5    T  0.0    0  3.8 15 250   M    M   6        18 260
27  89  69  79   7   0  14 0.04  0.0    0  6.3 15 260   M    M   4        21 250
28  80  59  70  -1   0   5 0.18  0.0    M  7.0 24 340   M    M   9 1      32 340
29  71  55  63  -8   2   0    T  0.0    M  4.4 15 300   M    M   7 1      17 310
30  78  52  65  -6   0   0 0.01  0.0    0  4.7 14 260   M    M   5        20 260
================================================================================
SM 2486 1854         2 230  2.49     0.0 145.0          M      126
================================================================================
AV 82.9 61.8                               4.8 FASTST   M    M   4    MAX(MPH)
                                 MISC ---->  # 43 250               # 53  250
================================================================================
NOTES:
# LAST OF SEVERAL OCCURRENCES

COLUMN 17 PEAK WIND IN M.P.H.

PRELIMINARY LOCAL CLIMATOLOGICAL DATA (WS FORM: F-6) , PAGE 2

                                          STATION:  AVOCA PA
                                          MONTH:    JULY
                                          YEAR:     2014
                                          LATITUDE:   41 19 N
                                          LONGITUDE:  75 44 W

[TEMPERATURE DATA]      [PRECIPITATION DATA]       SYMBOLS USED IN COLUMN 16

AVERAGE MONTHLY: 72.3   TOTAL FOR MONTH:   2.49    1 = FOG OR MIST
DPTR FM NORMAL:   0.7   DPTR FM NORMAL:   -1.17    2 = FOG REDUCING VISIBILITY
HIGHEST:    92 ON 23    GRTST 24HR  0.97 ON  7- 8      TO 1/4 MILE OR LESS
LOWEST:     51 ON 25                               3 = THUNDER
                        SNOW, ICE PELLETS, HAIL    4 = ICE PELLETS
                        TOTAL MONTH:   0.0 INCH    5 = HAIL
                        GRTST 24HR     0.0         6 = FREEZING RAIN OR DRIZZLE
                        GRTST DEPTH:   0           7 = DUSTSTORM OR SANDSTORM:
                                                       VSBY 1/2 MILE OR LESS
                                                   8 = SMOKE OR HAZE
[NO. OF DAYS WITH]      [WEATHER - DAYS WITH]      9 = BLOWING SNOW
                                                   X = TORNADO
MAX 32 OR BELOW:   0    0.01 INCH OR MORE:  11
MAX 90 OR ABOVE:   4    0.10 INCH OR MORE:   6
MIN 32 OR BELOW:   0    0.50 INCH OR MORE:   2
MIN  0 OR BELOW:   0    1.00 INCH OR MORE:   0

[HDD (BASE 65) ]
TOTAL THIS MO.     2    CLEAR  (SCALE 0-3)  10
DPTR FM NORMAL     2    PTCLDY (SCALE 4-7)  18
TOTAL FM JUL 1     2    CLOUDY (SCALE 8-10)  2
DPTR FM NORMAL     2

[CDD (BASE 65) ]
TOTAL THIS MO.   230
DPTR FM NORMAL    26    [PRESSURE DATA]
TOTAL FM JAN 1   430    HIGHEST SLP 30.27 ON 18
DPTR FM NORMAL    72    LOWEST  SLP 29.50 ON 28

[REMARKS]




U.S. Dept. of Commerce
NOAA National Weather Service
1325 East West Highway
Silver Spring, MD 20910
E-mail: w-nws.webmaster@noaa.gov
Page last modified: May 16, 2007
NATIONAL WEATHER SERVICE: for Safety, for Work, for Fun - FOR LIFE