700
CXUS52 KGSP 270817
CF6AVL
PRELIMINARY LOCAL CLIMATOLOGICAL DATA (WS FORM: F-6)

                                          STATION:   ASHEVILLE NC
                                          MONTH:     AUGUST
                                          YEAR:      2014
                                          LATITUDE:   35 25 N
                                          LONGITUDE:  82 33 W

  TEMPERATURE IN F:       :PCPN:    SNOW:  WIND      :SUNSHINE: SKY     :PK WND
================================================================================
1   2   3   4   5  6A  6B    7    8   9   10  11  12  13   14  15   16   17  18
                                     12Z  AVG MX 2MIN
DY MAX MIN AVG DEP HDD CDD  WTR  SNW DPTH SPD SPD DIR MIN PSBL S-S WX    SPD DR
================================================================================

 1  73  62  68  -6   0   3 0.14  0.0    0  3.8 10  40   M    M   8 1      17  40
 2  75  64  70  -4   0   5 0.02  0.0    0  2.4  9 170   M    M   9         M  M
 3  83  64  74   0   0   9    T  0.0    0  5.4 15 340   M    M   4        19 330
 4  81  63  72  -2   0   7    T  0.0    0  4.0 14 160   M    M   7 3      17 170
 5  83  63  73  -1   0   8 0.00  0.0    0  2.1 10 340   M    M   6 138    15 220
 6  83  58  71  -3   0   6 0.04  0.0    0  2.4 12 340   M    M   5 12     13 330
 7  84  63  74   0   0   9 0.00  0.0    0  4.2 15 340   M    M   2 1      21 340
 8  74  64  69  -5   0   4 0.63  0.0    0  2.6  9 170   M    M   7 18     14 170
 9  82  67  75   1   0  10 1.94  0.0    0  1.9 15 170   M    M   9 1      19 170
10  71  64  68  -6   0   3 0.02  0.0    0  4.3 10 160   M    M  10 18     13 100
11  82  66  74   0   0   9 0.11  0.0    0  4.2 13 170   M    M   8 13     16 180
12  83  67  75   1   0  10 0.16  0.0    0  5.8 20 340   M    M   6 18     23 330
13  76  61  69  -4   0   4 0.00  0.0    0 10.3 23 330   M    M   1        30 340
14  80  56  68  -5   0   3 0.00  0.0    0  4.3 12 350   M    M   2        14 350
15  81  58  70  -3   0   5 0.00  0.0    0  4.8 12 340   M    M   2        16 340
16  82  58  70  -3   0   5 0.00  0.0    0  2.8 10 330   M    M   0        13 330
17  84  61  73   0   0   8 0.00  0.0    0  1.8 12 330   M    M   2        14 330
18  84  68  76   3   0  11 0.10  0.0    0  4.4 15 330   M    M   5 1      20 340
19  85  65  75   2   0  10    T  0.0    0  6.1 17 320   M    M   2        24 330
20  88  63  76   3   0  11    T  0.0    0  4.3 22 350   M    M   0 13     27 340
21  87  63  75   2   0  10    T  0.0    0  6.7 18 170   M    M   2 3      25 330
22  90  67  79   7   0  14    T  0.0    0  5.6 17 340   M    M   1        21 350
23  88  66  77   5   0  12 0.00  0.0    0  6.8 20 330   M    M   2        26 340
24  78  66  72   0   0   7    T  0.0    0  3.5 12 120   M    M   8        18 140
25  79  59  69  -3   0   4 0.00  0.0    0  2.9  8 110   M    M   7 8      13 150
26  84  53  69  -3   0   4 0.00  0.0    0  4.1 16 350   M    M   3 1      21 340
================================================================================
SM 2120 1629         0 191  3.16     0.0 111.5          M      118
================================================================================
AV 81.5 62.7                               4.3 FASTST   M    M   5    MAX(MPH)
                                 MISC ---->  # 23 330               # 30  340
================================================================================
NOTES:
# LAST OF SEVERAL OCCURRENCES

COLUMN 17 PEAK WIND IN M.P.H.

PRELIMINARY LOCAL CLIMATOLOGICAL DATA (WS FORM: F-6) , PAGE 2

                                          STATION:  ASHEVILLE NC
                                          MONTH:    AUGUST
                                          YEAR:     2014
                                          LATITUDE:   35 25 N
                                          LONGITUDE:  82 33 W

[TEMPERATURE DATA]      [PRECIPITATION DATA]       SYMBOLS USED IN COLUMN 16

AVERAGE MONTHLY: 72.1   TOTAL FOR MONTH:   3.16    1 = FOG OR MIST
DPTR FM NORMAL:  -1.2   DPTR FM NORMAL:   -0.54    2 = FOG REDUCING VISIBILITY
HIGHEST:    90 ON 22    GRTST 24HR  1.94 ON  9- 9      TO 1/4 MILE OR LESS
LOWEST:     53 ON 26                               3 = THUNDER
                        SNOW, ICE PELLETS, HAIL    4 = ICE PELLETS
                        TOTAL MONTH:   0.0 INCH    5 = HAIL
                        GRTST 24HR     0.0         6 = FREEZING RAIN OR DRIZZLE
                        GRTST DEPTH:   0           7 = DUSTSTORM OR SANDSTORM:
                                                       VSBY 1/2 MILE OR LESS
                                                   8 = SMOKE OR HAZE
[NO. OF DAYS WITH]      [WEATHER - DAYS WITH]      9 = BLOWING SNOW
                                                   X = TORNADO
MAX 32 OR BELOW:   0    0.01 INCH OR MORE:   9
MAX 90 OR ABOVE:   1    0.10 INCH OR MORE:   6
MIN 32 OR BELOW:   0    0.50 INCH OR MORE:   2
MIN  0 OR BELOW:   0    1.00 INCH OR MORE:   1

[HDD (BASE 65) ]
TOTAL THIS MO.     0    CLEAR  (SCALE 0-3)  12
DPTR FM NORMAL     0    PTCLDY (SCALE 4-7)  10
TOTAL FM JUL 1     2    CLOUDY (SCALE 8-10)  4
DPTR FM NORMAL     2

[CDD (BASE 65) ]
TOTAL THIS MO.   191
DPTR FM NORMAL   -24    [PRESSURE DATA]
TOTAL FM JAN 1   706    HIGHEST SLP M ON M
DPTR FM NORMAL   -19    LOWEST  SLP 29.76 ON 12

[REMARKS]




U.S. Dept. of Commerce
NOAA National Weather Service
1325 East West Highway
Silver Spring, MD 20910
E-mail: w-nws.webmaster@noaa.gov
Page last modified: May 16, 2007
NATIONAL WEATHER SERVICE: for Safety, for Work, for Fun - FOR LIFE