570
CXUS52 KGSP 012107
CF6AVL

PRELIMINARY LOCAL CLIMATOLOGICAL DATA (WS FORM: F-6)

                                          STATION:   ASHEVILLE NC
                                          MONTH:     NOVEMBER
                                          YEAR:      2014
                                          LATITUDE:   35 25 N
                                          LONGITUDE:  82 33 W

  TEMPERATURE IN F:       :PCPN:    SNOW:  WIND      :SUNSHINE: SKY     :PK WND
================================================================================
1   2   3   4   5  6A  6B    7    8   9   10  11  12  13   14  15   16   17  18
                                     12Z  AVG MX 2MIN
DY MAX MIN AVG DEP HDD CDD  WTR  SNW DPTH SPD SPD DIR MIN PSBL S-S WX    SPD DR
================================================================================

 1  41  32  37 -15  28   0 0.15  3.2    3 21.7 38 330   M    M  10 1      47 340
 2  47  31  39 -12  26   0 0.00  0.0    0 16.6 36 330   M    M   2        45 340
 3  66  25  46  -5  19   0 0.00  0.0    0  2.9 10 330   M    M   0        14 350
 4  71  34  53   2  12   0 0.00  0.0    0  5.0 15 180   M    M   0        19 180
 5  63  43  53   3  12   0 0.00  0.0    0  4.1 16 180   M    M   1        20 180
 6  70  45  58   8   7   0    T  0.0    0 13.8 29 330   M    M   6        37 330
 7  50  32  41  -9  24   0    T  0.0    0 13.8 37 330   M    M   4        43 340
 8  58  28  43  -7  22   0 0.00  0.0    0  3.2 13 170   M    M   0 1      17 150
 9  64  34  49   0  16   0 0.00  0.0    0  3.4 13 350   M    M   0        17 340
10  63  30  47  -2  18   0 0.00  0.0    0  3.0 15 150   M    M   0        22 160
11  71  29  50   1  15   0 0.00  0.0    0  2.9  9 360   M    M   1 12     13 150
12  65  37  51   3  14   0 0.00  0.0    0 10.1 22 340   M    M   2        29 340
13  47  30  39  -9  26   0    T    T    0 15.0 29 340   M    M  10 14     38 340
14  34  23  29 -19  36   0 0.00  0.0    0 16.0 30 340   M    M   3        38 340
15  42  18  30 -18  35   0 0.00  0.0    0  5.2 13 140   M    M   1        18 130
16  56  32  44  -3  21   0    T  0.0    0  6.6 13 170   M    M   6        19 160
17  56  25  41  -6  24   0 1.15    T    0 12.8 32 340   M    M   9 1      41 340
18  30  17  24 -22  41   0    T    T    0 11.2 21 340   M    M   1        31 340
19  42  15  29 -17  36   0 0.00  0.0    0  6.0 16 170   M    M   0        21 180
20  55  23  39  -7  26   0 0.00  0.0    0  4.4 17 300   M    M   1        25 260
21  52  27  40  -6  25   0 0.00  0.0    0  6.9 17 340   M    M   0        21 330
22  57  21  39  -6  26   0 0.00  0.0    0  4.9 17 160   M    M   2        21 160
23  56  40  48   3  17   0 2.05  0.0    0  5.3 31 250   M    M  10 13     42 260
24  67  49  58  13   7   0 0.00  0.0    0 11.4 23 190   M    M   1        30 210
25  57  43  50   6  15   0    T  0.0    0 11.3 22 340   M    M   1        28 340
26  51  36  44   0  21   0 0.48  0.0    0  6.4 15 340   M    M   5 1      19 340
27  41  28  35  -9  30   0    T    T    0 11.5 25 330   M    M   8        34 340
28  43  24  34 -10  31   0 0.00  0.0    0  7.7 23 340   M    M   3        28 360
29  58  26  42  -1  23   0 0.00  0.0    0  4.0 15 200   M    M   0        18 200
30  67  30  49   6  16   0 0.00  0.0    0  3.5 14 210   M    M   0        17 210
================================================================================
SM 1640  907       669   0  3.83     3.2 250.6          M       87
================================================================================
AV 54.7 30.2                               8.4 FASTST   M    M   3    MAX(MPH)
                                 MISC ---->  # 38 330               # 47  340
================================================================================
NOTES:
# LAST OF SEVERAL OCCURRENCES

COLUMN 17 PEAK WIND IN M.P.H.

PRELIMINARY LOCAL CLIMATOLOGICAL DATA (WS FORM: F-6) , PAGE 2

                                          STATION:  ASHEVILLE NC
                                          MONTH:    NOVEMBER
                                          YEAR:     2014
                                          LATITUDE:   35 25 N
                                          LONGITUDE:  82 33 W

[TEMPERATURE DATA]      [PRECIPITATION DATA]       SYMBOLS USED IN COLUMN 16

AVERAGE MONTHLY: 42.5   TOTAL FOR MONTH:   3.83    1 = FOG OR MIST
DPTR FM NORMAL:  -4.8   DPTR FM NORMAL:    0.18    2 = FOG REDUCING VISIBILITY
HIGHEST:    71 ON 11, 4 GRTST 24HR  2.05 ON 23-23      TO 1/4 MILE OR LESS
LOWEST:     15 ON 19                               3 = THUNDER
                        SNOW, ICE PELLETS, HAIL    4 = ICE PELLETS
                        TOTAL MONTH:   3.2 INCHES  5 = HAIL
                        GRTST 24HR   3.2 ON   1    6 = FREEZING RAIN OR DRIZZLE
                        GRTST DEPTH:   3 ON  1     7 = DUSTSTORM OR SANDSTORM:
                                                       VSBY 1/2 MILE OR LESS
                                                   8 = SMOKE OR HAZE
[NO. OF DAYS WITH]      [WEATHER - DAYS WITH]      9 = BLOWING SNOW
                                                   X = TORNADO
MAX 32 OR BELOW:   1    0.01 INCH OR MORE:   4
MAX 90 OR ABOVE:   0    0.10 INCH OR MORE:   4
MIN 32 OR BELOW:  21    0.50 INCH OR MORE:   2
MIN  0 OR BELOW:   0    1.00 INCH OR MORE:   2

[HDD (BASE 65) ]
TOTAL THIS MO.   669    CLEAR  (SCALE 0-3)  20
DPTR FM NORMAL   137    PTCLDY (SCALE 4-7)   6
TOTAL FM JUL 1   915    CLOUDY (SCALE 8-10)  4
DPTR FM NORMAL    48

[CDD (BASE 65) ]
TOTAL THIS MO.     0
DPTR FM NORMAL    -1    [PRESSURE DATA]
TOTAL FM JAN 1   919    HIGHEST SLP 30.55 ON 22
DPTR FM NORMAL    56    LOWEST  SLP 29.64 ON 17

[REMARKS]
#FINAL-11-14#




U.S. Dept. of Commerce
NOAA National Weather Service
1325 East West Highway
Silver Spring, MD 20910
E-mail: w-nws.webmaster@noaa.gov
Page last modified: May 16, 2007
NATIONAL WEATHER SERVICE: for Safety, for Work, for Fun - FOR LIFE