754
CXUS52 KGSP 010011
CF6AVL
PRELIMINARY LOCAL CLIMATOLOGICAL DATA (WS FORM: F-6)

                                          STATION:   ASHEVILLE NC
                                          MONTH:     SEPTEMBER
                                          YEAR:      2014
                                          LATITUDE:   35 25 N
                                          LONGITUDE:  82 33 W

  TEMPERATURE IN F:       :PCPN:    SNOW:  WIND      :SUNSHINE: SKY     :PK WND
================================================================================
1   2   3   4   5  6A  6B    7    8   9   10  11  12  13   14  15   16   17  18
                                     12Z  AVG MX 2MIN
DY MAX MIN AVG DEP HDD CDD  WTR  SNW DPTH SPD SPD DIR MIN PSBL S-S WX    SPD DR
================================================================================

 1  87  67  77   6   0  12    T  0.0    0  1.4 12 350   M    M   4 123    14 330
 2  86  65  76   6   0  11 0.95  0.0    0  3.4 21 350   M    M   2 13     36 230
 3  85  65  75   5   0  10 0.23  0.0    0  4.4 18 170   M    M   2 13     24 180
 4  84  67  76   6   0  11 0.80  0.0    0  2.4 22 150   M    M   7 1238   30 150
 5  83  66  75   5   0  10 0.00  0.0    0  2.6 10 160   M    M   5 1238   16 200
 6  85  66  76   6   0  11    T  0.0    0  4.4 18 170   M    M   7 138    23 170
 7  82  66  74   5   0   9 2.05  0.0    0  5.5 17 340   M    M   7 13     23 340
 8  72  66  69   0   0   4 0.77  0.0    0  3.2  9 170   M    M  10 1      14 110
 9  81  65  73   4   0   8 0.01  0.0    0  4.4 15 170   M    M   8        17 150
10  77  66  72   4   0   7 0.00  0.0    0  4.8 12 150   M    M   9        16 160
11  82  64  73   5   0   8 0.06  0.0    0  4.0 13 360   M    M   5 13     24  10
12  84  67  76   8   0  11 0.24  0.0    0  4.8 14 340   M    M   7 13     17 340
13  78  64  71   4   0   6    T  0.0    0  7.7 21 340   M    M   7 1      26 340
14  66  60  63  -4   2   0    T  0.0    0  5.9 12 170   M    M   9 1      14 170
15  77  60  69   2   0   4 0.68  0.0    0  3.6 13 160   M    M   9 1      17 170
16  81  64  73   7   0   8    T  0.0    0  6.1 16 340   M    M   5 3      20 340
17  73  61  67   1   0   2    T  0.0    0  4.3 13 160   M    M   8 1      19 170
18  76  60  68   2   0   3 0.00  0.0    0  3.1 14 340   M    M   9 1      17 330
19  75  59  67   2   0   2 0.00  0.0    0  2.8 15 170   M    M   7 128    20 170
20  76  57  67   2   0   2    T  0.0    0  2.1 10 170   M    M   3        16 160
21  83  54  69   4   0   4    T  0.0    0  4.5 16 310   M    M   6 12     21 290
22  72  53  63  -1   2   0 0.00  0.0    0 11.0 24 340   M    M   1        28 340
23  66  50  58  -6   7   0 0.00  0.0    0  4.6 13 130   M    M   4        19 150
24  73  47  60  -4   5   0 0.02  0.0    0  3.1 10  80   M    M   4 12     14  70
25  73  60  67   4   0   2    T  0.0    0  3.2 10 330   M    M   9        12 340
26  70  62  66   3   0   1    T  0.0    0  2.8  8 140   M    M  10        12  30
27  74  61  68   6   0   3 0.00  0.0    0  1.7  8  20   M    M   7        12  30
28  75  55  65   3   0   0 0.00  0.0    0  2.4  7 180   M    M   5 1       9 320
29  68  60  64   2   1   0 0.06  0.0    0  2.1 15 340   M    M  10 12     19 340
================================================================================
SM 2244 1777        17 149  5.87     0.0 116.3          M      186
================================================================================
AV 77.4 61.3                               4.0 FASTST   M    M   6    MAX(MPH)
                                 MISC ---->  # 24 340               # 36  230
================================================================================
NOTES:
# LAST OF SEVERAL OCCURRENCES

COLUMN 17 PEAK WIND IN M.P.H.

PRELIMINARY LOCAL CLIMATOLOGICAL DATA (WS FORM: F-6) , PAGE 2

                                          STATION:  ASHEVILLE NC
                                          MONTH:    SEPTEMBER
                                          YEAR:     2014
                                          LATITUDE:   35 25 N
                                          LONGITUDE:  82 33 W

[TEMPERATURE DATA]      [PRECIPITATION DATA]       SYMBOLS USED IN COLUMN 16

AVERAGE MONTHLY: 69.3   TOTAL FOR MONTH:   5.87    1 = FOG OR MIST
DPTR FM NORMAL:   2.8   DPTR FM NORMAL:    2.18    2 = FOG REDUCING VISIBILITY
HIGHEST:    87 ON  1    GRTST 24HR  2.82 ON  7- 8      TO 1/4 MILE OR LESS
LOWEST:     47 ON 24                               3 = THUNDER
                        SNOW, ICE PELLETS, HAIL    4 = ICE PELLETS
                        TOTAL MONTH:   0.0 INCH    5 = HAIL
                        GRTST 24HR     0.0         6 = FREEZING RAIN OR DRIZZLE
                        GRTST DEPTH:   0           7 = DUSTSTORM OR SANDSTORM:
                                                       VSBY 1/2 MILE OR LESS
                                                   8 = SMOKE OR HAZE
[NO. OF DAYS WITH]      [WEATHER - DAYS WITH]      9 = BLOWING SNOW
                                                   X = TORNADO
MAX 32 OR BELOW:   0    0.01 INCH OR MORE:  11
MAX 90 OR ABOVE:   0    0.10 INCH OR MORE:   7
MIN 32 OR BELOW:   0    0.50 INCH OR MORE:   5
MIN  0 OR BELOW:   0    1.00 INCH OR MORE:   1

[HDD (BASE 65) ]
TOTAL THIS MO.    17    CLEAR  (SCALE 0-3)   3
DPTR FM NORMAL   -31    PTCLDY (SCALE 4-7)  18
TOTAL FM JUL 1    19    CLOUDY (SCALE 8-10)  8
DPTR FM NORMAL   -31

[CDD (BASE 65) ]
TOTAL THIS MO.   149
DPTR FM NORMAL    55    [PRESSURE DATA]
TOTAL FM JAN 1   901    HIGHEST SLP M ON M
DPTR FM NORMAL    50    LOWEST  SLP 29.86 ON 21

[REMARKS]
#FINAL-09-14#




U.S. Dept. of Commerce
NOAA National Weather Service
1325 East West Highway
Silver Spring, MD 20910
E-mail: w-nws.webmaster@noaa.gov
Page last modified: May 16, 2007
NATIONAL WEATHER SERVICE: for Safety, for Work, for Fun - FOR LIFE