799
CXUS53 KGRB 230744
CF6AUW
PRELIMINARY LOCAL CLIMATOLOGICAL DATA (WS FORM: F-6)

                                          STATION:   WAUSAU WI
                                          MONTH:     APRIL
                                          YEAR:      2014
                                          LATITUDE:   44 55 N
                                          LONGITUDE:  89 37 W

  TEMPERATURE IN F:       :PCPN:    SNOW:  WIND      :SUNSHINE: SKY     :PK WND
================================================================================
1   2   3   4   5  6A  6B    7    8   9   10  11  12  13   14  15   16   17  18
                                     12Z  AVG MX 2MIN
DY MAX MIN AVG DEP HDD CDD  WTR  SNW DPTH SPD SPD DIR MIN PSBL S-S WX    SPD DR
================================================================================

 1  48  23  36  -1  29   0    T  0.1    5 15.7 30 290   M    M   6 1      37 290
 2  43  19  31  -7  34   0 0.00  0.0    3  4.9 12 110   M    M   1        16 110
 3  34  28  31  -7  34   0 0.40  0.1    3 12.5 21 100   M    M  10 16     28 100
 4  32  25  29 -10  36   0 0.43  2.5    5 10.2 26 330   M    M   9 1268   39 350
 5  44  16  30  -9  35   0 0.00  0.0    3  3.9 17 240   M    M   0 1      22 230
 6  58  31  45   5  20   0 0.00  0.0    2  7.7 20 180   M    M   6        26 180
 7  52  36  44   4  21   0    T  0.0    0  4.8 13 320   M    M   8 18     19 340
 8  54  30  42   1  23   0 0.00  0.0    0  8.4 17 350   M    M   2 1      23 310
 9  60  26  43   2  22   0 0.00  0.0    0  9.3 23 210   M    M   2        29 210
10  59  36  48   6  17   0 0.00  0.0    0 13.6 29 290   M    M   2        36 280
11  55  30  43   1  22   0 0.04  0.0    0  3.4 16 290   M    M   4 18     21 200
12  44  36  40  -2  25   0 0.21  0.0    0  9.2 22 100   M    M  10 1      29 110
13  52  33  43   0  22   0 0.51  0.2    T  8.1 20 360   M    M  10 1      26 360
14  33  16  25 -19  40   0 0.31  3.0    2 11.4 24 350   M    M   7 1      37 360
15  30  11  21 -23  44   0    T    T    1  7.4 20 290   M    M   2        24 280
16  38  22  30 -14  35   0 0.06  1.0    1 13.6 24 120   M    M   9 1      33 110
17  41  32  37  -8  28   0 0.18  1.5    0  9.9 22 100   M    M  10 18     29 100
18  49  27  38  -7  27   0 0.00  0.0    0  5.6 15 110   M    M   2        20 110
19  61  31  46   0  19   0    T  0.0    0 12.6 24 140   M    M   3        30 170
20  61  48  55   9  10   0 0.05  0.0    0  6.3 17 200   M    M   8 1      22 200
21  72  40  56   9   9   0    T  0.0    0  9.4 22 330   M    M   5 128    33 330
22  51  32  42  -5  23   0 0.00  0.0    0 10.2 23 350   M    M   4        30 330
================================================================================
SM 1071  628       575   0  2.19     8.4 198.1          M      120
================================================================================
AV 48.7 28.5                               9.0 FASTST   M    M   5    MAX(MPH)
                                 MISC ---->  # 30 290               # 39  350
================================================================================
NOTES:
# LAST OF SEVERAL OCCURRENCES

COLUMN 17 PEAK WIND IN M.P.H.

PRELIMINARY LOCAL CLIMATOLOGICAL DATA (WS FORM: F-6) , PAGE 2

                                          STATION:  WAUSAU WI
                                          MONTH:    APRIL
                                          YEAR:     2014
                                          LATITUDE:   44 55 N
                                          LONGITUDE:  89 37 W

[TEMPERATURE DATA]      [PRECIPITATION DATA]       SYMBOLS USED IN COLUMN 16

AVERAGE MONTHLY: 38.6   TOTAL FOR MONTH:   2.19    1 = FOG OR MIST
DPTR FM NORMAL:  -3.7   DPTR FM NORMAL:    0.30    2 = FOG REDUCING VISIBILITY
HIGHEST:    72 ON 21    GRTST 24HR  0.72 ON 13-14      TO 1/4 MILE OR LESS
LOWEST:     11 ON 15                               3 = THUNDER
                        SNOW, ICE PELLETS, HAIL    4 = ICE PELLETS
                        TOTAL MONTH:   8.4 INCHES  5 = HAIL
                        GRTST 24HR   3.0 ON 14-14  6 = FREEZING RAIN OR DRIZZLE
                        GRTST DEPTH:   5 ON  4, 1  7 = DUSTSTORM OR SANDSTORM:
                                                       VSBY 1/2 MILE OR LESS
                                                   8 = SMOKE OR HAZE
[NO. OF DAYS WITH]      [WEATHER - DAYS WITH]      9 = BLOWING SNOW
                                                   X = TORNADO
MAX 32 OR BELOW:   2    0.01 INCH OR MORE:   9
MAX 90 OR ABOVE:   0    0.10 INCH OR MORE:   6
MIN 32 OR BELOW:  16    0.50 INCH OR MORE:   1
MIN  0 OR BELOW:   0    1.00 INCH OR MORE:   0

[HDD (BASE 65) ]
TOTAL THIS MO.   575    CLEAR  (SCALE 0-3)   8
DPTR FM NORMAL    74    PTCLDY (SCALE 4-7)   6
TOTAL FM JUL 1  8854    CLOUDY (SCALE 8-10)  8
DPTR FM NORMAL  1132

[CDD (BASE 65) ]
TOTAL THIS MO.     0
DPTR FM NORMAL     0    [PRESSURE DATA]
TOTAL FM JAN 1     0    HIGHEST SLP M ON M
DPTR FM NORMAL     0    LOWEST  SLP 29.47 ON  4

[REMARKS]
SNOWFALL AND PRECIPITATION AMOUNTS, AND SNOWDEPTH DURING
MIXED OR ALL SNOW EVENTS PROVIDED BY WSAW-TV.




U.S. Dept. of Commerce
NOAA National Weather Service
1325 East West Highway
Silver Spring, MD 20910
E-mail: w-nws.webmaster@noaa.gov
Page last modified: May 16, 2007
NATIONAL WEATHER SERVICE: for Safety, for Work, for Fun - FOR LIFE