868
CXUS53 KGRB 300749
CF6AUW
PRELIMINARY LOCAL CLIMATOLOGICAL DATA (WS FORM: F-6)

                                          STATION:   WAUSAU WI
                                          MONTH:     JULY
                                          YEAR:      2014
                                          LATITUDE:   44 55 N
                                          LONGITUDE:  89 37 W

  TEMPERATURE IN F:       :PCPN:    SNOW:  WIND      :SUNSHINE: SKY     :PK WND
================================================================================
1   2   3   4   5  6A  6B    7    8   9   10  11  12  13   14  15   16   17  18
                                     12Z  AVG MX 2MIN
DY MAX MIN AVG DEP HDD CDD  WTR  SNW DPTH SPD SPD DIR MIN PSBL S-S WX    SPD DR
================================================================================

 1  75  60  68  -1   0   3 0.40  0.0    0 10.8 24 280   M    M   7 13     31 270
 2  71  52  62  -7   3   0 0.20  0.0    0  8.1 14 360   M    M   6 1      21 350
 3  74  48  61  -8   4   0    T  0.0    0  6.6 14  20   M    M   3        21  10
 4  77  47  62  -7   3   0 0.00  0.0    0  4.8 13 200   M    M   0        18 190
 5  79  58  69   0   0   4 0.00  0.0    0 10.6 22 200   M    M   3        28 210
 6  78  64  71   2   0   6 0.49  0.0    0  7.3 14 240   M    M   8 138    19 240
 7  82  61  72   3   0   7 0.32  0.0    0  8.1 23 280   M    M   2 13     30 280
 8  72  59  66  -3   0   1 0.06  0.0    0 10.5 24 290   M    M   7 1      31 290
 9  71  53  62  -7   3   0    T  0.0    0  6.9 18 310   M    M   6        30 290
10  78  48  63  -6   2   0 0.00  0.0    0  6.8 15 170   M    M   2        18 180
11  78  63  71   1   0   6    T  0.0    0 10.6 24 200   M    M   5        33 200
12  77  61  69  -1   0   4 0.12  0.0    0  4.6 14 230   M    M   5 1      19 240
13  75  58  67  -3   0   2 0.00  0.0    0 10.4 21 280   M    M   3 1      28 310
14  67  53  60 -10   5   0 0.25  0.0    0  7.8 25 310   M    M   7 1      32 310
15  66  51  59 -11   6   0 0.01  0.0    0  8.3 17 330   M    M   7        26 350
16  72  44  58 -12   7   0 0.00  0.0    0  4.3 13 310   M    M   5        18  30
17  76  49  63  -7   2   0 0.00  0.0    0  5.8 15 230   M    M   1        20 270
18  78  51  65  -5   0   0 0.00  0.0    0  7.6 16 150   M    M   3 8      20 220
19  78  60  69  -1   0   4 0.00  0.0    0  8.3 17 210   M    M   7        22 200
20  82  63  73   3   0   8 0.00  0.0    0 10.1 17 180   M    M   5        23 210
21  86  68  77   7   0  12 0.00  0.0    0  8.3 14 180   M    M   6        18 180
22  87  62  75   5   0  10 0.00  0.0    0 12.0 23 280   M    M   4        29 280
23  77  57  67  -2   0   2 0.00  0.0    0  5.2 14 360   M    M   2        20  40
24  78  52  65  -4   0   0    T  0.0    0  4.5 12 260   M    M   2        17 260
25  70  61  66  -3   0   1 0.07  0.0    0  7.6 17 200   M    M   7 1      23 190
26  85  64  75   6   0  10    T  0.0    0  7.6 21 280   M    M   5 1      26 290
27  74  55  65  -4   0   0 0.37  0.0    0  9.7 21 360   M    M   5 1      31  10
28  74  51  63  -6   2   0    T  0.0    0  9.1 18 320   M    M   5        27 300
29  78  54  66  -3   0   1 0.26  0.0    0  8.4 22 300   M    M   5 13     27 300
================================================================================
SM 2215 1627        37  81  2.55     0.0 230.7          M      133
================================================================================
AV 76.4 56.1                               8.0 FASTST   M    M   5    MAX(MPH)
                                 MISC ---->  # 25 310               # 33  200
================================================================================
NOTES:
# LAST OF SEVERAL OCCURRENCES

COLUMN 17 PEAK WIND IN M.P.H.

PRELIMINARY LOCAL CLIMATOLOGICAL DATA (WS FORM: F-6) , PAGE 2

                                          STATION:  WAUSAU WI
                                          MONTH:    JULY
                                          YEAR:     2014
                                          LATITUDE:   44 55 N
                                          LONGITUDE:  89 37 W

[TEMPERATURE DATA]      [PRECIPITATION DATA]       SYMBOLS USED IN COLUMN 16

AVERAGE MONTHLY: 66.2   TOTAL FOR MONTH:   2.55    1 = FOG OR MIST
DPTR FM NORMAL:  -3.2   DPTR FM NORMAL:   -1.02    2 = FOG REDUCING VISIBILITY
HIGHEST:    87 ON 22    GRTST 24HR  0.60 ON  1- 2      TO 1/4 MILE OR LESS
LOWEST:     44 ON 16                               3 = THUNDER
                        SNOW, ICE PELLETS, HAIL    4 = ICE PELLETS
                        TOTAL MONTH:   0.0 INCH    5 = HAIL
                        GRTST 24HR     0.0         6 = FREEZING RAIN OR DRIZZLE
                        GRTST DEPTH:   0           7 = DUSTSTORM OR SANDSTORM:
                                                       VSBY 1/2 MILE OR LESS
                                                   8 = SMOKE OR HAZE
[NO. OF DAYS WITH]      [WEATHER - DAYS WITH]      9 = BLOWING SNOW
                                                   X = TORNADO
MAX 32 OR BELOW:   0    0.01 INCH OR MORE:  11
MAX 90 OR ABOVE:   0    0.10 INCH OR MORE:   8
MIN 32 OR BELOW:   0    0.50 INCH OR MORE:   0
MIN  0 OR BELOW:   0    1.00 INCH OR MORE:   0

[HDD (BASE 65) ]
TOTAL THIS MO.    37    CLEAR  (SCALE 0-3)   9
DPTR FM NORMAL     8    PTCLDY (SCALE 4-7)  20
TOTAL FM JUL 1    37    CLOUDY (SCALE 8-10)  0
DPTR FM NORMAL     8

[CDD (BASE 65) ]
TOTAL THIS MO.    81
DPTR FM NORMAL   -64    [PRESSURE DATA]
TOTAL FM JAN 1   216    HIGHEST SLP M ON M
DPTR FM NORMAL   -33    LOWEST  SLP 29.53 ON M

[REMARKS]
SNOWFALL AND PRECIPITATION AMOUNTS, AND SNOWDEPTH DURING
MIXED OR ALL SNOW EVENTS PROVIDED BY WSAW-TV.




U.S. Dept. of Commerce
NOAA National Weather Service
1325 East West Highway
Silver Spring, MD 20910
E-mail: w-nws.webmaster@noaa.gov
Page last modified: May 16, 2007
NATIONAL WEATHER SERVICE: for Safety, for Work, for Fun - FOR LIFE