049
CXUS53 KGRB 280640
CF6AUW
PRELIMINARY LOCAL CLIMATOLOGICAL DATA (WS FORM: F-6)

                                          STATION:   WAUSAU WI
                                          MONTH:     AUGUST
                                          YEAR:      2014
                                          LATITUDE:   44 55 N
                                          LONGITUDE:  89 37 W

  TEMPERATURE IN F:       :PCPN:    SNOW:  WIND      :SUNSHINE: SKY     :PK WND
================================================================================
1   2   3   4   5  6A  6B    7    8   9   10  11  12  13   14  15   16   17  18
                                     12Z  AVG MX 2MIN
DY MAX MIN AVG DEP HDD CDD  WTR  SNW DPTH SPD SPD DIR MIN PSBL S-S WX    SPD DR
================================================================================

 1  80  55  68  -1   0   3 0.35  0.0    0  2.8 26 260   M    M   1 138    32 270
 2  83  56  70   1   0   5    T  0.0    0  2.3  7 320   M    M   3 12      M  M
 3  84  58  71   2   0   6 0.56  0.0    0  5.8 25 320   M    M   3 138    36 320
 4  77  60  69   0   0   4 0.14  0.0    0  5.7 15 140   M    M   9 13     19 140
 5  78  59  69   0   0   4 0.00  0.0    0  4.3 10 140   M    M   4        13 130
 6  81  57  69   0   0   4 0.00  0.0    0  3.5 10  60   M    M   0        14  10
 7  80  55  68  -1   0   3 0.00  0.0    0  5.2 14 150   M    M   0        17 160
 8  81  54  68   0   0   3 0.00  0.0    0  3.7 10 160   M    M   1        17 130
 9  81  57  69   1   0   4 0.00  0.0    0  4.6 14 140   M    M   1 1      18 120
10  81  56  69   1   0   4 0.00  0.0    0  3.3 12 150   M    M   1 1      14 140
11  69  58  64  -4   1   0 0.80  0.0    0  7.2 17 360   M    M   8 1      26 350
12  74  55  65  -3   0   0 0.00  0.0    0 11.4 22 330   M    M   2        29 340
13  76  53  65  -3   0   0    T  0.0    0  7.2 15 330   M    M   4        21 340
14  71  46  59  -9   6   0 0.00  0.0    0  3.6 12 290   M    M   0        16 280
15  79  47  63  -5   2   0 0.00  0.0    0  4.8 13 220   M    M   1        19 290
16  82  64  73   5   0   8    T  0.0    0  7.5 14 100   M    M   7 3      19 280
17  76  59  68   0   0   3 0.00  0.0    0  7.0 13 110   M    M   7        16 110
18  69  58  64  -3   1   0 1.37  0.0    0  6.1 16 290   M    M   9 13     21 300
19  76  62  69   2   0   4 0.25  0.0    0  6.3 15 270   M    M   7 1      20 310
20  75  60  68   1   0   3 0.00  0.0    0  3.4 10 350   M    M   7        14  10
21  69  59  64  -3   1   0 0.17  0.0    0  7.1 12 130   M    M   8 1       M  M
22  82  65  74   7   0   9    T  0.0    0  5.0 10 310   M    M   9 128    13 320
23  74  69  72   6   0   7    T  0.0    0  6.4 14 120   M    M  10 1      18 110
24  80  66  73   7   0   8    T  0.0    0 10.7 20 160   M    M   8 18     26 160
25  84  67  76  10   0  11 1.33  0.0    0  8.9 28 220   M    M   4 13     35 220
26  72  59  66   0   0   1 0.00  0.0    0  7.2 15 290   M    M   1        20 350
27  74  57  66   0   0   1 0.02  0.0    0  4.0 12 300   M    M   2        18 320
================================================================================
SM 2088 1571        11  95  4.99     0.0 155.0          M      117
================================================================================
AV 77.3 58.2                               5.7 FASTST   M    M   4    MAX(MPH)
                                 MISC ---->  # 28 220               # 36  320
================================================================================
NOTES:
# LAST OF SEVERAL OCCURRENCES

COLUMN 17 PEAK WIND IN M.P.H.

PRELIMINARY LOCAL CLIMATOLOGICAL DATA (WS FORM: F-6) , PAGE 2

                                          STATION:  WAUSAU WI
                                          MONTH:    AUGUST
                                          YEAR:     2014
                                          LATITUDE:   44 55 N
                                          LONGITUDE:  89 37 W

[TEMPERATURE DATA]      [PRECIPITATION DATA]       SYMBOLS USED IN COLUMN 16

AVERAGE MONTHLY: 67.8   TOTAL FOR MONTH:   4.99    1 = FOG OR MIST
DPTR FM NORMAL:   0.1   DPTR FM NORMAL:    1.34    2 = FOG REDUCING VISIBILITY
HIGHEST:    84 ON 25, 3 GRTST 24HR  1.43 ON 18-19      TO 1/4 MILE OR LESS
LOWEST:     46 ON 14                               3 = THUNDER
                        SNOW, ICE PELLETS, HAIL    4 = ICE PELLETS
                        TOTAL MONTH:   0.0 INCH    5 = HAIL
                        GRTST 24HR     0.0         6 = FREEZING RAIN OR DRIZZLE
                        GRTST DEPTH:   0           7 = DUSTSTORM OR SANDSTORM:
                                                       VSBY 1/2 MILE OR LESS
                                                   8 = SMOKE OR HAZE
[NO. OF DAYS WITH]      [WEATHER - DAYS WITH]      9 = BLOWING SNOW
                                                   X = TORNADO
MAX 32 OR BELOW:   0    0.01 INCH OR MORE:   9
MAX 90 OR ABOVE:   0    0.10 INCH OR MORE:   8
MIN 32 OR BELOW:   0    0.50 INCH OR MORE:   4
MIN  0 OR BELOW:   0    1.00 INCH OR MORE:   2

[HDD (BASE 65) ]
TOTAL THIS MO.    11    CLEAR  (SCALE 0-3)  13
DPTR FM NORMAL   -22    PTCLDY (SCALE 4-7)   9
TOTAL FM JUL 1    50    CLOUDY (SCALE 8-10)  5
DPTR FM NORMAL    -6

[CDD (BASE 65) ]
TOTAL THIS MO.    95
DPTR FM NORMAL   -11    [PRESSURE DATA]
TOTAL FM JAN 1   314    HIGHEST SLP M ON M
DPTR FM NORMAL   -52    LOWEST  SLP 29.63 ON 19

[REMARKS]
SNOWFALL AND PRECIPITATION AMOUNTS, AND SNOWDEPTH DURING
MIXED OR ALL SNOW EVENTS PROVIDED BY WSAW-TV.




U.S. Dept. of Commerce
NOAA National Weather Service
1325 East West Highway
Silver Spring, MD 20910
E-mail: w-nws.webmaster@noaa.gov
Page last modified: May 16, 2007
NATIONAL WEATHER SERVICE: for Safety, for Work, for Fun - FOR LIFE