453
CXUS54 KEWX 200910
CF6AUS
PRELIMINARY LOCAL CLIMATOLOGICAL DATA (WS FORM: F-6)

                                          STATION:   AUSTIN BERGSTROM
                                          MONTH:     APRIL
                                          YEAR:      2014
                                          LATITUDE:   30 13 N
                                          LONGITUDE:  97 40 W

  TEMPERATURE IN F:       :PCPN:    SNOW:  WIND      :SUNSHINE: SKY     :PK WND
================================================================================
1   2   3   4   5  6A  6B    7    8   9   10  11  12  13   14  15   16   17  18
                                     12Z  AVG MX 2MIN
DY MAX MIN AVG DEP HDD CDD  WTR  SNW DPTH SPD SPD DIR MIN PSBL S-S WX    SPD DR
================================================================================

 1  87  67  77  13   0  12    T  0.0    0 12.6 22 150   M    M   9 18     28 170
 2  83  70  77  13   0  12    T  0.0    0 14.8 26 170   M    M   9 18     39 170
 3  83  68  76  12   0  11 0.00  0.0    0 11.5 24 190   M    M   9 18     30 180
 4  74  53  64   0   1   0    T  0.0    0 16.1 30  10   M    M   6 1      37  10
 5  65  49  57  -8   8   0    T  0.0    0  7.4 16  40   M    M   9        20  70
 6  61  53  57  -8   8   0 0.01  0.0    0 11.1 17 360   M    M  10 13     21 350
 7  72  48  60  -5   5   0 0.43  0.0    0  6.0 32 310   M    M   7 13     48 320
 8  76  45  61  -4   4   0 0.00  0.0    0  9.7 30 350   M    M   0        37 360
 9  83  38  61  -5   4   0 0.00  0.0    0  7.6 21 190   M    M   1        25 210
10  86  48  67   1   0   2 0.00  0.0    0 13.7 28 170   M    M   4        36 170
11  85  55  70   4   0   5 0.00  0.0    0 12.6 22 200   M    M   5 12     29 150
12  86  65  76  10   0  11 0.00  0.0    0 16.5 24 150   M    M   9 1      34 150
13  81  67  74   7   0   9    T  0.0    0  9.3 29 140   M    M   9 1      34 140
14  73  42  58  -9   7   0 1.14    T    0 18.4 39  10   M    M   7 1358   47  20
15  63  34  49 -18  16   0 0.00  0.0    0  7.1 18  10   M    M   0        23  10
16  72  32  52 -15  13   0 0.00  0.0    0 10.6 22 140   M    M   5        29 190
17  68  53  61  -7   4   0 0.07  0.0    0  5.4 14 130   M    M   9 18     17 130
18  77  54  66  -2   0   1    T  0.0    0  3.6 14  30   M    M   6 18     19  30
19  79  47  63  -5   2   0 0.00  0.0    0  5.4 17 150   M    M   6 18     22 160
================================================================================
SM 1454  988        72  63  1.65    T    199.4          M      120
================================================================================
AV 76.5 52.0                              10.5 FASTST   M    M   6    MAX(MPH)
                                 MISC ---->  # 39  10               # 48  320
================================================================================
NOTES:
# LAST OF SEVERAL OCCURRENCES

COLUMN 17 PEAK WIND IN M.P.H.

PRELIMINARY LOCAL CLIMATOLOGICAL DATA (WS FORM: F-6) , PAGE 2

                                          STATION:  AUSTIN BERGSTROM
                                          MONTH:    APRIL
                                          YEAR:     2014
                                          LATITUDE:   30 13 N
                                          LONGITUDE:  97 40 W

[TEMPERATURE DATA]      [PRECIPITATION DATA]       SYMBOLS USED IN COLUMN 16

AVERAGE MONTHLY: 64.3   TOTAL FOR MONTH:   1.65    1 = FOG OR MIST
DPTR FM NORMAL:  -1.6   DPTR FM NORMAL:    0.38    2 = FOG REDUCING VISIBILITY
HIGHEST:    87 ON  1    GRTST 24HR  1.14 ON 14-14      TO 1/4 MILE OR LESS
LOWEST:     32 ON 16                               3 = THUNDER
                        SNOW, ICE PELLETS, HAIL    4 = ICE PELLETS
                        TOTAL MONTH:    T          5 = HAIL
                        GRTST 24HR    T  ON 14-14  6 = FREEZING RAIN OR DRIZZLE
                        GRTST DEPTH:   0           7 = DUSTSTORM OR SANDSTORM:
                                                       VSBY 1/2 MILE OR LESS
                                                   8 = SMOKE OR HAZE
[NO. OF DAYS WITH]      [WEATHER - DAYS WITH]      9 = BLOWING SNOW
                                                   X = TORNADO
MAX 32 OR BELOW:   0    0.01 INCH OR MORE:   4
MAX 90 OR ABOVE:   0    0.10 INCH OR MORE:   2
MIN 32 OR BELOW:   1    0.50 INCH OR MORE:   1
MIN  0 OR BELOW:   0    1.00 INCH OR MORE:   1

[HDD (BASE 65) ]
TOTAL THIS MO.    72    CLEAR  (SCALE 0-3)   3
DPTR FM NORMAL    19    PTCLDY (SCALE 4-7)   8
TOTAL FM JUL 1  2169    CLOUDY (SCALE 8-10)  8
DPTR FM NORMAL   279

[CDD (BASE 65) ]
TOTAL THIS MO.    63
DPTR FM NORMAL    -6    [PRESSURE DATA]
TOTAL FM JAN 1   112    HIGHEST SLP M ON M
DPTR FM NORMAL   -15    LOWEST  SLP 29.60 ON 13

[REMARKS]




U.S. Dept. of Commerce
NOAA National Weather Service
1325 East West Highway
Silver Spring, MD 20910
E-mail: w-nws.webmaster@noaa.gov
Page last modified: May 16, 2007
NATIONAL WEATHER SERVICE: for Safety, for Work, for Fun - FOR LIFE