244
CXUS54 KBMX 011216
CF6AUO
PRELIMINARY LOCAL CLIMATOLOGICAL DATA (WS FORM: F-6)

                                          STATION:   AUBURN    AWOS
                                          MONTH:     NOVEMBER
                                          YEAR:      2014
                                          LATITUDE:   32 34 N
                                          LONGITUDE:  85 30 W

  TEMPERATURE IN F:       :PCPN:    SNOW:  WIND      :SUNSHINE: SKY     :PK WND
================================================================================
1   2   3   4   5  6A  6B    7    8   9   10  11  12  13   14  15   16   17  18
                                     12Z  AVG MX 2MIN
DY MAX MIN AVG DEP HDD CDD  WTR  SNW DPTH SPD SPD DIR MIN PSBL S-S WX    SPD DR
================================================================================

 1  52  34  43   M  22   0 0.00  0.0    0 14.0 21 340   M    M   1        29 320
 2  61  32  47   M  18   0 0.00  0.0    0  8.7 13 360   M    M   0        18 360
 3  64  36  50   M  15   0 0.00  0.0    0  4.9  9  40   M    M   0         M  M
 4  70  39  55   M  10   0 0.00  0.0    0  4.9 10 170   M    M   0         M  M
 5  68  48  58   M   7   0 0.00  0.0    0  3.1 10 170   M    M   1         M  M
 6  70  52  61   M   4   0 0.00  0.0    0  6.7 12 310   M    M   5        18 310
 7  59  55  57   M   8   0 0.00  0.0    M  6.1  8 350   M    M   0         M  M
 8  59  43  51   M  14   0 0.00  0.0    M  1.4  5 340   M    M   0         M  M
 9  66  43  55   M  10   0 0.00  0.0    M  4.1  7  20   M    M   0         M  M
10  70  39  55   M  10   0 0.00  0.0    0  3.7  8 120   M    M   0         M  M
11  68  39  54   M  11   0 0.00  0.0    0  2.4  9 230   M    M   0         M  M
12  64  46  55   M  10   0 0.00  0.0    0  5.9 13 330   M    M   7         M  M
13  46  34  40   M  25   0 0.01  0.0    0 10.6 16 330   M    M   8        21 340
14  46  25  36   M  29   0 0.00  0.0    0 10.4 16 340   M    M   0        20 350
15  52  27  40   M  25   0 0.00  0.0    0  7.0 10  90   M    M   0         M  M
16  59  37  48   M  17   0 0.00  0.0    0  7.5 12 130   M    M   9        17 130
17  64  28  46   M  19   0 0.62    M    0 12.5 20 190   M    M   7        25 250
18  37  25  31   M  34   0 0.00  0.0    0  8.8 16 300   M    M   0        20 310
19  48  19  34   M  31   0 0.00  0.0    0  3.6  8 230   M    M   0         M  M
20  61  34  48   M  17   0 0.00  0.0    0  5.1 14 310   M    M   0        18 300
21  64  37  51   M  14   0 0.00  0.0    0  5.0 13  60   M    M   1         M  M
22  64  39  52   M  13   0 0.05    M    0  9.9 15  90   M    M   5        20  90
23  61  52  57   M   8   0    M  0.0    0 12.0 14 100   M    M  10        25 100
24  73  52  63   M   2   0 0.00  0.0    0  9.7 15 230   M    M   1        21 230
25  55  45  50   M  15   0 0.00  0.0    0  4.6  9 350   M    M   5         M  M
26  57  37  47   M  18   0 0.00  0.0    0  9.6 16 300   M    M   1        24 300
27  48  32  40   M  25   0 0.00  0.0    0  8.7 18 340   M    M   1        24 320
28  52  28  40   M  25   0 0.00  0.0    0  3.7 10  20   M    M   0         M  M
29  61  34  48   M  17   0 0.00  0.0    0  5.8  9 160   M    M   2         M  M
30  68  43  56   M   9   0 0.00  0.0    0  6.3 13 190   M    M   0        18 190
================================================================================
SM 1787 1134       482   0  0.68     0.0 206.7          M       64
================================================================================
AV 59.6 37.8                               6.9 FASTST   M    M   2    MAX(MPH)
                                 MISC ---->    21   M                 29    M
================================================================================
NOTES:
# LAST OF SEVERAL OCCURRENCES

COLUMN 17 PEAK WIND IN M.P.H.

PRELIMINARY LOCAL CLIMATOLOGICAL DATA (WS FORM: F-6) , PAGE 2

                                          STATION:  AUBURN    AWOS
                                          MONTH:    NOVEMBER
                                          YEAR:     2014
                                          LATITUDE:   32 34 N
                                          LONGITUDE:  85 30 W

[TEMPERATURE DATA]      [PRECIPITATION DATA]       SYMBOLS USED IN COLUMN 16

AVERAGE MONTHLY: 48.7   TOTAL FOR MONTH:   0.68    1 = FOG OR MIST
DPTR FM NORMAL:     M   DPTR FM NORMAL:       M    2 = FOG REDUCING VISIBILITY
HIGHEST:    73 ON 24    GRTST 24HR  0.62 ON 17-17      TO 1/4 MILE OR LESS
LOWEST:     19 ON 19                               3 = THUNDER
                        SNOW, ICE PELLETS, HAIL    4 = ICE PELLETS
                        TOTAL MONTH:   0.0 INCH    5 = HAIL
                        GRTST 24HR     0.0         6 = FREEZING RAIN OR DRIZZLE
                        GRTST DEPTH:   0           7 = DUSTSTORM OR SANDSTORM:
                                                       VSBY 1/2 MILE OR LESS
                                                   8 = SMOKE OR HAZE
[NO. OF DAYS WITH]      [WEATHER - DAYS WITH]      9 = BLOWING SNOW
                                                   X = TORNADO
MAX 32 OR BELOW:   0    0.01 INCH OR MORE:   3
MAX 90 OR ABOVE:   0    0.10 INCH OR MORE:   1
MIN 32 OR BELOW:   8    0.50 INCH OR MORE:   1
MIN  0 OR BELOW:   0    1.00 INCH OR MORE:   0

[HDD (BASE 65) ]
TOTAL THIS MO.   482    CLEAR  (SCALE 0-3)  22
DPTR FM NORMAL     M    PTCLDY (SCALE 4-7)   6
TOTAL FM JUL 1   577    CLOUDY (SCALE 8-10)  2
DPTR FM NORMAL     M

[CDD (BASE 65) ]
TOTAL THIS MO.     0
DPTR FM NORMAL     M    [PRESSURE DATA]
TOTAL FM JAN 1  1741    HIGHEST SLP M ON M
DPTR FM NORMAL     M    LOWEST  SLP M ON M

[REMARKS]
#FINAL-11-14#




U.S. Dept. of Commerce
NOAA National Weather Service
1325 East West Highway
Silver Spring, MD 20910
E-mail: w-nws.webmaster@noaa.gov
Page last modified: May 16, 2007
NATIONAL WEATHER SERVICE: for Safety, for Work, for Fun - FOR LIFE