660
CXUS53 KARX 230930
CF6AUM
PRELIMINARY LOCAL CLIMATOLOGICAL DATA (WS FORM: F-6)

                                          STATION:   AUSTIN_MUNI MN
                                          MONTH:     SEPTEMBER
                                          YEAR:      2014
                                          LATITUDE:   43 40 N
                                          LONGITUDE:  92 56 W

  TEMPERATURE IN F:       :PCPN:    SNOW:  WIND      :SUNSHINE: SKY     :PK WND
================================================================================
1   2   3   4   5  6A  6B    7    8   9   10  11  12  13   14  15   16   17  18
                                     12Z  AVG MX 2MIN
DY MAX MIN AVG DEP HDD CDD  WTR  SNW DPTH SPD SPD DIR MIN PSBL S-S WX    SPD DR
================================================================================

 1  75  57  66   M   0   1 0.31  0.0    0  8.4 21 190   M    M   5 3      25 190
 2  75  55  65   M   0   0    T  0.0    0  5.7 12 260   M    M   1 3      18 260
 3  81  57  69   M   0   4 0.00  0.0    0 10.2 17 190   M    M   2 1      27 170
 4  86  70  78   M   0  13 0.00  0.0    0 10.5 18 200   M    M   5 3      23 190
 5  70  52  61   M   4   0    T  0.0    0  8.4 15 340   M    M   2 3      21 320
 6  73  48  61   M   4   0 0.00  0.0    0  5.6 13 290   M    M   0        20 300
 7  73  46  60   M   5   0 0.00  0.0    0  4.1 14 220   M    M   0        21 220
 8  70  55  63   M   2   0    M  0.0    0  7.4 14 170   M    M   3 3      21 160
 9  72  63  68   M   0   3    M  0.0    0  7.0 16 180   M    M   8 1      22 180
10  64  46  55   M  10   0 0.01  0.0    0 11.2 20 340   M    M  10        35 340
11  55  41  48   M  17   0 0.00  0.0    0  6.7 12 340   M    M   6        17  30
12  50  37  44   M  21   0 0.11  0.0    0  2.6  8 300   M    M   7         M  M
13  57  32  45   M  20   0 0.00  0.0    0  3.2 10 220   M    M   1 12      9 220
14  64  45  55   M  10   0 0.00  0.0    0  7.1 14 260   M    M   5        20 250
15  59  41  50   M  15   0 0.29  0.0    0  4.0 10 360   M    M   6 1      16 340
16  64  36  50   M  15   0 0.00  0.0    0  2.4  9 220   M    M   0 1      16 220
17  72  46  59   M   6   0 0.00  0.0    0  1.1  7 200   M    M   4         M  M
18  72  45  59   M   6   0 0.00  0.0    0  4.3 12 180   M    M   0        17 160
19  77  52  65   M   0   0 0.42  0.0    0 14.2 27 190   M    M   3 3      37 180
20  75  55  65   M   0   0 0.46  0.0    0 11.4 33 320   M    M   3 3      46 320
21  63  46  55   M  10   0 0.00  0.0    0 11.3 17 330   M    M   5        25 320
22  70  41  56   M   9   0 0.00  0.0    0  2.8 10 250   M    M   2 12      M  M
================================================================================
SM 1517 1066       154  21  1.60     0.0 149.6          M       78
================================================================================
AV 69.0 48.5                               6.8 FASTST   M    M   4    MAX(MPH)
                                 MISC ---->    33   M               # 46  320
================================================================================
NOTES:
# LAST OF SEVERAL OCCURRENCES

COLUMN 17 PEAK WIND IN M.P.H.

PRELIMINARY LOCAL CLIMATOLOGICAL DATA (WS FORM: F-6) , PAGE 2

                                          STATION:  AUSTIN_MUNI MN
                                          MONTH:    SEPTEMBER
                                          YEAR:     2014
                                          LATITUDE:   43 40 N
                                          LONGITUDE:  92 56 W

[TEMPERATURE DATA]      [PRECIPITATION DATA]       SYMBOLS USED IN COLUMN 16

AVERAGE MONTHLY: 58.7   TOTAL FOR MONTH:   1.60    1 = FOG OR MIST
DPTR FM NORMAL:     M   DPTR FM NORMAL:       M    2 = FOG REDUCING VISIBILITY
HIGHEST:    86 ON  4    GRTST 24HR  0.46 ON 20-20      TO 1/4 MILE OR LESS
LOWEST:     32 ON 13                               3 = THUNDER
                        SNOW, ICE PELLETS, HAIL    4 = ICE PELLETS
                        TOTAL MONTH:   0.0 INCH    5 = HAIL
                        GRTST 24HR     0.0         6 = FREEZING RAIN OR DRIZZLE
                        GRTST DEPTH:   0           7 = DUSTSTORM OR SANDSTORM:
                                                       VSBY 1/2 MILE OR LESS
                                                   8 = SMOKE OR HAZE
[NO. OF DAYS WITH]      [WEATHER - DAYS WITH]      9 = BLOWING SNOW
                                                   X = TORNADO
MAX 32 OR BELOW:   0    0.01 INCH OR MORE:   6
MAX 90 OR ABOVE:   0    0.10 INCH OR MORE:   5
MIN 32 OR BELOW:   1    0.50 INCH OR MORE:   0
MIN  0 OR BELOW:   0    1.00 INCH OR MORE:   0

[HDD (BASE 65) ]
TOTAL THIS MO.   154    CLEAR  (SCALE 0-3)  10
DPTR FM NORMAL     M    PTCLDY (SCALE 4-7)  10
TOTAL FM JUL 1   177    CLOUDY (SCALE 8-10)  2
DPTR FM NORMAL     M

[CDD (BASE 65) ]
TOTAL THIS MO.    21
DPTR FM NORMAL     M    [PRESSURE DATA]
TOTAL FM JAN 1   486    HIGHEST SLP M ON M
DPTR FM NORMAL     M    LOWEST  SLP M ON M

[REMARKS]




U.S. Dept. of Commerce
NOAA National Weather Service
1325 East West Highway
Silver Spring, MD 20910
E-mail: w-nws.webmaster@noaa.gov
Page last modified: May 16, 2007
NATIONAL WEATHER SERVICE: for Safety, for Work, for Fun - FOR LIFE