500
CXUS53 KGID 011413
CF6AUH

PRELIMINARY LOCAL CLIMATOLOGICAL DATA (WS FORM: F-6)

                                          STATION:   AURORA
                                          MONTH:     NOVEMBER
                                          YEAR:      2014
                                          LATITUDE:   40 54 N
                                          LONGITUDE:  97 59 W

  TEMPERATURE IN F:       :PCPN:    SNOW:  WIND      :SUNSHINE: SKY     :PK WND
================================================================================
1   2   3   4   5  6A  6B    7    8   9   10  11  12  13   14  15   16   17  18
                                     12Z  AVG MX 2MIN
DY MAX MIN AVG DEP HDD CDD  WTR  SNW DPTH SPD SPD DIR MIN PSBL S-S WX    SPD DR
================================================================================

 1  53  26  40  -6  25   0 0.00    M    M 16.4 25 170   M    M   0        32 180
 2  65  42  54   9  11   0 0.00    M    M 16.3 20 180   M    M   0        31 180
 3  65  37  51   6  14   0 0.01    M    M 15.9 25 330   M    M   5        30 330
 4  63  30  47   3  18   0 0.00    M    M  9.6 20 280   M    M   0        23 280
 5  69  38  54  10  11   0 0.00    M    M 14.7 29 310   M    M   1        36 310
 6  57  34  46   2  19   0 0.00    M    M  9.4 17 330   M    M   0        17 320
 7  68  39  54  11  11   0 0.00    M    M 15.9 27 350   M    M   0        35 350
 8  53  35  44   2  21   0 0.00    M    M 12.9 23 360   M    M   0        28 360
 9  68  33  51   9  14   0 0.00    M    M  7.0 15 200   M    M   0         M  M
10  52  22  37  -4  28   0    T    M    M 19.9 31 350   M    M   6        41 340
11  24  14  19 -22  46   0    T    M    M 21.3 29 350   M    M   4        38 350
12  24  10  17 -23  48   0 0.00    M    M 17.4 25 340   M    M   2        31 340
13  26   6  16 -24  49   0    T    M    M  9.5 16 330   M    M   1        23 330
14  29   5  17 -22  48   0 0.00    M    M  6.8 12 140   M    M   6        20 140
15  27  10  19 -20  46   0    M    M    M 10.8 18 340   M    M   7        25 330
16  27  -3  12 -26  53   0 0.00    M    M 11.6 24 330   M    M   2        38 330
17  19   0  10 -27  55   0 0.00    M    M 14.3 27 320   M    M   2        35 320
18  41   1  21 -16  44   0 0.00    M    M  7.7 14 310   M    M   2         M  M
19  38  10  24 -12  41   0 0.00    M    M 10.2 18 350   M    M   3        30 350
20  33   8  21 -15  44   0 0.00    M    M  3.7  8 140   M    M   0         M  M
21  45  16  31  -4  34   0 0.00    M    M  7.3 10 190   M    M   3 1      16 190
22  55  35  45  10  20   0 0.00    M    M 11.4 16 200   M    M   7 12     22 200
23  55  33  44  10  21   0 0.13    M    M 14.9 25 320   M    M   5 1      35 320
24  39  18  29  -5  36   0 0.00    M    M 18.0 27 320   M    M   2        37 330
25  46  16  31  -2  34   0 0.00    M    M  8.8 15 210   M    M   4        24 220
26  37  17  27  -6  38   0 0.00    M    M 17.4 32 330   M    M   5        41 330
27  37  15  26  -6  39   0 0.00    M    M  8.6 16 160   M    M   2        22 170
28  71  23  47  15  18   0 0.00    M    M  8.1 14 230   M    M   0        20 230
29  80  26  53  22  12   0 0.00    M    M  7.7 23  10   M    M   0        32  10
30  26  11  19 -12  46   0 0.00    M    M 20.4 27 350   M    M   2        35 360
================================================================================
SM 1392  607       944   0    M     M    373.9          M       71
================================================================================
AV 46.4 20.2                              12.5 FASTST   M    M   2    MAX(MPH)
                                 MISC ---->    32  330                 M    M
================================================================================
NOTES:
# LAST OF SEVERAL OCCURRENCES

COLUMN 17 PEAK WIND IN M.P.H.

PRELIMINARY LOCAL CLIMATOLOGICAL DATA (WS FORM: F-6) , PAGE 2

                                          STATION:  AURORA
                                          MONTH:    NOVEMBER
                                          YEAR:     2014
                                          LATITUDE:   40 54 N
                                          LONGITUDE:  97 59 W

[TEMPERATURE DATA]      [PRECIPITATION DATA]       SYMBOLS USED IN COLUMN 16

AVERAGE MONTHLY: 33.3   TOTAL FOR MONTH:      M    1 = FOG OR MIST
DPTR FM NORMAL:  -5.0   DPTR FM NORMAL:       M    2 = FOG REDUCING VISIBILITY
HIGHEST:    80 ON 29    GRTST 24HR     M ON   M        TO 1/4 MILE OR LESS
LOWEST:     -3 ON 16                               3 = THUNDER
                        SNOW, ICE PELLETS, HAIL    4 = ICE PELLETS
                        TOTAL MONTH:    M          5 = HAIL
                        GRTST 24HR    M  ON   M    6 = FREEZING RAIN OR DRIZZLE
                        GRTST DEPTH:  M  ON   M    7 = DUSTSTORM OR SANDSTORM:
                                                       VSBY 1/2 MILE OR LESS
                                                   8 = SMOKE OR HAZE
[NO. OF DAYS WITH]      [WEATHER - DAYS WITH]      9 = BLOWING SNOW
                                                   X = TORNADO
MAX 32 OR BELOW:   8    0.01 INCH OR MORE:   M
MAX 90 OR ABOVE:   0    0.10 INCH OR MORE:   M
MIN 32 OR BELOW:  21    0.50 INCH OR MORE:   M
MIN  0 OR BELOW:   2    1.00 INCH OR MORE:   M

[HDD (BASE 65) ]
TOTAL THIS MO.   944    CLEAR  (SCALE 0-3)  20
DPTR FM NORMAL   143    PTCLDY (SCALE 4-7)  10
TOTAL FM JUL 1  1404    CLOUDY (SCALE 8-10)  0
DPTR FM NORMAL    76

[CDD (BASE 65) ]
TOTAL THIS MO.     0
DPTR FM NORMAL     0    [PRESSURE DATA]
TOTAL FM JAN 1   947    HIGHEST SLP M ON M
DPTR FM NORMAL   -31    LOWEST  SLP M ON M

[REMARKS]
#FINAL-11-14#




U.S. Dept. of Commerce
NOAA National Weather Service
1325 East West Highway
Silver Spring, MD 20910
E-mail: w-nws.webmaster@noaa.gov
Page last modified: May 16, 2007
NATIONAL WEATHER SERVICE: for Safety, for Work, for Fun - FOR LIFE