982
CXUS55 KABR 311400
CF6ATY
PRELIMINARY LOCAL CLIMATOLOGICAL DATA (WS FORM: F-6)

                                          STATION:   WATERTOWN SD
                                          MONTH:     JULY
                                          YEAR:      2014
                                          LATITUDE:   44 55 N
                                          LONGITUDE:  97  9 W

  TEMPERATURE IN F:       :PCPN:    SNOW:  WIND      :SUNSHINE: SKY     :PK WND
================================================================================
1   2   3   4   5  6A  6B    7    8   9   10  11  12  13   14  15   16   17  18
                                     12Z  AVG MX 2MIN
DY MAX MIN AVG DEP HDD CDD  WTR  SNW DPTH SPD SPD DIR MIN PSBL S-S WX    SPD DR
================================================================================

 1  63  52  58 -12   7   0 0.06  0.0    0 18.9 30 320   M    M  10 18     37 320
 2  70  52  61  -9   4   0 0.00  0.0    0 10.3 20 350   M    M   4        24 350
 3  76  53  65  -5   0   0 0.00  0.0    0  5.1 12 110   M    M   4        17 110
 4  83  62  73   3   0   8 0.04  0.0    0 16.9 28 170   M    M   2 3      35 170
 5  87  66  77   6   0  12 0.00  0.0    0 11.8 22 210   M    M   1        27 220
 6  84  68  76   5   0  11 0.02  0.0    0 11.3 22 330   M    M   1 13     29 310
 7  82  63  73   2   0   8 0.05  0.0    0 12.2 25 340   M    M   3 1      34 330
 8  76  56  66  -5   0   1 0.00  0.0    0 14.0 25 330   M    M   2        35 320
 9  78  54  66  -5   0   1 0.00  0.0    0  4.6 12 340   M    M   1 1      15 310
10  80  57  69  -2   0   4    T  0.0    0 11.9 23 170   M    M   1        29 170
11  90  68  79   8   0  14 0.02  0.0    0  7.8 20 190   M    M   4        27 200
12  78  62  70  -1   0   5 0.30  0.0    0  7.7 16 240   M    M   4 13     20 250
13  76  56  66  -5   0   1 0.00  0.0    0 10.0 22 310   M    M   0 1      28 310
14  66  52  59 -13   6   0 0.00  0.0    0 16.7 26 320   M    M   5        34 340
15  72  48  60 -12   5   0 0.00  0.0    0  8.3 18 350   M    M   3        26 340
16  76  45  61 -11   4   0 0.00  0.0    0  1.9 10 320   M    M   2 1      14 270
17  78  52  65  -7   0   0 0.00  0.0    0  8.4 16 210   M    M   2        19 210
18  77  57  67  -5   0   2 0.00  0.0    0 15.2 29 180   M    M   1        36 210
19  80  61  71  -1   0   6 0.00  0.0    0  7.6 15 170   M    M   1        20 180
20  83  65  74   2   0   9 0.00  0.0    0 12.1 22 200   M    M   2 1      27 200
21  89  69  79   8   0  14 0.00  0.0    0 11.9 24 150   M    M   4 1      32 150
22  80  59  70  -1   0   5    T  0.0    0 11.7 25  10   M    M   1 3      31  10
23  80  52  66  -5   0   1 0.00  0.0    0  5.1 14  70   M    M   0        18  60
24  74  60  67  -4   0   2 0.46  0.0    0 14.9 36  20   M    M   3 138    44  20
25  80  63  72   1   0   7 0.27  0.0    0  9.0 22 200   M    M   4 123    28 200
26  83  62  73   2   0   8 0.03  0.0    0 10.3 22 260   M    M   2 123    26 260
27  66  54  60 -11   5   0 0.00  0.0    0 16.1 29 340   M    M   7        34 340
28  74  53  64  -7   1   0 0.00  0.0    0  7.8 17 350   M    M   7        22 350
29  76  49  63  -8   2   0 0.00  0.0    0  4.0 13 330   M    M   2 1      19 300
30  78  50  64  -7   1   0 0.00  0.0    0  3.5 12  10   M    M   1        17 320
================================================================================
SM 2335 1720        35 119  1.25     0.0 307.0          M       84
================================================================================
AV 77.8 57.3                              10.2 FASTST   M    M   3    MAX(MPH)
                                 MISC ---->  # 36  20               # 44   20
================================================================================
NOTES:
# LAST OF SEVERAL OCCURRENCES

COLUMN 17 PEAK WIND IN M.P.H.

PRELIMINARY LOCAL CLIMATOLOGICAL DATA (WS FORM: F-6) , PAGE 2

                                          STATION:  WATERTOWN SD
                                          MONTH:    JULY
                                          YEAR:     2014
                                          LATITUDE:   44 55 N
                                          LONGITUDE:  97  9 W

[TEMPERATURE DATA]      [PRECIPITATION DATA]       SYMBOLS USED IN COLUMN 16

AVERAGE MONTHLY: 67.6   TOTAL FOR MONTH:   1.25    1 = FOG OR MIST
DPTR FM NORMAL:  -3.5   DPTR FM NORMAL:   -1.67    2 = FOG REDUCING VISIBILITY
HIGHEST:    90 ON 11    GRTST 24HR  0.73 ON 24-25      TO 1/4 MILE OR LESS
LOWEST:     45 ON 16                               3 = THUNDER
                        SNOW, ICE PELLETS, HAIL    4 = ICE PELLETS
                        TOTAL MONTH:   0.0 INCH    5 = HAIL
                        GRTST 24HR     0.0         6 = FREEZING RAIN OR DRIZZLE
                        GRTST DEPTH:   0           7 = DUSTSTORM OR SANDSTORM:
                                                       VSBY 1/2 MILE OR LESS
                                                   8 = SMOKE OR HAZE
[NO. OF DAYS WITH]      [WEATHER - DAYS WITH]      9 = BLOWING SNOW
                                                   X = TORNADO
MAX 32 OR BELOW:   0    0.01 INCH OR MORE:   9
MAX 90 OR ABOVE:   1    0.10 INCH OR MORE:   3
MIN 32 OR BELOW:   0    0.50 INCH OR MORE:   0
MIN  0 OR BELOW:   0    1.00 INCH OR MORE:   0

[HDD (BASE 65) ]
TOTAL THIS MO.    35    CLEAR  (SCALE 0-3)  19
DPTR FM NORMAL    18    PTCLDY (SCALE 4-7)  10
TOTAL FM JUL 1    35    CLOUDY (SCALE 8-10)  1
DPTR FM NORMAL    18

[CDD (BASE 65) ]
TOTAL THIS MO.   119
DPTR FM NORMAL   -83    [PRESSURE DATA]
TOTAL FM JAN 1   221    HIGHEST SLP M ON M
DPTR FM NORMAL   -99    LOWEST  SLP 29.48 ON 25

[REMARKS]




U.S. Dept. of Commerce
NOAA National Weather Service
1325 East West Highway
Silver Spring, MD 20910
E-mail: w-nws.webmaster@noaa.gov
Page last modified: May 16, 2007
NATIONAL WEATHER SERVICE: for Safety, for Work, for Fun - FOR LIFE