672
CXUS55 KABR 011400
CF6ATY
PRELIMINARY LOCAL CLIMATOLOGICAL DATA (WS FORM: F-6)

                                          STATION:   WATERTOWN SD
                                          MONTH:     AUGUST
                                          YEAR:      2014
                                          LATITUDE:   44 55 N
                                          LONGITUDE:  97  9 W

  TEMPERATURE IN F:       :PCPN:    SNOW:  WIND      :SUNSHINE: SKY     :PK WND
================================================================================
1   2   3   4   5  6A  6B    7    8   9   10  11  12  13   14  15   16   17  18
                                     12Z  AVG MX 2MIN
DY MAX MIN AVG DEP HDD CDD  WTR  SNW DPTH SPD SPD DIR MIN PSBL S-S WX    SPD DR
================================================================================

 1  83  53  68  -3   0   3 0.00  0.0    0  2.8 10 220   M    M   2        14 200
 2  82  58  70  -1   0   5 0.00  0.0    0  5.7 12 170   M    M   2 1      16 160
 3  84  58  71   1   0   6 0.00  0.0    0  3.1 18  20   M    M   2 1      22  20
 4  77  59  68  -2   0   3 0.00  0.0    0  7.6 15  40   M    M   5        19  50
 5  76  52  64  -6   1   0 0.00  0.0    0  6.1 14 130   M    M   0        19 140
 6  79  61  70   0   0   5 0.00  0.0    0  8.1 18  90   M    M   2        25  90
 7  80  55  68  -2   0   3 0.00  0.0    0  6.6 15 140   M    M   4 1      22 150
 8  71  59  65  -5   0   0 0.37  0.0    0  5.8 14 130   M    M   9 18     18 130
 9  72  62  67  -3   0   2 0.61  0.0    0  6.5 15 160   M    M   8 13     20 170
10  78  57  68  -2   0   3 0.00  0.0    0  9.7 22 340   M    M   6 1      27 350
11  74  53  64  -6   1   0 0.00  0.0    0 11.0 22 350   M    M   2        27 360
12  77  48  63  -7   2   0 0.00  0.0    0  2.7 12  20   M    M   0        15 340
13  82  53  68  -1   0   3 0.00  0.0    0  4.1 12 170   M    M   0        14 200
14  69  61  65  -4   0   0 0.01  0.0    0  9.1 18 170   M    M   2        22 170
15  79  64  72   3   0   7 0.16  0.0    0  8.4 22 160   M    M   6 13     29 160
16  79  64  72   3   0   7 0.00  0.0    0  4.9 12 210   M    M   7 12     15 210
17  82  64  73   4   0   8 0.01  0.0    0  6.0 25 330   M    M   5 12     30 320
18  82  59  71   3   0   6 0.10  0.0    0 10.4 22 330   M    M   2 1      30 340
19  82  58  70   2   0   5 0.00  0.0    0  5.7 14 330   M    M   0        18 320
20  84  63  74   6   0   9 0.01  0.0    0  8.1 18 150   M    M   1        23 150
21  83  65  74   6   0   9 0.38  0.0    0  7.7 28 320   M    M   3 1238   36 320
22  82  60  71   3   0   6 0.24  0.0    0  5.5 15  50   M    M   5 123    19  50
23  75  65  70   2   0   5 0.78  0.0    0 10.8 26 240   M    M   9 13     35 250
24  77  61  69   2   0   4 0.01  0.0    0  9.4 21 250   M    M   2 3      25 240
25  69  50  60  -7   5   0 0.00  0.0    0 12.1 22 290   M    M   0        30 280
26  67  45  56 -11   9   0 0.00  0.0    0  3.9 12  80   M    M   3        14  70
27  74  54  64  -2   1   0 0.00  0.0    0  7.0 15 150   M    M   6        19 160
28  68  64  66   0   0   1 0.22  0.0    0  6.8 14 140   M    M   9 1      19 140
29  78  63  71   5   0   6    T  0.0    0  6.4 18 330   M    M   8 12     22 320
30  70  59  65  -1   0   0 0.00  0.0    0  7.6 15 350   M    M   7 1      19 350
31  78  60  69   4   0   4    T  0.0    0 10.5 20 260   M    M   2 3      27 280
================================================================================
SM 2393 1807        19 110  2.90     0.0 220.1          M      119
================================================================================
AV 77.2 58.3                               7.1 FASTST   M    M   4    MAX(MPH)
                                 MISC ---->  # 28 320               # 36  320
================================================================================
NOTES:
# LAST OF SEVERAL OCCURRENCES

COLUMN 17 PEAK WIND IN M.P.H.

PRELIMINARY LOCAL CLIMATOLOGICAL DATA (WS FORM: F-6) , PAGE 2

                                          STATION:  WATERTOWN SD
                                          MONTH:    AUGUST
                                          YEAR:     2014
                                          LATITUDE:   44 55 N
                                          LONGITUDE:  97  9 W

[TEMPERATURE DATA]      [PRECIPITATION DATA]       SYMBOLS USED IN COLUMN 16

AVERAGE MONTHLY: 67.7   TOTAL FOR MONTH:   2.90    1 = FOG OR MIST
DPTR FM NORMAL:  -0.9   DPTR FM NORMAL:    0.12    2 = FOG REDUCING VISIBILITY
HIGHEST:    84 ON 20, 3 GRTST 24HR  0.94 ON  8- 9      TO 1/4 MILE OR LESS
LOWEST:     45 ON 26                               3 = THUNDER
                        SNOW, ICE PELLETS, HAIL    4 = ICE PELLETS
                        TOTAL MONTH:   0.0 INCH    5 = HAIL
                        GRTST 24HR     0.0         6 = FREEZING RAIN OR DRIZZLE
                        GRTST DEPTH:   0           7 = DUSTSTORM OR SANDSTORM:
                                                       VSBY 1/2 MILE OR LESS
                                                   8 = SMOKE OR HAZE
[NO. OF DAYS WITH]      [WEATHER - DAYS WITH]      9 = BLOWING SNOW
                                                   X = TORNADO
MAX 32 OR BELOW:   0    0.01 INCH OR MORE:  12
MAX 90 OR ABOVE:   0    0.10 INCH OR MORE:   8
MIN 32 OR BELOW:   0    0.50 INCH OR MORE:   2
MIN  0 OR BELOW:   0    1.00 INCH OR MORE:   0

[HDD (BASE 65) ]
TOTAL THIS MO.    19    CLEAR  (SCALE 0-3)  16
DPTR FM NORMAL   -21    PTCLDY (SCALE 4-7)  12
TOTAL FM JUL 1    54    CLOUDY (SCALE 8-10)  3
DPTR FM NORMAL    -3

[CDD (BASE 65) ]
TOTAL THIS MO.   110
DPTR FM NORMAL   -40    [PRESSURE DATA]
TOTAL FM JAN 1   333    HIGHEST SLP 30.23 ON 26
DPTR FM NORMAL  -141    LOWEST  SLP 29.60 ON 31

[REMARKS]
#FINAL-08-14#




U.S. Dept. of Commerce
NOAA National Weather Service
1325 East West Highway
Silver Spring, MD 20910
E-mail: w-nws.webmaster@noaa.gov
Page last modified: May 16, 2007
NATIONAL WEATHER SERVICE: for Safety, for Work, for Fun - FOR LIFE