082
CXUS55 KABR 301400
CF6ATY
PRELIMINARY LOCAL CLIMATOLOGICAL DATA (WS FORM: F-6)

                                          STATION:   WATERTOWN SD
                                          MONTH:     JANUARY
                                          YEAR:      2015
                                          LATITUDE:   44 55 N
                                          LONGITUDE:  97  9 W

  TEMPERATURE IN F:       :PCPN:    SNOW:  WIND      :SUNSHINE: SKY     :PK WND
================================================================================
1   2   3   4   5  6A  6B    7    8   9   10  11  12  13   14  15   16   17  18
                                     12Z  AVG MX 2MIN
DY MAX MIN AVG DEP HDD CDD  WTR  SNW DPTH SPD SPD DIR MIN PSBL S-S WX    SPD DR
================================================================================

 1  29   9  19   6  46   0 0.00  0.0    3 10.9 20 250   M    M   7        24 260
 2  28  19  24  11  41   0 0.00  0.0    3 11.5 21 170   M    M   4        29 170
 3  24  -7   9  -4  56   0 0.00  0.0    3 20.0 33 360   M    M   5 18     42 360
 4   0 -10  -5 -18  70   0    T    T    3 15.5 25 350   M    M   2 8      30 350
 5   3 -17  -7 -20  72   0 0.13  2.5    3  7.9 14 200   M    M   4 12     17 140
 6   4 -17  -6 -19  71   0    T    T    6 16.4 33 340   M    M   5 18     39 340
 7   1 -12  -5 -17  70   0 0.00  0.0    6 12.8 24 340   M    M   4 8      30 340
 8  17   0   9  -3  56   0 0.02  0.2    6 25.3 44 330   M    M   8 189    52 320
 9   4 -10  -3 -15  68   0 0.00  0.0    6 14.0 30 320   M    M   3 8      38 310
10  15  -9   3  -9  62   0 0.00  0.0    6  6.7 16 170   M    M   1        19 180
11  14   2   8  -4  57   0 0.00  0.0    6  6.5 16 330   M    M   7        20 320
12   3 -14  -5 -17  70   0 0.00  0.0    6  6.9 18 340   M    M   0        20 340
13  18 -15   2 -10  63   0 0.01  0.2    6 13.3 22 210   M    M   6 1      27 210
14  27   6  17   5  48   0 0.00  0.0    6  8.2 16 310   M    M   5 18     19 310
15  33  15  24  12  41   0 0.00  0.0    6  8.6 15 310   M    M   0 1      19 300
16  28  14  21   9  44   0    T    T    5  6.4 14 150   M    M   7 12     18 140
17  38  27  33  21  32   0    T    T    4 18.1 33 310   M    M   4        43 310
18  42  19  31  19  34   0 0.00  0.0    2  4.3 15 280   M    M   1        22 300
19  43  24  34  22  31   0 0.09  0.0    1 10.3 20 300   M    M   5 16     29 280
20  35  28  32  20  33   0 0.05  0.8    0 10.5 18 320   M    M  10 1      22 320
21  28  18  23  11  42   0    T    T    1  9.4 16 340   M    M  10 1      20 340
22  31  13  22  10  43   0 0.00  0.0    1 12.2 20 210   M    M   4 1      23 210
23  39  26  33  20  32   0 0.00  0.0    1 10.0 18 320   M    M   2        23 220
24  37  24  31  18  34   0 0.10  0.3    1  7.7 22 360   M    M   4 1      27 360
25  32  28  30  17  35   0    T    T    0  9.2 18  10   M    M  10 1      23  10
26  42  27  35  22  30   0 0.00  0.0    0 10.9 23 320   M    M   0        30 310
27  37  24  31  18  34   0 0.00  0.0    0  9.7 18 160   M    M   1 1      25 150
28  40  31  36  23  29   0 0.00  0.0    0 13.4 35 340   M    M   5 1      42 330
29  31  18  25  12  40   0 0.00  0.0    0 18.0 36 340   M    M  10        43 330
================================================================================
SM  723  261      1384   0  0.40     4.0 334.6          M      134
================================================================================
AV 24.9  9.0                              11.5 FASTST   M    M   5    MAX(MPH)
                                 MISC ---->  # 44 330               # 52  320
================================================================================
NOTES:
# LAST OF SEVERAL OCCURRENCES

COLUMN 17 PEAK WIND IN M.P.H.

PRELIMINARY LOCAL CLIMATOLOGICAL DATA (WS FORM: F-6) , PAGE 2

                                          STATION:  WATERTOWN SD
                                          MONTH:    JANUARY
                                          YEAR:     2015
                                          LATITUDE:   44 55 N
                                          LONGITUDE:  97  9 W

[TEMPERATURE DATA]      [PRECIPITATION DATA]       SYMBOLS USED IN COLUMN 16

AVERAGE MONTHLY: 17.0   TOTAL FOR MONTH:   0.40    1 = FOG OR MIST
DPTR FM NORMAL:   4.5   DPTR FM NORMAL:   -0.09    2 = FOG REDUCING VISIBILITY
HIGHEST:    43 ON 19    GRTST 24HR  0.13 ON  5- 5      TO 1/4 MILE OR LESS
LOWEST:    -17 ON  6, 5                            3 = THUNDER
                        SNOW, ICE PELLETS, HAIL    4 = ICE PELLETS
                        TOTAL MONTH:   4.0 INCHES  5 = HAIL
                        GRTST 24HR   2.5 ON  5- 5  6 = FREEZING RAIN OR DRIZZLE
                        GRTST DEPTH:   6 ON 15,14  7 = DUSTSTORM OR SANDSTORM:
                                                       VSBY 1/2 MILE OR LESS
                                                   8 = SMOKE OR HAZE
[NO. OF DAYS WITH]      [WEATHER - DAYS WITH]      9 = BLOWING SNOW
                                                   X = TORNADO
MAX 32 OR BELOW:  19    0.01 INCH OR MORE:   6
MAX 90 OR ABOVE:   0    0.10 INCH OR MORE:   2
MIN 32 OR BELOW:  29    0.50 INCH OR MORE:   0
MIN  0 OR BELOW:  10    1.00 INCH OR MORE:   0

[HDD (BASE 65) ]
TOTAL THIS MO.  1384    CLEAR  (SCALE 0-3)   9
DPTR FM NORMAL  -138    PTCLDY (SCALE 4-7)  16
TOTAL FM JUL 1  4797    CLOUDY (SCALE 8-10)  4
DPTR FM NORMAL  -184

[CDD (BASE 65) ]
TOTAL THIS MO.     0
DPTR FM NORMAL     0    [PRESSURE DATA]
TOTAL FM JAN 1     0    HIGHEST SLP M ON M
DPTR FM NORMAL     0    LOWEST  SLP 29.57 ON 17

[REMARKS]




U.S. Dept. of Commerce
NOAA National Weather Service
1325 East West Highway
Silver Spring, MD 20910
E-mail: w-nws.webmaster@noaa.gov
Page last modified: May 16, 2007
NATIONAL WEATHER SERVICE: for Safety, for Work, for Fun - FOR LIFE