265
CXUS54 KMAF 301100
CF6ATS
PRELIMINARY LOCAL CLIMATOLOGICAL DATA (WS FORM: F-6)

                                          STATION:   Artesia
                                          MONTH:     JULY
                                          YEAR:      2014
                                          LATITUDE:   32 54 N
                                          LONGITUDE: 104 30 W

  TEMPERATURE IN F:       :PCPN:    SNOW:  WIND      :SUNSHINE: SKY     :PK WND
================================================================================
1   2   3   4   5  6A  6B    7    8   9   10  11  12  13   14  15   16   17  18
                                     12Z  AVG MX 2MIN
DY MAX MIN AVG DEP HDD CDD  WTR  SNW DPTH SPD SPD DIR MIN PSBL S-S WX    SPD DR
================================================================================

 1  90  68  79   M   0  14 0.03  0.0    0  7.9 17 140   M    M   2 3      18 150
 2  82  64  73   M   0   8 0.01  0.0    0 11.6 21 120   M    M   2 3      29 120
 3  90  63  77   M   0  12 0.00  0.0    0 10.0 18 150   M    M   2        24 150
 4  91  66  79   M   0  14 0.00  0.0    0 11.7 18 130   M    M   0        28 140
 5  95  66  81   M   0  16 0.00  0.0    0 10.9 17 160   M    M   0        24 160
 6  84  68  76   M   0  11 0.01  0.0    0  7.5 14 170   M    M   1        20 160
 7  93  63  78   M   0  13 0.00  0.0    0  6.8 14 140   M    M   0        18 150
 8  95  68  82   M   0  17 0.00  0.0    0  8.9 15 150   M    M   1        22 150
 9  93  68  81   M   0  16 0.00  0.0    0 10.7 18 150   M    M   0        23 140
10  93  68  81   M   0  16 0.00  0.0    0 11.1 18 160   M    M   0        25 150
11  91  66  79   M   0  14 0.00  0.0    0 12.9 21 160   M    M   0        28 160
12  90  68  79   M   0  14 0.00  0.0    0  9.0 24 170   M    M   4 3      31 170
13  93  68  81   M   0  16 0.00  0.0    0  7.5 15 140   M    M   0        20 100
14  95  66  81   M   0  16 0.01  0.0    0  8.2 22  40   M    M   1 8      31  90
15  88  66  77   M   0  12 0.00  0.0    0  8.0 24 230   M    M   2 3      28 230
16  91  68  80   M   0  15 0.00  0.0    0  8.9 18 180   M    M   1        28 150
17  90  68  79   M   0  14 0.00  0.0    0 12.2 27 340   M    M   2        31 330
18  88  68  78   M   0  13 0.00  0.0    0 11.4 16 160   M    M   4        22 150
19  97  66  82   M   0  17 0.36  0.0    0 10.2 24 330   M    M   3 3      32 330
20  95  68  82   M   0  17 0.00  0.0    0  9.9 17 110   M    M   0 3      24 110
21 100  68  84   M   0  19 0.00  0.0    0  7.9 15 100   M    M   0        22 100
22  97  73  85   M   0  20 0.00  0.0    0  9.2 16 140   M    M   1        23 140
23  95  73  84   M   0  19 0.00  0.0    0  6.4 13 150   M    M   1        20 120
24  95  70  83   M   0  18 0.00  0.0    0  5.8 12 120   M    M   0        17 140
25  99  68  84   M   0  19 0.00  0.0    0  8.5 15 170   M    M   0        23 150
26 100  70  85   M   0  20 0.00  0.0    0  9.9 16 170   M    M   0        20 150
27  99  72  86   M   0  21 0.00  0.0    0  8.3 15 110   M    M   1        24  70
28  91  73  82   M   0  17 0.00  0.0    0 13.6 24 320   M    M   1 3      30 320
29  91  70  81   M   0  16 0.00  0.0    0  7.8 17  10   M    M   1 3      22 360
================================================================================
SM 2691 1971         0 454  0.42     0.0 272.7          M       30
================================================================================
AV 92.8 68.0                               9.4 FASTST   M    M   1    MAX(MPH)
                                 MISC ---->  # 27 340                 32    M
================================================================================
NOTES:
# LAST OF SEVERAL OCCURRENCES

COLUMN 17 PEAK WIND IN M.P.H.

PRELIMINARY LOCAL CLIMATOLOGICAL DATA (WS FORM: F-6) , PAGE 2

                                          STATION:  Artesia
                                          MONTH:    JULY
                                          YEAR:     2014
                                          LATITUDE:   32 54 N
                                          LONGITUDE: 104 30 W

[TEMPERATURE DATA]      [PRECIPITATION DATA]       SYMBOLS USED IN COLUMN 16

AVERAGE MONTHLY: 80.4   TOTAL FOR MONTH:   0.42    1 = FOG OR MIST
DPTR FM NORMAL:     M   DPTR FM NORMAL:       M    2 = FOG REDUCING VISIBILITY
HIGHEST:   100 ON 26,21 GRTST 24HR  0.36 ON 19-19      TO 1/4 MILE OR LESS
LOWEST:     63 ON  7, 3                            3 = THUNDER
                        SNOW, ICE PELLETS, HAIL    4 = ICE PELLETS
                        TOTAL MONTH:   0.0 INCH    5 = HAIL
                        GRTST 24HR     0.0         6 = FREEZING RAIN OR DRIZZLE
                        GRTST DEPTH:   0           7 = DUSTSTORM OR SANDSTORM:
                                                       VSBY 1/2 MILE OR LESS
                                                   8 = SMOKE OR HAZE
[NO. OF DAYS WITH]      [WEATHER - DAYS WITH]      9 = BLOWING SNOW
                                                   X = TORNADO
MAX 32 OR BELOW:   0    0.01 INCH OR MORE:   5
MAX 90 OR ABOVE:  25    0.10 INCH OR MORE:   1
MIN 32 OR BELOW:   0    0.50 INCH OR MORE:   0
MIN  0 OR BELOW:   0    1.00 INCH OR MORE:   0

[HDD (BASE 65) ]
TOTAL THIS MO.     0    CLEAR  (SCALE 0-3)  27
DPTR FM NORMAL     M    PTCLDY (SCALE 4-7)   2
TOTAL FM JUL 1     0    CLOUDY (SCALE 8-10)  0
DPTR FM NORMAL     M

[CDD (BASE 65) ]
TOTAL THIS MO.   454
DPTR FM NORMAL     M    [PRESSURE DATA]
TOTAL FM JAN 1  1170    HIGHEST SLP M ON M
DPTR FM NORMAL     M    LOWEST  SLP M ON M

[REMARKS]




U.S. Dept. of Commerce
NOAA National Weather Service
1325 East West Highway
Silver Spring, MD 20910
E-mail: w-nws.webmaster@noaa.gov
Page last modified: May 16, 2007
NATIONAL WEATHER SERVICE: for Safety, for Work, for Fun - FOR LIFE