881
CXUS52 KFFC 011110
CF6ATL
PRELIMINARY LOCAL CLIMATOLOGICAL DATA (WS FORM: F-6)

                                          STATION:   ATLANTA
                                          MONTH:     NOVEMBER
                                          YEAR:      2014
                                          LATITUDE:   33 39 N
                                          LONGITUDE:  84 26 W

  TEMPERATURE IN F:       :PCPN:    SNOW:  WIND      :SUNSHINE: SKY     :PK WND
================================================================================
1   2   3   4   5  6A  6B    7    8   9   10  11  12  13   14  15   16   17  18
                                     12Z  AVG MX 2MIN
DY MAX MIN AVG DEP HDD CDD  WTR  SNW DPTH SPD SPD DIR MIN PSBL S-S WX    SPD DR
================================================================================

 1  47  38  43 -16  22   0    T    M    0 19.6 35 330   M    M   8        45 320
 2  58  34  46 -12  19   0 0.00  0.0    0 11.1 23 320   M    M   1        26 340
 3  67  37  52  -6  13   0 0.00  0.0    0  3.7  9 160   M    M   2        13 160
 4  70  44  57  -1   8   0 0.00  0.0    0  3.3 10 200   M    M   8        17 210
 5  69  51  60   2   5   0 0.00  0.0    0  3.0 12 190   M    M  10        15 190
 6  72  50  61   4   4   0 0.03  0.0    0 11.4 25 330   M    M   7 1      36 310
 7  60  41  51  -6  14   0 0.00  0.0    0  7.7 17 350   M    M   2        22 360
 8  63  38  51  -6  14   0 0.00  0.0    0  3.2  9  80   M    M   5        15 100
 9  68  42  55  -1  10   0 0.00  0.0    0  5.4 13 330   M    M   3        15 330
10  71  43  57   1   8   0 0.00  0.0    0  3.1 12 130   M    M   1        16 150
11  72  44  58   2   7   0 0.00  0.0    0  3.7 13 280   M    M   4        17 290
12  66  45  56   1   9   0 0.00  0.0    0  8.1 17 310   M    M   6 8      25 330
13  47  34  41 -14  24   0 0.00  0.0    0 15.0 26 330   M    M   9        35 330
14  45  26  36 -19  29   0 0.00  0.0    0 12.3 24 330   M    M   2        31 340
15  50  28  39 -15  26   0 0.00  0.0    0  8.5 17  90   M    M   2        21 120
16  50  37  44 -10  21   0 0.87  0.0    0  7.8 16  70   M    M   9 1      20  80
17  60  30  45  -9  20   0 0.77  0.0    0 13.4 26 290   M    M   8 13     35 290
18  37  24  31 -22  34   0 0.00  0.0    0 12.3 23 310   M    M   3        29 310
19  50  21  36 -17  29   0 0.00  0.0    0  5.9 13 240   M    M   1        18 190
20  63  33  48  -5  17   0 0.00  0.0    0  6.9 15 290   M    M   3        21 270
21  65  37  51  -1  14   0 0.00  0.0    0  5.5 10  40   M    M   2        15  30
22  62  38  50  -2  15   0 0.00  0.0    0  9.4 16  80   M    M   4        33 160
23  62  46  54   2  11   0 2.18  0.0    0 13.4 24  80   M    M  10 12     39  40
24  76  55  66  15   0   1 0.00  0.0    0  9.5 17 250   M    M   6        23 260
25  62  48  55   4  10   0 0.00  0.0    0  8.4 17 320   M    M   8        21 320
26  57  42  50   0  15   0    T  0.0    0  9.4 18 300   M    M   5        24 300
27  49  35  42  -8  23   0 0.00  0.0    0 12.6 22 320   M    M   6        29 320
28  51  28  40 -10  25   0 0.00  0.0    0  5.5 18 350   M    M   0        22 350
29  61  33  47  -3  18   0 0.00  0.0    0  5.4 14 210   M    M   4        18 200
30  69  41  55   6  10   0 0.00  0.0    0  4.4 16 210   M    M   2        20 210
================================================================================
SM 1799 1143       474   1  3.85     0.0 248.9          M      141
================================================================================
AV 60.0 38.1                               8.3 FASTST   M    M   5    MAX(MPH)
                                 MISC ---->  # 35 330               # 45  320
================================================================================
NOTES:
# LAST OF SEVERAL OCCURRENCES

COLUMN 17 PEAK WIND IN M.P.H.

PRELIMINARY LOCAL CLIMATOLOGICAL DATA (WS FORM: F-6) , PAGE 2

                                          STATION:  ATLANTA
                                          MONTH:    NOVEMBER
                                          YEAR:     2014
                                          LATITUDE:   33 39 N
                                          LONGITUDE:  84 26 W

[TEMPERATURE DATA]      [PRECIPITATION DATA]       SYMBOLS USED IN COLUMN 16

AVERAGE MONTHLY: 49.0   TOTAL FOR MONTH:   3.85    1 = FOG OR MIST
DPTR FM NORMAL:  -5.0   DPTR FM NORMAL:   -0.25    2 = FOG REDUCING VISIBILITY
HIGHEST:    76 ON 24    GRTST 24HR  2.18 ON 23-23      TO 1/4 MILE OR LESS
LOWEST:     21 ON 19                               3 = THUNDER
                        SNOW, ICE PELLETS, HAIL    4 = ICE PELLETS
                        TOTAL MONTH:   0.0 INCH    5 = HAIL
                        GRTST 24HR     0.0         6 = FREEZING RAIN OR DRIZZLE
                        GRTST DEPTH:   0           7 = DUSTSTORM OR SANDSTORM:
                                                       VSBY 1/2 MILE OR LESS
                                                   8 = SMOKE OR HAZE
[NO. OF DAYS WITH]      [WEATHER - DAYS WITH]      9 = BLOWING SNOW
                                                   X = TORNADO
MAX 32 OR BELOW:   0    0.01 INCH OR MORE:   4
MAX 90 OR ABOVE:   0    0.10 INCH OR MORE:   3
MIN 32 OR BELOW:   6    0.50 INCH OR MORE:   3
MIN  0 OR BELOW:   0    1.00 INCH OR MORE:   1

[HDD (BASE 65) ]
TOTAL THIS MO.   474    CLEAR  (SCALE 0-3)  12
DPTR FM NORMAL   135    PTCLDY (SCALE 4-7)  14
TOTAL FM JUL 1   547    CLOUDY (SCALE 8-10)  4
DPTR FM NORMAL    79

[CDD (BASE 65) ]
TOTAL THIS MO.     1
DPTR FM NORMAL    -9    [PRESSURE DATA]
TOTAL FM JAN 1  1986    HIGHEST SLP 30.48 ON  3
DPTR FM NORMAL   104    LOWEST  SLP 29.64 ON 23

[REMARKS]
#FINAL-11-14#




U.S. Dept. of Commerce
NOAA National Weather Service
1325 East West Highway
Silver Spring, MD 20910
E-mail: w-nws.webmaster@noaa.gov
Page last modified: May 16, 2007
NATIONAL WEATHER SERVICE: for Safety, for Work, for Fun - FOR LIFE