238
CXUS52 KFFC 251110
CF6ATL
PRELIMINARY LOCAL CLIMATOLOGICAL DATA (WS FORM: F-6)

                                          STATION:   ATLANTA
                                          MONTH:     JULY
                                          YEAR:      2014
                                          LATITUDE:   33 39 N
                                          LONGITUDE:  84 26 W

  TEMPERATURE IN F:       :PCPN:    SNOW:  WIND      :SUNSHINE: SKY     :PK WND
================================================================================
1   2   3   4   5  6A  6B    7    8   9   10  11  12  13   14  15   16   17  18
                                     12Z  AVG MX 2MIN
DY MAX MIN AVG DEP HDD CDD  WTR  SNW DPTH SPD SPD DIR MIN PSBL S-S WX    SPD DR
================================================================================

 1  90  71  81   1   0  16 0.00  0.0    0  5.1 12 310   M    M   3        16 330
 2  93  73  83   3   0  18 0.00  0.0    0  6.6 14 310   M    M   5 1      17 320
 3  87  70  79  -1   0  14 0.00  0.0    0 11.5 21 320   M    M   6        26 330
 4  84  64  74  -6   0   9 0.00  0.0    0  9.7 15 310   M    M   5        32 300
 5  86  68  77  -3   0  12 0.00  0.0    0 10.7 20  80   M    M   4        24  80
 6  87  68  78  -2   0  13 0.00  0.0    0  5.7 13 120   M    M   5 8      18 120
 7  89  72  81   1   0  16 0.00  0.0    0  4.4 16 290   M    M   4        24 200
 8  90  70  80   0   0  15 0.00  0.0    0  7.7 17 280   M    M   5        23 230
 9  90  73  82   2   0  17 0.01  0.0    0  7.2 20 290   M    M   8        24 300
10  87  70  79  -1   0  14    T  0.0    0  5.9 16 290   M    M   8        20 290
11  85  71  78  -2   0  13 0.65  0.0    0  2.8 20  30   M    M   8 38     30 280
12  90  71  81   1   0  16 0.00  0.0    0  5.1 15 190   M    M   5 18     30 260
13  89  72  81   1   0  16 0.48  0.0    0  2.0 13 110   M    M   5        26  80
14  90  72  81   1   0  16 0.08  0.0    0  4.4 18 250   M    M   6 8      25 270
15  86  72  79  -1   0  14 0.00  0.0    0  8.3 20 320   M    M   7 8      23 320
16  83  64  74  -6   0   9 0.00  0.0    0  9.3 17 320   M    M   5        22 300
17  86  61  74  -6   0   9 0.00  0.0    0  4.4 12 150   M    M   6        20 110
18  82  68  75  -5   0  10 0.17  0.0    0  4.6 12 110   M    M   9 1      15 110
19  85  69  77  -3   0  12 2.18  0.0    0  7.5 16  80   M    M   9 1      21  50
20  76  67  72  -8   0   7 0.12  0.0    0  8.3 12  80   M    M  10 12      M  M
21  82  73  78  -2   0  13 0.10  0.0    0  5.6 18 110   M    M   8 1      22 120
22  83  71  77  -3   0  12    T  0.0    0  4.3 12  80   M    M   8        15 110
23  88  71  80   0   0  15    T  0.0    0  2.6 23 190   M    M   5        30 190
24  87  71  79  -1   0  14 0.68  0.0    0  6.3 29 320   M    M   5 13     35 250
================================================================================
SM 2075 1672         0 320  4.47     0.0 150.0          M      149
================================================================================
AV 86.5 69.7                               6.3 FASTST   M    M   6    MAX(MPH)
                                 MISC ---->  # 29 320               # 35  250
================================================================================
NOTES:
# LAST OF SEVERAL OCCURRENCES

COLUMN 17 PEAK WIND IN M.P.H.

PRELIMINARY LOCAL CLIMATOLOGICAL DATA (WS FORM: F-6) , PAGE 2

                                          STATION:  ATLANTA
                                          MONTH:    JULY
                                          YEAR:     2014
                                          LATITUDE:   33 39 N
                                          LONGITUDE:  84 26 W

[TEMPERATURE DATA]      [PRECIPITATION DATA]       SYMBOLS USED IN COLUMN 16

AVERAGE MONTHLY: 78.1   TOTAL FOR MONTH:   4.47    1 = FOG OR MIST
DPTR FM NORMAL:  -1.9   DPTR FM NORMAL:    0.25    2 = FOG REDUCING VISIBILITY
HIGHEST:    93 ON  2    GRTST 24HR  2.35 ON 18-19      TO 1/4 MILE OR LESS
LOWEST:     61 ON 17                               3 = THUNDER
                        SNOW, ICE PELLETS, HAIL    4 = ICE PELLETS
                        TOTAL MONTH:   0.0 INCH    5 = HAIL
                        GRTST 24HR     0.0         6 = FREEZING RAIN OR DRIZZLE
                        GRTST DEPTH:   0           7 = DUSTSTORM OR SANDSTORM:
                                                       VSBY 1/2 MILE OR LESS
                                                   8 = SMOKE OR HAZE
[NO. OF DAYS WITH]      [WEATHER - DAYS WITH]      9 = BLOWING SNOW
                                                   X = TORNADO
MAX 32 OR BELOW:   0    0.01 INCH OR MORE:   9
MAX 90 OR ABOVE:   6    0.10 INCH OR MORE:   7
MIN 32 OR BELOW:   0    0.50 INCH OR MORE:   3
MIN  0 OR BELOW:   0    1.00 INCH OR MORE:   1

[HDD (BASE 65) ]
TOTAL THIS MO.     0    CLEAR  (SCALE 0-3)   1
DPTR FM NORMAL     0    PTCLDY (SCALE 4-7)  19
TOTAL FM JUL 1     0    CLOUDY (SCALE 8-10)  4
DPTR FM NORMAL     0

[CDD (BASE 65) ]
TOTAL THIS MO.   320
DPTR FM NORMAL   -40    [PRESSURE DATA]
TOTAL FM JAN 1  1008    HIGHEST SLP M ON M
DPTR FM NORMAL    27    LOWEST  SLP 29.79 ON 15

[REMARKS]




U.S. Dept. of Commerce
NOAA National Weather Service
1325 East West Highway
Silver Spring, MD 20910
E-mail: w-nws.webmaster@noaa.gov
Page last modified: May 16, 2007
NATIONAL WEATHER SERVICE: for Safety, for Work, for Fun - FOR LIFE