662
CXUS52 KFFC 301110
CF6ATL
PRELIMINARY LOCAL CLIMATOLOGICAL DATA (WS FORM: F-6)

                                          STATION:   ATLANTA
                                          MONTH:     JANUARY
                                          YEAR:      2015
                                          LATITUDE:   33 39 N
                                          LONGITUDE:  84 26 W

  TEMPERATURE IN F:       :PCPN:    SNOW:  WIND      :SUNSHINE: SKY     :PK WND
================================================================================
1   2   3   4   5  6A  6B    7    8   9   10  11  12  13   14  15   16   17  18
                                     12Z  AVG MX 2MIN
DY MAX MIN AVG DEP HDD CDD  WTR  SNW DPTH SPD SPD DIR MIN PSBL S-S WX    SPD DR
================================================================================

 1  58  32  45   2  20   0 0.07  0.0    0  4.4 10 340   M    M   7        16 330
 2  49  43  46   3  19   0 0.95  0.0    0  3.9 13  70   M    M  10 1      16  40
 3  62  48  55  12  10   0 0.16    M    0  8.4 14 110   M    M  10 12     18 110
 4  66  44  55  12  10   0 1.64  0.0    0 11.4 23 310   M    M   9 13     33 300
 5  48  34  41  -2  24   0 0.00  0.0    0 12.1 26 320   M    M   6        33 320
 6  54  30  42  -1  23   0 0.00  0.0    0  8.6 23 310   M    M   3        29 310
 7  41  16  29 -14  36   0 0.00  0.0    0 18.6 32 330   M    M   4        43 330
 8  33  11  22 -21  43   0 0.00  0.0    0  7.6 21 350   M    M   1        28 340
 9  41  22  32 -11  33   0 0.00  0.0    0  8.2 17 320   M    M   5        23 330
10  47  21  34  -9  31   0 0.00  0.0    0  7.0 20 350   M    M   3        24 330
11  45  29  37  -6  28   0 0.08  0.0    0 10.3 18  80   M    M   9 1      21 100
12  48  38  43   0  22   0 0.02  0.0    0  5.7 13  90   M    M  10 12     16  40
13  49  41  45   2  20   0 0.07  0.0    0  8.4 16  70   M    M  10 1      20  70
14  44  36  40  -3  25   0    T  0.0    0  5.9 15  70   M    M  10 18     17  80
15  39  33  36  -7  29   0 0.23  0.0    0  4.6 13 300   M    M  10 12     20 320
16  53  32  43   0  22   0 0.00  0.0    0 10.2 20 330   M    M   3 1      23 350
17  60  30  45   2  20   0 0.00  0.0    0  5.0 15 170   M    M   5        20 170
18  60  39  50   7  15   0 0.00  0.0    0 10.2 28 310   M    M   2        35 310
19  66  36  51   8  14   0 0.00  0.0    0  6.8 16 240   M    M   5        21 210
20  67  45  56  13   9   0 0.00  0.0    0  5.7 14 260   M    M   7        17 260
21  64  42  53  10  12   0 0.00  0.0    0  8.3 17 320   M    M   3        22 330
22  56  40  48   4  17   0 0.06  0.0    0  6.6 14  30   M    M   8        20  30
23  46  41  44   0  21   0 1.03  0.0    0 13.4 23  90   M    M  10 1      28 110
24  49  37  43  -1  22   0 0.01  0.0    0 12.0 25 320   M    M   5 1      32 330
25  60  31  46   2  19   0 0.03  0.0    0  7.2 23 290   M    M   3        28 290
26  46  33  40  -4  25   0 0.01  0.0    0 13.2 26 330   M    M   8 1      33 330
27  50  31  41  -3  24   0 0.00  0.0    0 12.0 25 330   M    M   4        36 330
28  55  32  44   0  21   0 0.00  0.0    0  6.9 22 350   M    M   2        26 350
29  60  36  48   4  17   0    T  0.0    0  6.3 15 200   M    M   8        21 220
================================================================================
SM 1516  983       631   0  4.36     0.0 248.9          M      180
================================================================================
AV 52.3 33.9                               8.6 FASTST   M    M   6    MAX(MPH)
                                 MISC ---->  # 32 330               # 43  330
================================================================================
NOTES:
# LAST OF SEVERAL OCCURRENCES

COLUMN 17 PEAK WIND IN M.P.H.

PRELIMINARY LOCAL CLIMATOLOGICAL DATA (WS FORM: F-6) , PAGE 2

                                          STATION:  ATLANTA
                                          MONTH:    JANUARY
                                          YEAR:     2015
                                          LATITUDE:   33 39 N
                                          LONGITUDE:  84 26 W

[TEMPERATURE DATA]      [PRECIPITATION DATA]       SYMBOLS USED IN COLUMN 16

AVERAGE MONTHLY: 43.1   TOTAL FOR MONTH:   4.36    1 = FOG OR MIST
DPTR FM NORMAL:  -0.2   DPTR FM NORMAL:    0.48    2 = FOG REDUCING VISIBILITY
HIGHEST:    67 ON 20    GRTST 24HR  1.76 ON  3- 4      TO 1/4 MILE OR LESS
LOWEST:     11 ON  8                               3 = THUNDER
                        SNOW, ICE PELLETS, HAIL    4 = ICE PELLETS
                        TOTAL MONTH:   0.0 INCH    5 = HAIL
                        GRTST 24HR     0.0         6 = FREEZING RAIN OR DRIZZLE
                        GRTST DEPTH:   0           7 = DUSTSTORM OR SANDSTORM:
                                                       VSBY 1/2 MILE OR LESS
                                                   8 = SMOKE OR HAZE
[NO. OF DAYS WITH]      [WEATHER - DAYS WITH]      9 = BLOWING SNOW
                                                   X = TORNADO
MAX 32 OR BELOW:   0    0.01 INCH OR MORE:  13
MAX 90 OR ABOVE:   0    0.10 INCH OR MORE:   5
MIN 32 OR BELOW:  12    0.50 INCH OR MORE:   3
MIN  0 OR BELOW:   0    1.00 INCH OR MORE:   2

[HDD (BASE 65) ]
TOTAL THIS MO.   631    CLEAR  (SCALE 0-3)   7
DPTR FM NORMAL     0    PTCLDY (SCALE 4-7)  13
TOTAL FM JUL 1  1634    CLOUDY (SCALE 8-10)  9
DPTR FM NORMAL   -78

[CDD (BASE 65) ]
TOTAL THIS MO.     0
DPTR FM NORMAL     0    [PRESSURE DATA]
TOTAL FM JAN 1     0    HIGHEST SLP M ON M
DPTR FM NORMAL     0    LOWEST  SLP 29.67 ON 24

[REMARKS]




U.S. Dept. of Commerce
NOAA National Weather Service
1325 East West Highway
Silver Spring, MD 20910
E-mail: w-nws.webmaster@noaa.gov
Page last modified: May 16, 2007
NATIONAL WEATHER SERVICE: for Safety, for Work, for Fun - FOR LIFE