573
CXUS56 KPQR 281330
CF6AST
PRELIMINARY LOCAL CLIMATOLOGICAL DATA (WS FORM: F-6)

                                          STATION:   ASTORIA OR
                                          MONTH:     JANUARY
                                          YEAR:      2015
                                          LATITUDE:   46  9 N
                                          LONGITUDE: 123 53 W

  TEMPERATURE IN F:       :PCPN:    SNOW:  WIND      :SUNSHINE: SKY     :PK WND
================================================================================
1   2   3   4   5  6A  6B    7    8   9   10  11  12  13   14  15   16   17  18
                                     12Z  AVG MX 2MIN
DY MAX MIN AVG DEP HDD CDD  WTR  SNW DPTH SPD SPD DIR MIN PSBL S-S WX    SPD DR
================================================================================

 1  47  30  39  -4  26   0 0.00  0.0    0  6.4 17  70   M    M   0        21  60
 2  41  27  34  -9  31   0 0.28    M    0  2.8 16  20   M    M   7 128    18  10
 3  42  35  39  -4  26   0 0.02    M    0  3.6  8  70   M    M   6 128    11  70
 4  54  40  47   4  18   0 3.22    M    0 15.3 33 200   M    M  10 1      48 190
 5  54  46  50   7  15   0 1.04    M    0 12.3 30 210   M    M   9 1      43 190
 6  54  37  46   3  19   0 0.00  0.0    0  1.6  8  60   M    M   4 12      9 100
 7  57  34  46   3  19   0 0.00  0.0    0  5.6 13  60   M    M   1 12     16 120
 8  52  37  45   2  20   0 0.00  0.0    0  5.0 16  10   M    M   0        23 360
 9  55  40  48   4  17   0 0.00  0.0    0  3.5 10  60   M    M   2        13  60
10  46  43  45   1  20   0 0.11    M    0  1.2  5  20   M    M  10 12      6  90
11  48  44  46   2  19   0 0.23    M    0  2.5  8  90   M    M  10 1      11  70
12  50  43  47   3  18   0 0.04    M    0  4.3 12  80   M    M  10 1      22 350
13  53  34  44   0  21   0 0.00  0.0    0  5.5 14  80   M    M   1 1      23 350
14  54  39  47   3  18   0 0.00  0.0    0  9.4 16 130   M    M   0        21 130
15  56  39  48   4  17   0 0.31    M    0 10.2 28 180   M    M   8 18     41 200
16  53  39  46   2  19   0 0.03    M    0  4.8 14 300   M    M   6 18     17 300
17  59  44  52   8  13   0 2.86    M    0 13.9 37 190   M    M   9 18     53 190
18  56  50  53   9  12   0 0.02  0.0    0 15.9 30 220   M    M   8 138    44 230
19  53  35  44   0  21   0 0.09    M    0  4.1 13 310   M    M   4 128    17 270
20  51  35  43  -1  22   0 0.00  0.0    0  4.7 10  50   M    M   3 12      M  M
21  53  31  42  -2  23   0    T    M    0  2.4  9  90   M    M   3 8      11  90
22  53  44  49   5  16   0 0.03    M    0  3.3 10  80   M    M  10 1      13 110
23  57  47  52   8  13   0 0.52    M    0  6.9 21 220   M    M  10 1      29 200
24  58  48  53   9  12   0 0.36    M    0  2.3 17 210   M    M  10 12     26 210
25  63  42  53   9  12   0 0.00  0.0    0  2.9  9  80   M    M   4 12     10  90
26  59  37  48   4  17   0 0.01    M    0  5.3 20 220   M    M   3 12     30 210
27  52  46  49   5  16   0 0.02    M    0  3.1 12 320   M    M  10 12     16 230
================================================================================
SM 1430 1066       500   0  9.19     0.0 158.8          M      158
================================================================================
AV 53.0 39.5                               5.9 FASTST   M    M   6    MAX(MPH)
                                 MISC ---->  # 37 190               # 53  190
================================================================================
NOTES:
# LAST OF SEVERAL OCCURRENCES

COLUMN 17 PEAK WIND IN M.P.H.

PRELIMINARY LOCAL CLIMATOLOGICAL DATA (WS FORM: F-6) , PAGE 2

                                          STATION:  ASTORIA OR
                                          MONTH:    JANUARY
                                          YEAR:     2015
                                          LATITUDE:   46  9 N
                                          LONGITUDE: 123 53 W

[TEMPERATURE DATA]      [PRECIPITATION DATA]       SYMBOLS USED IN COLUMN 16

AVERAGE MONTHLY: 46.2   TOTAL FOR MONTH:   9.19    1 = FOG OR MIST
DPTR FM NORMAL:   2.5   DPTR FM NORMAL:    0.18    2 = FOG REDUCING VISIBILITY
HIGHEST:    63 ON 25    GRTST 24HR  3.87 ON  4- 5      TO 1/4 MILE OR LESS
LOWEST:     27 ON  2                               3 = THUNDER
                        SNOW, ICE PELLETS, HAIL    4 = ICE PELLETS
                        TOTAL MONTH:   0.0 INCH    5 = HAIL
                        GRTST 24HR     0.0         6 = FREEZING RAIN OR DRIZZLE
                        GRTST DEPTH:   0           7 = DUSTSTORM OR SANDSTORM:
                                                       VSBY 1/2 MILE OR LESS
                                                   8 = SMOKE OR HAZE
[NO. OF DAYS WITH]      [WEATHER - DAYS WITH]      9 = BLOWING SNOW
                                                   X = TORNADO
MAX 32 OR BELOW:   0    0.01 INCH OR MORE:  17
MAX 90 OR ABOVE:   0    0.10 INCH OR MORE:   9
MIN 32 OR BELOW:   3    0.50 INCH OR MORE:   4
MIN  0 OR BELOW:   0    1.00 INCH OR MORE:   3

[HDD (BASE 65) ]
TOTAL THIS MO.   500    CLEAR  (SCALE 0-3)   8
DPTR FM NORMAL   -76    PTCLDY (SCALE 4-7)   9
TOTAL FM JUL 1  2036    CLOUDY (SCALE 8-10) 10
DPTR FM NORMAL  -646

[CDD (BASE 65) ]
TOTAL THIS MO.     0
DPTR FM NORMAL     0    [PRESSURE DATA]
TOTAL FM JAN 1     0    HIGHEST SLP M ON M
DPTR FM NORMAL     0    LOWEST  SLP 29.73 ON 17

[REMARKS]




U.S. Dept. of Commerce
NOAA National Weather Service
1325 East West Highway
Silver Spring, MD 20910
E-mail: w-nws.webmaster@noaa.gov
Page last modified: May 16, 2007
NATIONAL WEATHER SERVICE: for Safety, for Work, for Fun - FOR LIFE