966
CXUS56 KPQR 281230
CF6AST
PRELIMINARY LOCAL CLIMATOLOGICAL DATA (WS FORM: F-6)

                                          STATION:   ASTORIA OR
                                          MONTH:     JULY
                                          YEAR:      2014
                                          LATITUDE:   46  9 N
                                          LONGITUDE: 123 53 W

  TEMPERATURE IN F:       :PCPN:    SNOW:  WIND      :SUNSHINE: SKY     :PK WND
================================================================================
1   2   3   4   5  6A  6B    7    8   9   10  11  12  13   14  15   16   17  18
                                     12Z  AVG MX 2MIN
DY MAX MIN AVG DEP HDD CDD  WTR  SNW DPTH SPD SPD DIR MIN PSBL S-S WX    SPD DR
================================================================================

 1  89  55  72  13   0   7 0.00  0.0    0  8.3 18 330   M    M   0        23 330
 2  68  58  63   4   2   0 0.00  0.0    0  6.8 15 310   M    M   6        21 280
 3  67  55  61   2   4   0 0.08  0.0    0  8.1 16 320   M    M   8 1      19 310
 4  68  49  59   0   6   0 0.00  0.0    0  6.7 16 310   M    M   1 1      21 320
 5  70  55  63   4   2   0 0.00  0.0    0  4.0 12 350   M    M   2 1      15 330
 6  72  55  64   4   1   0 0.00  0.0    0  6.3 14 270   M    M   6 1      16 260
 7  72  60  66   6   0   1 0.00  0.0    0 13.6 24 310   M    M   7 1      30 310
 8  69  58  64   4   1   0 0.00  0.0    0 15.2 23 310   M    M   4        28 310
 9  65  57  61   1   4   0    T  0.0    0 10.9 17 330   M    M  10 18     23 320
10  68  56  62   2   3   0 0.00  0.0    0  6.1 12 280   M    M   7        16 330
11  65  55  60   0   5   0 0.00  0.0    0  5.5 14 220   M    M   9 1      17 230
12  66  56  61   1   4   0 0.00  0.0    0  5.6 13 300   M    M   9 18     14 300
13  61  56  59  -1   6   0 0.00  0.0    0  6.5 16 230   M    M  10 18     22 220
14  64   M   M   M   M   M 0.00  0.0    0  6.3 13 340   M    M  10 18      M  M
15  68  55  62   2   3   0 0.00  0.0    0  8.5 15 290   M    M   7        18 290
16  63  55  59  -1   6   0 0.00    M    M  7.2 13 300   M    M  10 1      16 350
17  67  54  61   1   4   0 0.00    M    M  8.0 16 310   M    M   8 1      20 340
18  66  54  60  -1   5   0 0.00  0.0    0  8.1 16 330   M    M   9 1      21 310
19  69  57  63   2   2   0 0.02  0.0    0  7.2 16 250   M    M   8 1      20 260
20  66  55  61   0   4   0    T  0.0    0  6.5 15 270   M    M  10 18     19 280
21  69  50  60  -1   5   0 0.00  0.0    0  7.3 17 310   M    M   2        21 320
22  71  53  62   1   3   0 0.00  0.0    0  5.1 10 250   M    M   6        14 270
23  65  56  61   0   4   0 0.82  0.0    0  9.6 21 240   M    M   8 1      28 230
24  65  53  59  -2   6   0 0.16  0.0    0  9.1 21 190   M    M   9 1      30 190
25  68  48  58  -3   7   0 0.00  0.0    0  7.9 17 310   M    M   1        22 300
26  70  49  60  -1   5   0 0.00  0.0    0  9.8 22 310   M    M   1 1      26 310
27  73  50  62   1   3   0 0.00  0.0    0 10.8 25 310   M    M   0        29 310
================================================================================
SM 1844 1414        95   8  1.08     0.0 215.0          M      168
================================================================================
AV 68.3 54.4                               8.0 FASTST   M    M   6    MAX(MPH)
                                 MISC ---->  # 25 310               # 30  310
================================================================================
NOTES:
# LAST OF SEVERAL OCCURRENCES

COLUMN 17 PEAK WIND IN M.P.H.

PRELIMINARY LOCAL CLIMATOLOGICAL DATA (WS FORM: F-6) , PAGE 2

                                          STATION:  ASTORIA OR
                                          MONTH:    JULY
                                          YEAR:     2014
                                          LATITUDE:   46  9 N
                                          LONGITUDE: 123 53 W

[TEMPERATURE DATA]      [PRECIPITATION DATA]       SYMBOLS USED IN COLUMN 16

AVERAGE MONTHLY: 61.3   TOTAL FOR MONTH:   1.08    1 = FOG OR MIST
DPTR FM NORMAL:   1.2   DPTR FM NORMAL:    0.14    2 = FOG REDUCING VISIBILITY
HIGHEST:    89 ON  1    GRTST 24HR  0.96 ON 23-24      TO 1/4 MILE OR LESS
LOWEST:     48 ON 25                               3 = THUNDER
                        SNOW, ICE PELLETS, HAIL    4 = ICE PELLETS
                        TOTAL MONTH:   0.0 INCH    5 = HAIL
                        GRTST 24HR     0.0         6 = FREEZING RAIN OR DRIZZLE
                        GRTST DEPTH:   0           7 = DUSTSTORM OR SANDSTORM:
                                                       VSBY 1/2 MILE OR LESS
                                                   8 = SMOKE OR HAZE
[NO. OF DAYS WITH]      [WEATHER - DAYS WITH]      9 = BLOWING SNOW
                                                   X = TORNADO
MAX 32 OR BELOW:   0    0.01 INCH OR MORE:   4
MAX 90 OR ABOVE:   0    0.10 INCH OR MORE:   2
MIN 32 OR BELOW:   0    0.50 INCH OR MORE:   1
MIN  0 OR BELOW:   0    1.00 INCH OR MORE:   0

[HDD (BASE 65) ]
TOTAL THIS MO.    95    CLEAR  (SCALE 0-3)   7
DPTR FM NORMAL   -37    PTCLDY (SCALE 4-7)   8
TOTAL FM JUL 1    95    CLOUDY (SCALE 8-10) 12
DPTR FM NORMAL   -37

[CDD (BASE 65) ]
TOTAL THIS MO.     8
DPTR FM NORMAL     8    [PRESSURE DATA]
TOTAL FM JAN 1    19    HIGHEST SLP M ON M
DPTR FM NORMAL    19    LOWEST  SLP 29.68 ON  1

[REMARKS]




U.S. Dept. of Commerce
NOAA National Weather Service
1325 East West Highway
Silver Spring, MD 20910
E-mail: w-nws.webmaster@noaa.gov
Page last modified: May 16, 2007
NATIONAL WEATHER SERVICE: for Safety, for Work, for Fun - FOR LIFE