493
CXUS55 KGJT 011000
CF6ASE
PRELIMINARY LOCAL CLIMATOLOGICAL DATA (WS FORM: F-6)

                                          STATION:   ASPEN CO
                                          MONTH:     NOVEMBER
                                          YEAR:      2014
                                          LATITUDE:   39 13 N
                                          LONGITUDE: 106 52 W

  TEMPERATURE IN F:       :PCPN:    SNOW:  WIND      :SUNSHINE: SKY     :PK WND
================================================================================
1   2   3   4   5  6A  6B    7    8   9   10  11  12  13   14  15   16   17  18
                                     12Z  AVG MX 2MIN
DY MAX MIN AVG DEP HDD CDD  WTR  SNW DPTH SPD SPD DIR MIN PSBL S-S WX    SPD DR
================================================================================

 1  65  43  54  18  11   0 0.00    M    M 11.2 23 150   M    M   4        31 130
 2  50  32  41   5  24   0 0.25    M    M  6.7 23 320   M    M   7 18     29 170
 3  36  29  33  -2  32   0 0.17    M    M  3.2 10 360   M    M   9 128    14 360
 4  46  24  35   0  30   0 0.00    M    M  4.8 14 130   M    M   3        18 130
 5  52  20  36   2  29   0 0.00    M    M  5.5 10 190   M    M   0        17  10
 6  63  22  43   9  22   0 0.00    M    M  5.3 10 210   M    M   0 8      13 210
 7  56  22  39   6  26   0 0.00    M    M  5.6 14 340   M    M   0        20 360
 8  59  25  42   9  23   0 0.00    M    M  5.2 12 210   M    M   0        14 210
 9  59  22  41   9  24   0 0.00    M    M  5.4 13 200   M    M   0        15 200
10  54  16  35   3  30   0 0.07    M    M  6.5 29 340   M    M   5 12     40 340
11  44  11  28  -3  37   0    T    M    M  5.1 13 360   M    M   2        16  10
12  33   7  20 -11  45   0 0.12    M    M  4.7 12 350   M    M   9 18     14 360
13  27   2  15 -15  50   0 0.16    M    M  3.7  8 180   M    M   6 1       9 180
14  36  24  30   0  35   0 0.16    M    M  1.8 10 360   M    M  10 1      10 360
15  34  19  27  -3  38   0 0.11    M    M  5.7 17 350   M    M  10 128    27 340
16  21  -1  10 -19  55   0 0.01    M    M  4.6 12 220   M    M   6 18     14 200
17  27   0  14 -14  51   0 0.00    M    M  5.3 12 220   M    M   2        13 220
18  35   0  18 -10  47   0 0.00    M    M  5.0 12 200   M    M   0        13 190
19  39   8  24  -4  41   0 0.00    M    M  5.7 10 210   M    M   0        14 200
20  41  13  27   0  38   0 0.00    M    M  3.9  9 220   M    M   3        13 350
21  44  17  31   4  34   0 0.00    M    M  5.3 12 210   M    M   3        14 220
22  45  14  30   4  35   0 0.03    M    M  5.2 17 310   M    M   4 18     26 320
23  31  17  24  -2  41   0 0.09    M    M  7.3 22 340   M    M   9 128    31 320
24  25  15  20  -5  45   0 0.06    M    M  3.9 17 320   M    M  10 18     24 330
25  24  11  18  -7  47   0 0.09    M    M  2.4  9 210   M    M  10 18     12 220
26  43  19  31   7  34   0    T    M    M  3.7 10 210   M    M   5 8      12 220
27  44  15  30   6  35   0 0.00    M    M  5.2 10 210   M    M   0        12 210
28  53  25  39  15  26   0 0.00    M    M  6.0 13 220   M    M   0        16 210
29  53  18  36  13  29   0 0.00    M    M  6.1 16 240   M    M   0        21 250
30  49  29  39  16  26   0 0.00    M    M  5.6 17 250   M    M   2        27 250
================================================================================
SM 1288  518      1040   0  1.32    M    155.6          M      119
================================================================================
AV 42.9 17.3                               5.2 FASTST   M    M   4    MAX(MPH)
                                 MISC ---->  # 29 340               # 40  340
================================================================================
NOTES:
# LAST OF SEVERAL OCCURRENCES

COLUMN 17 PEAK WIND IN M.P.H.

PRELIMINARY LOCAL CLIMATOLOGICAL DATA (WS FORM: F-6) , PAGE 2

                                          STATION:  ASPEN CO
                                          MONTH:    NOVEMBER
                                          YEAR:     2014
                                          LATITUDE:   39 13 N
                                          LONGITUDE: 106 52 W

[TEMPERATURE DATA]      [PRECIPITATION DATA]       SYMBOLS USED IN COLUMN 16

AVERAGE MONTHLY: 30.1   TOTAL FOR MONTH:   1.32    1 = FOG OR MIST
DPTR FM NORMAL:   0.8   DPTR FM NORMAL:   -0.05    2 = FOG REDUCING VISIBILITY
HIGHEST:    65 ON  1    GRTST 24HR  0.42 ON  2- 3      TO 1/4 MILE OR LESS
LOWEST:     -1 ON 16                               3 = THUNDER
                        SNOW, ICE PELLETS, HAIL    4 = ICE PELLETS
                        TOTAL MONTH:    M          5 = HAIL
                        GRTST 24HR    M  ON   M    6 = FREEZING RAIN OR DRIZZLE
                        GRTST DEPTH:  M  ON   M    7 = DUSTSTORM OR SANDSTORM:
                                                       VSBY 1/2 MILE OR LESS
                                                   8 = SMOKE OR HAZE
[NO. OF DAYS WITH]      [WEATHER - DAYS WITH]      9 = BLOWING SNOW
                                                   X = TORNADO
MAX 32 OR BELOW:   6    0.01 INCH OR MORE:  12
MAX 90 OR ABOVE:   0    0.10 INCH OR MORE:   6
MIN 32 OR BELOW:  29    0.50 INCH OR MORE:   0
MIN  0 OR BELOW:   3    1.00 INCH OR MORE:   0

[HDD (BASE 65) ]
TOTAL THIS MO.  1040    CLEAR  (SCALE 0-3)  16
DPTR FM NORMAL   -31    PTCLDY (SCALE 4-7)   7
TOTAL FM JUL 1  1986    CLOUDY (SCALE 8-10)  7
DPTR FM NORMAL  -340

[CDD (BASE 65) ]
TOTAL THIS MO.     0
DPTR FM NORMAL     0    [PRESSURE DATA]
TOTAL FM JAN 1    56    HIGHEST SLP 30.56 ON 27
DPTR FM NORMAL    17    LOWEST  SLP 29.41 ON 10

[REMARKS]
#FINAL-11-14#




U.S. Dept. of Commerce
NOAA National Weather Service
1325 East West Highway
Silver Spring, MD 20910
E-mail: w-nws.webmaster@noaa.gov
Page last modified: May 16, 2007
NATIONAL WEATHER SERVICE: for Safety, for Work, for Fun - FOR LIFE