585
CXUS55 KGJT 281000
CF6ASE
PRELIMINARY LOCAL CLIMATOLOGICAL DATA (WS FORM: F-6)

                                          STATION:   ASPEN CO
                                          MONTH:     JULY
                                          YEAR:      2014
                                          LATITUDE:   39 13 N
                                          LONGITUDE: 106 52 W

  TEMPERATURE IN F:       :PCPN:    SNOW:  WIND      :SUNSHINE: SKY     :PK WND
================================================================================
1   2   3   4   5  6A  6B    7    8   9   10  11  12  13   14  15   16   17  18
                                     12Z  AVG MX 2MIN
DY MAX MIN AVG DEP HDD CDD  WTR  SNW DPTH SPD SPD DIR MIN PSBL S-S WX    SPD DR
================================================================================

 1  80  41  61  -1   4   0 0.00    M    M  7.7 18 320   M    M   0        27 350
 2  82  40  61  -1   4   0 0.00    M    M  6.7 17 360   M    M   0        24  20
 3  84  45  65   3   0   0 0.00    M    M  6.8 17 320   M    M   1        25 310
 4  83  52  68   6   0   3    T    M    M  7.6 18 320   M    M   3 3      24 330
 5  84  45  65   2   0   0 0.01    M    M  6.3 20 270   M    M   2        27 270
 6  84  47  66   3   0   1 0.00    M    M  6.6 16 240   M    M   1 3      21 230
 7  86  51  69   6   0   4 0.00    M    M  5.9 16 130   M    M   1        24 330
 8  87  48  68   5   0   3 0.00    M    M  8.9 21 120   M    M   1        30 120
 9  85  50  68   5   0   3 0.00    M    M  6.0 16  10   M    M   1        23 250
10  82  49  66   3   0   1 0.57    M    M  5.7 23 180   M    M   2 138    30 190
11  79  51  65   1   0   0 0.10    M    M  6.0 18 140   M    M   4 3      26 140
12  82  50  66   2   0   1    T    M    M  8.2 15 140   M    M   1 3      22 320
13  84  50  67   3   0   2    T    M    M  6.4 17 320   M    M   2        24 320
14  84  52  68   4   0   3    T    M    M  5.9 17 240   M    M   2        25 240
15  83  54  69   5   0   4    T    M    M  6.0 20 320   M    M   3        27 340
16  79  52  66   2   0   1    T    M    M  5.9 21 330   M    M   6 3      26 330
17  78  44  61  -3   4   0 0.00    M    M  7.3 16  10   M    M   1        22  50
18  81  47  64   0   1   0    T    M    M  7.8 15 110   M    M   1 3      25 320
19  83  48  66   2   0   1 0.00    M    M  7.0 18 290   M    M   1 3      27 290
20  86  50  68   4   0   3 0.05    M    M  7.5 29 180   M    M   2 3      40 190
21  85  47  66   2   0   1 0.00    M    M  3.9 14 350   M    M   1        20 350
22  90  48  69   5   0   4 0.00    M    M  5.8 14 130   M    M   0        21 130
23  90  62  76  12   0  11 0.08    M    M  8.4 28 190   M    M   1 3      37 170
24  82  56  69   5   0   4 0.06    M    M  5.8 16 160   M    M   6 3      24 120
25  84  49  67   3   0   2    T    M    M  6.2 23 330   M    M   2 3      33 340
26  84  50  67   3   0   2    T    M    M  6.2 20 340   M    M   3        31 340
27  85  45  65   1   0   0 0.00    M    M  8.0 26 160   M    M   2 3      33 160
================================================================================
SM 2256 1323        13  54  0.87    M    180.5          M       50
================================================================================
AV 83.6 49.0                               6.7 FASTST   M    M   2    MAX(MPH)
                                 MISC ---->  # 29 180               # 40  190
================================================================================
NOTES:
# LAST OF SEVERAL OCCURRENCES

COLUMN 17 PEAK WIND IN M.P.H.

PRELIMINARY LOCAL CLIMATOLOGICAL DATA (WS FORM: F-6) , PAGE 2

                                          STATION:  ASPEN CO
                                          MONTH:    JULY
                                          YEAR:     2014
                                          LATITUDE:   39 13 N
                                          LONGITUDE: 106 52 W

[TEMPERATURE DATA]      [PRECIPITATION DATA]       SYMBOLS USED IN COLUMN 16

AVERAGE MONTHLY: 66.3   TOTAL FOR MONTH:   0.87    1 = FOG OR MIST
DPTR FM NORMAL:   2.8   DPTR FM NORMAL:   -0.58    2 = FOG REDUCING VISIBILITY
HIGHEST:    90 ON 23,22 GRTST 24HR  0.67 ON 10-11      TO 1/4 MILE OR LESS
LOWEST:     40 ON  2                               3 = THUNDER
                        SNOW, ICE PELLETS, HAIL    4 = ICE PELLETS
                        TOTAL MONTH:    M          5 = HAIL
                        GRTST 24HR    M  ON   M    6 = FREEZING RAIN OR DRIZZLE
                        GRTST DEPTH:  M  ON   M    7 = DUSTSTORM OR SANDSTORM:
                                                       VSBY 1/2 MILE OR LESS
                                                   8 = SMOKE OR HAZE
[NO. OF DAYS WITH]      [WEATHER - DAYS WITH]      9 = BLOWING SNOW
                                                   X = TORNADO
MAX 32 OR BELOW:   0    0.01 INCH OR MORE:   6
MAX 90 OR ABOVE:   2    0.10 INCH OR MORE:   2
MIN 32 OR BELOW:   0    0.50 INCH OR MORE:   1
MIN  0 OR BELOW:   0    1.00 INCH OR MORE:   0

[HDD (BASE 65) ]
TOTAL THIS MO.    13    CLEAR  (SCALE 0-3)  24
DPTR FM NORMAL   -50    PTCLDY (SCALE 4-7)   3
TOTAL FM JUL 1    13    CLOUDY (SCALE 8-10)  0
DPTR FM NORMAL   -50

[CDD (BASE 65) ]
TOTAL THIS MO.    54
DPTR FM NORMAL    29    [PRESSURE DATA]
TOTAL FM JAN 1    55    HIGHEST SLP M ON M
DPTR FM NORMAL    26    LOWEST  SLP 29.71 ON 16

[REMARKS]




U.S. Dept. of Commerce
NOAA National Weather Service
1325 East West Highway
Silver Spring, MD 20910
E-mail: w-nws.webmaster@noaa.gov
Page last modified: May 16, 2007
NATIONAL WEATHER SERVICE: for Safety, for Work, for Fun - FOR LIFE