260
CXUS55 KGJT 241000
CF6ASE
PRELIMINARY LOCAL CLIMATOLOGICAL DATA (WS FORM: F-6)

                                          STATION:   ASPEN CO
                                          MONTH:     APRIL
                                          YEAR:      2014
                                          LATITUDE:   39 13 N
                                          LONGITUDE: 106 52 W

  TEMPERATURE IN F:       :PCPN:    SNOW:  WIND      :SUNSHINE: SKY     :PK WND
================================================================================
1   2   3   4   5  6A  6B    7    8   9   10  11  12  13   14  15   16   17  18
                                     12Z  AVG MX 2MIN
DY MAX MIN AVG DEP HDD CDD  WTR  SNW DPTH SPD SPD DIR MIN PSBL S-S WX    SPD DR
================================================================================

 1  44  27  36   0  29   0 0.26    M    M  6.5 14 160   M    M   7 1      18 170
 2  38  24  31  -5  34   0 0.24    M    M  5.6 18 320   M    M   8 18     23 320
 3  38  20  29  -7  36   0 0.12    M    M  7.4 22 330   M    M   7 18     31 330
 4  44  16  30  -7  35   0 0.00    M    M  6.6 16 180   M    M   3        20 170
 5  47  24  36  -1  29   0    T    M    M  5.4 16 250   M    M   6        23 330
 6  43  29  36  -1  29   0    T    M    M  6.4 23 310   M    M   9 18     29 300
 7  46  29  38   0  27   0 0.01    M    M  7.7 21 340   M    M   8 18     30 330
 8  58  24  41   3  24   0 0.00    M    M  5.4 15 350   M    M   1        20  10
 9  64  28  46   8  19   0 0.00    M    M  6.8 18 250   M    M   0        25 240
10  64  35  50  12  15   0 0.00    M    M  8.9 25 340   M    M   4        36 340
11  65  30  48   9  17   0 0.00    M    M  7.5 18 340   M    M   1 8      26 340
12  61  36  49  10  16   0    T    M    M  8.5 26 200   M    M   5        33 200
13  41  21  31  -8  34   0 0.10    M    M  6.0 24 340   M    M   9 18     31 340
14  38  14  26 -13  39   0    T    M    M  6.6 15 360   M    M   4 1      23  10
15  54  17  36  -4  29   0 0.00    M    M  5.4 17 350   M    M   1        27 350
16  51  31  41   1  24   0 0.00    M    M  6.9 16 280   M    M   5 8      23 290
17  57  26  42   2  23   0 0.00    M    M  5.9 15 210   M    M   1        20 210
18  66  33  50  10  15   0 0.00    M    M  7.0 24 260   M    M   2        33 270
19  61  36  49   8  16   0    T    M    M  5.4 20 340   M    M   7        25 330
20  61  34  48   7  17   0 0.04    M    M  6.3 23 330   M    M   7 18     31 340
21  63  31  47   6  18   0 0.00    M    M  5.1 15 330   M    M   1        22 320
22  62  35  49   7  16   0    T    M    M 10.0 30 160   M    M   3        39 160
23  56  32  44   2  21   0    T    M    M  9.3 23 230   M    M   7        36 290
================================================================================
SM 1222  632       562   0  0.77    M    156.6          M      106
================================================================================
AV 53.1 27.5                               6.8 FASTST   M    M   5    MAX(MPH)
                                 MISC ---->  # 30 160               # 39  160
================================================================================
NOTES:
# LAST OF SEVERAL OCCURRENCES

COLUMN 17 PEAK WIND IN M.P.H.

PRELIMINARY LOCAL CLIMATOLOGICAL DATA (WS FORM: F-6) , PAGE 2

                                          STATION:  ASPEN CO
                                          MONTH:    APRIL
                                          YEAR:     2014
                                          LATITUDE:   39 13 N
                                          LONGITUDE: 106 52 W

[TEMPERATURE DATA]      [PRECIPITATION DATA]       SYMBOLS USED IN COLUMN 16

AVERAGE MONTHLY: 40.3   TOTAL FOR MONTH:   0.77    1 = FOG OR MIST
DPTR FM NORMAL:   1.4   DPTR FM NORMAL:   -0.58    2 = FOG REDUCING VISIBILITY
HIGHEST:    66 ON 18    GRTST 24HR  0.26 ON  1- 1      TO 1/4 MILE OR LESS
LOWEST:     14 ON 14                               3 = THUNDER
                        SNOW, ICE PELLETS, HAIL    4 = ICE PELLETS
                        TOTAL MONTH:    M          5 = HAIL
                        GRTST 24HR    M  ON   M    6 = FREEZING RAIN OR DRIZZLE
                        GRTST DEPTH:  M  ON   M    7 = DUSTSTORM OR SANDSTORM:
                                                       VSBY 1/2 MILE OR LESS
                                                   8 = SMOKE OR HAZE
[NO. OF DAYS WITH]      [WEATHER - DAYS WITH]      9 = BLOWING SNOW
                                                   X = TORNADO
MAX 32 OR BELOW:   0    0.01 INCH OR MORE:   6
MAX 90 OR ABOVE:   0    0.10 INCH OR MORE:   4
MIN 32 OR BELOW:  17    0.50 INCH OR MORE:   0
MIN  0 OR BELOW:   0    1.00 INCH OR MORE:   0

[HDD (BASE 65) ]
TOTAL THIS MO.   562    CLEAR  (SCALE 0-3)   7
DPTR FM NORMAL   -38    PTCLDY (SCALE 4-7)  13
TOTAL FM JUL 1  7688    CLOUDY (SCALE 8-10)  3
DPTR FM NORMAL  -287

[CDD (BASE 65) ]
TOTAL THIS MO.     0
DPTR FM NORMAL     0    [PRESSURE DATA]
TOTAL FM JAN 1     0    HIGHEST SLP M ON M
DPTR FM NORMAL     0    LOWEST  SLP 29.42 ON 23

[REMARKS]




U.S. Dept. of Commerce
NOAA National Weather Service
1325 East West Highway
Silver Spring, MD 20910
E-mail: w-nws.webmaster@noaa.gov
Page last modified: May 16, 2007
NATIONAL WEATHER SERVICE: for Safety, for Work, for Fun - FOR LIFE