937
CXUS51 KBUF 231205
CF6ART
PRELIMINARY LOCAL CLIMATOLOGICAL DATA (WS FORM: F-6)

                                          STATION:   WATERTOWN NY
                                          MONTH:     SEPTEMBER
                                          YEAR:      2014
                                          LATITUDE:   43 59 N
                                          LONGITUDE:  76  2 W

  TEMPERATURE IN F:       :PCPN:    SNOW:  WIND      :SUNSHINE: SKY     :PK WND
================================================================================
1   2   3   4   5  6A  6B    7    8   9   10  11  12  13   14  15   16   17  18
                                     12Z  AVG MX 2MIN
DY MAX MIN AVG DEP HDD CDD  WTR  SNW DPTH SPD SPD DIR MIN PSBL S-S WX    SPD DR
================================================================================

 1  84  69  77  13   0  12 0.00    M    M  5.6 10 270   M    M   6 18     16 200
 2  82  66  74  10   0   9 0.18    M    M  9.2 21 320   M    M   5 8      26 310
 3  76  63  70   6   0   5 0.00  0.0    0  6.4 16 260   M    M   1        21 260
 4  84  57  71   7   0   6 0.00    M    M  4.1 15 220   M    M   0        18 220
 5  88  67  78  15   0  13 0.03    M    M  9.7 23 260   M    M   2 8      31 260
 6  73  58  66   3   0   1 0.25    M    M  7.7 17 230   M    M   6 1      23 230
 7  70  48  59  -4   6   0 0.00    M    M  3.9 12 230   M    M   1 128    16 220
 8  78  48  63   1   2   0 0.00    M    M  5.1 12 200   M    M   0 18     17 140
 9  76  58  67   5   0   2    T    M    M  5.2 13 210   M    M   2        18 150
10  76  62  69   7   0   4    T    M    M  8.1 21 170   M    M   2        34 180
11  73  53  63   2   2   0 0.28    M    M 13.7 28 250   M    M  10        44 200
12  57  42  50 -11  15   0 0.00    M    M  6.6 14  10   M    M   7        18  30
13  58  40  49 -12  16   0 0.30    M    M  8.2 21 270   M    M   8        27 280
14  58  40  49 -11  16   0 0.00    M    M  4.6 12  20   M    M   5        15 260
15  67  41  54  -6  11   0 0.01    M    M  4.4 16 230   M    M   8 8      26 220
16  66  43  55  -5  10   0 0.24    M    M  5.6 14 260   M    M   5 18     20 230
17  67  38  53  -6  12   0 0.00    M    M  5.6 18 260   M    M   3        23 260
18  60  37  49 -10  16   0    T    M    M  8.4 16  40   M    M   6        23  30
19  61  32  47 -11  18   0 0.00    M    M  3.3 13 170   M    M   0        21 180
20  75  59  67   9   0   2 0.00    M    M 13.4 24 210   M    M   4        38 210
21  79  55  67   9   0   2 0.29    M    M 10.3 21 210   M    M   8 38     33 200
22  58  39  49  -8  16   0    T    M    M  9.9 21 300   M    M   9 8      27 310
================================================================================
SM 1566 1115       140  56  1.58     0.0 159.0          M       98
================================================================================
AV 71.2 50.7                               7.2 FASTST   M    M   4    MAX(MPH)
                                 MISC ---->  # 28 250               # 44  200
================================================================================
NOTES:
# LAST OF SEVERAL OCCURRENCES

COLUMN 17 PEAK WIND IN M.P.H.

PRELIMINARY LOCAL CLIMATOLOGICAL DATA (WS FORM: F-6) , PAGE 2

                                          STATION:  WATERTOWN NY
                                          MONTH:    SEPTEMBER
                                          YEAR:     2014
                                          LATITUDE:   43 59 N
                                          LONGITUDE:  76  2 W

[TEMPERATURE DATA]      [PRECIPITATION DATA]       SYMBOLS USED IN COLUMN 16

AVERAGE MONTHLY: 60.9   TOTAL FOR MONTH:   1.58    1 = FOG OR MIST
DPTR FM NORMAL:  -0.1   DPTR FM NORMAL:   -1.04    2 = FOG REDUCING VISIBILITY
HIGHEST:    88 ON  5    GRTST 24HR  0.52 ON 31- 1      TO 1/4 MILE OR LESS
LOWEST:     32 ON 19                               3 = THUNDER
                        SNOW, ICE PELLETS, HAIL    4 = ICE PELLETS
                        TOTAL MONTH:   0.0 INCH    5 = HAIL
                        GRTST 24HR     0.0         6 = FREEZING RAIN OR DRIZZLE
                        GRTST DEPTH:   0           7 = DUSTSTORM OR SANDSTORM:
                                                       VSBY 1/2 MILE OR LESS
                                                   8 = SMOKE OR HAZE
[NO. OF DAYS WITH]      [WEATHER - DAYS WITH]      9 = BLOWING SNOW
                                                   X = TORNADO
MAX 32 OR BELOW:   0    0.01 INCH OR MORE:   8
MAX 90 OR ABOVE:   0    0.10 INCH OR MORE:   6
MIN 32 OR BELOW:   1    0.50 INCH OR MORE:   0
MIN  0 OR BELOW:   0    1.00 INCH OR MORE:   0

[HDD (BASE 65) ]
TOTAL THIS MO.   140    CLEAR  (SCALE 0-3)   9
DPTR FM NORMAL    20    PTCLDY (SCALE 4-7)  11
TOTAL FM JUL 1   190    CLOUDY (SCALE 8-10)  2
DPTR FM NORMAL    -2

[CDD (BASE 65) ]
TOTAL THIS MO.    56
DPTR FM NORMAL    24    [PRESSURE DATA]
TOTAL FM JAN 1   416    HIGHEST SLP M ON M
DPTR FM NORMAL    60    LOWEST  SLP 29.57 ON 21

[REMARKS]




U.S. Dept. of Commerce
NOAA National Weather Service
1325 East West Highway
Silver Spring, MD 20910
E-mail: w-nws.webmaster@noaa.gov
Page last modified: May 16, 2007
NATIONAL WEATHER SERVICE: for Safety, for Work, for Fun - FOR LIFE