634
CXUS51 KBUF 221205
CF6ART
PRELIMINARY LOCAL CLIMATOLOGICAL DATA (WS FORM: F-6)

                                          STATION:   WATERTOWN NY
                                          MONTH:     AUGUST
                                          YEAR:      2014
                                          LATITUDE:   43 59 N
                                          LONGITUDE:  76  2 W

  TEMPERATURE IN F:       :PCPN:    SNOW:  WIND      :SUNSHINE: SKY     :PK WND
================================================================================
1   2   3   4   5  6A  6B    7    8   9   10  11  12  13   14  15   16   17  18
                                     12Z  AVG MX 2MIN
DY MAX MIN AVG DEP HDD CDD  WTR  SNW DPTH SPD SPD DIR MIN PSBL S-S WX    SPD DR
================================================================================

 1  79  58  69   0   0   4 0.00    M    M  4.6 15 270   M    M   1 8      17 260
 2  81  62  72   3   0   7 0.00    M    M  3.1 12 260   M    M   1 138    14 260
 3  83  59  71   2   0   6 0.60    M    M  3.0 14 140   M    M   4 138    20 140
 4  79  64  72   3   0   7 0.02    M    M  4.6 16 270   M    M   4 18     21 270
 5  78  59  69   1   0   4 0.13    M    M  6.2 15 230   M    M   5 128    19 260
 6  78  57  68   0   0   3 0.00    M    M  4.8 15 330   M    M   4 128    19 330
 7  77  51  64  -4   1   0 0.00    M    M  4.4 17 270   M    M   2 128    22 270
 8  77  50  64  -4   1   0 0.00    M    M  4.7 15 260   M    M   1 18     20 250
 9  80  52  66  -2   0   1 0.00    M    M  3.3 13 220   M    M   1 18     15 260
10  84  51  68   0   0   3 0.00    M    M  3.1 12 270   M    M   0 18     14 260
11  87  56  72   4   0   7 0.00    M    M  4.2 12 260   M    M   0        14 270
12  75  65  70   2   0   5 0.38    M    M 12.8 22 160   M    M   8        35 160
13  73  59  66  -2   0   1 0.41    M    M 13.4 25 230   M    M   8 1      33 230
14  63  55  59  -9   6   0 0.20    M    M 12.3 25 260   M    M  10        33 260
15  66  54  60  -8   5   0 0.14    M    M  8.1 17 260   M    M   9 1      24 260
16  71  59  65  -2   0   0 0.34    M    M  9.6 16 200   M    M   6 1      25 190
17  70  59  65  -2   0   0 0.01    M    M  6.4 15 220   M    M   9 1      19 230
18  71  49  60  -7   5   0 0.00    M    M  3.2 12 230   M    M   2        15 260
19  79  44  62  -5   3   0 0.00    M    M  4.0  9  20   M    M   1        15  70
20  81  56  69   2   0   4 0.55    M    M  4.1 13 270   M    M   3 138    15 260
21  80  63  72   5   0   7    T    M    M  4.2 16 230   M    M   6 1238   21 230
================================================================================
SM 1612 1182        21  59  2.78    M    124.1          M       85
================================================================================
AV 76.8 56.3                               5.9 FASTST   M    M   4    MAX(MPH)
                                 MISC ---->  # 25 230               # 35  160
================================================================================
NOTES:
# LAST OF SEVERAL OCCURRENCES

COLUMN 17 PEAK WIND IN M.P.H.

PRELIMINARY LOCAL CLIMATOLOGICAL DATA (WS FORM: F-6) , PAGE 2

                                          STATION:  WATERTOWN NY
                                          MONTH:    AUGUST
                                          YEAR:     2014
                                          LATITUDE:   43 59 N
                                          LONGITUDE:  76  2 W

[TEMPERATURE DATA]      [PRECIPITATION DATA]       SYMBOLS USED IN COLUMN 16

AVERAGE MONTHLY: 66.5   TOTAL FOR MONTH:   2.78    1 = FOG OR MIST
DPTR FM NORMAL:  -1.4   DPTR FM NORMAL:    0.63    2 = FOG REDUCING VISIBILITY
HIGHEST:    87 ON 11    GRTST 24HR  0.78 ON 12-13      TO 1/4 MILE OR LESS
LOWEST:     44 ON 19                               3 = THUNDER
                        SNOW, ICE PELLETS, HAIL    4 = ICE PELLETS
                        TOTAL MONTH:    M          5 = HAIL
                        GRTST 24HR    M  ON   M    6 = FREEZING RAIN OR DRIZZLE
                        GRTST DEPTH:  M  ON   M    7 = DUSTSTORM OR SANDSTORM:
                                                       VSBY 1/2 MILE OR LESS
                                                   8 = SMOKE OR HAZE
[NO. OF DAYS WITH]      [WEATHER - DAYS WITH]      9 = BLOWING SNOW
                                                   X = TORNADO
MAX 32 OR BELOW:   0    0.01 INCH OR MORE:  10
MAX 90 OR ABOVE:   0    0.10 INCH OR MORE:   8
MIN 32 OR BELOW:   0    0.50 INCH OR MORE:   2
MIN  0 OR BELOW:   0    1.00 INCH OR MORE:   0

[HDD (BASE 65) ]
TOTAL THIS MO.    21    CLEAR  (SCALE 0-3)  10
DPTR FM NORMAL    -2    PTCLDY (SCALE 4-7)   8
TOTAL FM JUL 1    40    CLOUDY (SCALE 8-10)  3
DPTR FM NORMAL    -9

[CDD (BASE 65) ]
TOTAL THIS MO.    59
DPTR FM NORMAL   -25    [PRESSURE DATA]
TOTAL FM JAN 1   317    HIGHEST SLP M ON M
DPTR FM NORMAL    21    LOWEST  SLP 29.69 ON 12

[REMARKS]




U.S. Dept. of Commerce
NOAA National Weather Service
1325 East West Highway
Silver Spring, MD 20910
E-mail: w-nws.webmaster@noaa.gov
Page last modified: May 16, 2007
NATIONAL WEATHER SERVICE: for Safety, for Work, for Fun - FOR LIFE