153
CXUS51 KBUF 301205
CF6ART
PRELIMINARY LOCAL CLIMATOLOGICAL DATA (WS FORM: F-6)

                                          STATION:   WATERTOWN NY
                                          MONTH:     JANUARY
                                          YEAR:      2015
                                          LATITUDE:   43 59 N
                                          LONGITUDE:  76  2 W

  TEMPERATURE IN F:       :PCPN:    SNOW:  WIND      :SUNSHINE: SKY     :PK WND
================================================================================
1   2   3   4   5  6A  6B    7    8   9   10  11  12  13   14  15   16   17  18
                                     12Z  AVG MX 2MIN
DY MAX MIN AVG DEP HDD CDD  WTR  SNW DPTH SPD SPD DIR MIN PSBL S-S WX    SPD DR
================================================================================

 1  34  23  29   8  36   0 0.07    M    M 20.0 31 230   M    M  10 8      46 230
 2  34  14  24   3  41   0    T    M    M  9.4 31 260   M    M   9 8      43 260
 3  42   8  25   4  40   0 0.39    M    M  5.8 13  80   M    M   7 6      18 210
 4  54  32  43  22  22   0 0.35    M    M 12.1 30 230   M    M   8 1      42 220
 5  32   9  21   1  44   0    T    M    M 16.9 35 270   M    M   6        46 270
 6  22   9  16  -4  49   0 0.24    M    M  7.3 21 240   M    M   8        31 260
 7  21 -27  -3 -23  68   0 0.01    M    0 11.0 20 320   M    M   7 89     26 300
 8  21 -32  -5 -25  70   0 0.11    M    M 12.6 29 230   M    M   8 8      41 220
 9  24  16  20   0  45   0 0.13    M    M 16.7 32 270   M    M  10 8      43 270
10  22  16  19  -1  46   0 0.08    M    M 18.4 28 230   M    M  10 8      37 230
11  34  18  26   6  39   0 0.01    M    M  8.1 16 200   M    M   9        25 210
12  36   7  22   3  43   0 0.25    M    M  9.8 22 350   M    M  10 18     27  20
13   7 -25  -9 -28  74   0 0.00    M    M  6.0 17  10   M    M   0 8      22  10
14  27 -20   4 -15  61   0 0.00    M    M  3.9 17 220   M    M   1        21 220
15  28  11  20   1  45   0    T    M    M  7.9 16 210   M    M   8 8      24 210
16  33 -16   9 -10  56   0 0.08    M    M 12.2 25 310   M    M   4 128    34 230
17  31 -20   6 -13  59   0 0.00    M    M  5.9 22 170   M    M   1        36 180
18  45  31  38  19  27   0 0.04    M    M 11.5 26 160   M    M   6 1      41 150
19  37  20  29  10  36   0 0.02    M    M 11.5 18 270   M    M   9 1      25 260
20  20  -5   8 -11  57   0 0.00    M    M  3.3  9 230   M    M   1 8      12 270
21  23  -9   7 -12  58   0 0.00    M    M  5.7 10  50   M    M   0        14  30
22  20   5  13  -6  52   0 0.00    M    M  4.9 13 270   M    M   4        15 270
23  32   7  20   1  45   0    T    M    M  9.1 21 230   M    M   7 1      28 230
24  34  26  30  11  35   0 0.02    M    M  7.9 16 260   M    M   9 168    22 260
25  34  -3  16  -3  49   0    T    M    M  8.8 22 350   M    M   2 1      28 310
26  14  -2   6 -13  59   0    T    M    M 12.6 22  40   M    M   5 8      27  50
27  16  -3   7 -12  58   0 0.00    M    M 12.1 25  40   M    M   2        34  40
28  19  -4   8 -11  57   0 0.00    M    M  3.8  8 220   M    M   0        10 230
29  39  -5  17  -2  48   0 0.04    M    M  8.4 26 200   M    M   5 18     42 190
================================================================================
SM  835   81      1419   0  1.84    M    283.6          M      166
================================================================================
AV 28.8  2.8                               9.8 FASTST   M    M   6    MAX(MPH)
                                 MISC ---->  # 35 270               # 46  230
================================================================================
NOTES:
# LAST OF SEVERAL OCCURRENCES

COLUMN 17 PEAK WIND IN M.P.H.

PRELIMINARY LOCAL CLIMATOLOGICAL DATA (WS FORM: F-6) , PAGE 2

                                          STATION:  WATERTOWN NY
                                          MONTH:    JANUARY
                                          YEAR:     2015
                                          LATITUDE:   43 59 N
                                          LONGITUDE:  76  2 W

[TEMPERATURE DATA]      [PRECIPITATION DATA]       SYMBOLS USED IN COLUMN 16

AVERAGE MONTHLY: 15.8   TOTAL FOR MONTH:   1.84    1 = FOG OR MIST
DPTR FM NORMAL:  -3.7   DPTR FM NORMAL:   -0.66    2 = FOG REDUCING VISIBILITY
HIGHEST:    54 ON  4    GRTST 24HR  0.71 ON  3- 4      TO 1/4 MILE OR LESS
LOWEST:    -32 ON  8                               3 = THUNDER
                        SNOW, ICE PELLETS, HAIL    4 = ICE PELLETS
                        TOTAL MONTH:    M          5 = HAIL
                        GRTST 24HR    M  ON   M    6 = FREEZING RAIN OR DRIZZLE
                        GRTST DEPTH:   0           7 = DUSTSTORM OR SANDSTORM:
                                                       VSBY 1/2 MILE OR LESS
                                                   8 = SMOKE OR HAZE
[NO. OF DAYS WITH]      [WEATHER - DAYS WITH]      9 = BLOWING SNOW
                                                   X = TORNADO
MAX 32 OR BELOW:  17    0.01 INCH OR MORE:  15
MAX 90 OR ABOVE:   0    0.10 INCH OR MORE:   6
MIN 32 OR BELOW:  29    0.50 INCH OR MORE:   0
MIN  0 OR BELOW:  13    1.00 INCH OR MORE:   0

[HDD (BASE 65) ]
TOTAL THIS MO.  1419    CLEAR  (SCALE 0-3)   8
DPTR FM NORMAL   100    PTCLDY (SCALE 4-7)  13
TOTAL FM JUL 1  3760    CLOUDY (SCALE 8-10)  8
DPTR FM NORMAL  -355

[CDD (BASE 65) ]
TOTAL THIS MO.     0
DPTR FM NORMAL     0    [PRESSURE DATA]
TOTAL FM JAN 1     0    HIGHEST SLP M ON M
DPTR FM NORMAL     0    LOWEST  SLP 29.49 ON 24

[REMARKS]




U.S. Dept. of Commerce
NOAA National Weather Service
1325 East West Highway
Silver Spring, MD 20910
E-mail: w-nws.webmaster@noaa.gov
Page last modified: May 16, 2007
NATIONAL WEATHER SERVICE: for Safety, for Work, for Fun - FOR LIFE