117
CXUS54 KHGX 271443
CF6ARM
PRELIMINARY LOCAL CLIMATOLOGICAL DATA (WS FORM: F-6)

                                          STATION:   Wharton
                                          MONTH:     NOVEMBER
                                          YEAR:      2014
                                          LATITUDE:   29 15 N
                                          LONGITUDE:  96  9 W

  TEMPERATURE IN F:       :PCPN:    SNOW:  WIND      :SUNSHINE: SKY     :PK WND
================================================================================
1   2   3   4   5  6A  6B    7    8   9   10  11  12  13   14  15   16   17  18
                                     12Z  AVG MX 2MIN
DY MAX MIN AVG DEP HDD CDD  WTR  SNW DPTH SPD SPD DIR MIN PSBL S-S WX    SPD DR
================================================================================

 1  68  45  57   M   8   0 0.00  0.0    0  5.8 13  60   M    M   0         M  M
 2  76  42  59   M   6   0 0.00  0.0    0  7.2 13 140   M    M   3        21 130
 3  81  55  68   M   0   3 0.00  0.0    0  9.4 18 150   M    M   2        23 150
 4  81  64  73   M   0   8 0.00  0.0    0  9.2 18 150   M    M   4        27 150
 5  73  61  67   M   0   2 0.75  0.0    0  8.1 15 360   M    M   9        17 190
 6  63  58  61   M   4   0 0.38  0.0    0  9.4 15 360   M    M   8        20  20
 7  63  51  57   M   8   0 0.00  0.0    0  4.1  9  30   M    M   0         M  M
 8  73  53  63   M   2   0 0.00  0.0    0  2.0 14 340   M    M   4         M  M
 9  72  45  59   M   6   0 0.00  0.0    0  3.9  7 170   M    M   0         M  M
10  78  47  63   M   2   0 0.00  0.0    0  8.9 23 170   M    M   0 1      30 180
11  70  48  59   M   6   0 0.00  0.0    0 11.3 21 350   M    M   8 1      28 350
12  53  41  47   M  18   0 0.00  0.0    0 16.2 20 360   M    M  10        29 350
13  43  34  39   M  26   0 0.19    M    0 14.3 20 350   M    M  10        24 350
14  48  36  42   M  23   0 0.00  0.0    0  5.8 14 360   M    M  10        21 360
15  57  43  50   M  15   0 0.12  0.0    0  7.3 14  80   M    M  10 1      21  90
16  55  41  48   M  17   0 0.08    M    0  8.7 24 340   M    M   9 13     32 340
17  50  32  41   M  24   0 0.00    M    0 15.1 24 330   M    M   2        32 340
18  55  31  43   M  22   0 0.00  0.0    0  1.6  8  50   M    M   0         M  M
19  71  32  52   M  13   0 0.00  0.0    0  5.1 13 180   M    M   4        17 190
20  74  49  62   M   3   0 0.17    M    0  5.5 18 140   M    M   8        22 140
21  73  62  68   M   0   3 0.12  0.0    0  8.7 18 140   M    M  10        24 140
22  73  61  67   M   0   2 0.06  0.0    0  9.1 16 140   M    M   6 3      23 140
23  79  56  68   M   0   3 0.01  0.0    0  9.4 15 200   M    M   0        23 240
24  62  49  56   M   9   0 0.00  0.0    0 11.3 16 350   M    M   0        23 350
25  66  45  56   M   9   0 0.00    M    M   M   M   M   M    M   M         M  M
26  71  41  56   M   9   0 0.00  0.0    M  9.0 17 220   M    M   0        27 240
================================================================================
SM 1728 1222       230  21  1.88     0.0 206.4          M      117
================================================================================
AV 66.5 47.0                               8.3 FASTST   M    M   5    MAX(MPH)
                                 MISC ---->    24   M                 32    M
================================================================================
NOTES:
# LAST OF SEVERAL OCCURRENCES

COLUMN 17 PEAK WIND IN M.P.H.

PRELIMINARY LOCAL CLIMATOLOGICAL DATA (WS FORM: F-6) , PAGE 2

                                          STATION:  Wharton
                                          MONTH:    NOVEMBER
                                          YEAR:     2014
                                          LATITUDE:   29 15 N
                                          LONGITUDE:  96  9 W

[TEMPERATURE DATA]      [PRECIPITATION DATA]       SYMBOLS USED IN COLUMN 16

AVERAGE MONTHLY: 56.7   TOTAL FOR MONTH:   1.88    1 = FOG OR MIST
DPTR FM NORMAL:     M   DPTR FM NORMAL:       M    2 = FOG REDUCING VISIBILITY
HIGHEST:    81 ON  4, 3 GRTST 24HR  0.75 ON  5- 5      TO 1/4 MILE OR LESS
LOWEST:     31 ON 18                               3 = THUNDER
                        SNOW, ICE PELLETS, HAIL    4 = ICE PELLETS
                        TOTAL MONTH:   0.0 INCH    5 = HAIL
                        GRTST 24HR     0.0         6 = FREEZING RAIN OR DRIZZLE
                        GRTST DEPTH:   0           7 = DUSTSTORM OR SANDSTORM:
                                                       VSBY 1/2 MILE OR LESS
                                                   8 = SMOKE OR HAZE
[NO. OF DAYS WITH]      [WEATHER - DAYS WITH]      9 = BLOWING SNOW
                                                   X = TORNADO
MAX 32 OR BELOW:   0    0.01 INCH OR MORE:   9
MAX 90 OR ABOVE:   0    0.10 INCH OR MORE:   6
MIN 32 OR BELOW:   3    0.50 INCH OR MORE:   1
MIN  0 OR BELOW:   0    1.00 INCH OR MORE:   0

[HDD (BASE 65) ]
TOTAL THIS MO.   230    CLEAR  (SCALE 0-3)  11
DPTR FM NORMAL     M    PTCLDY (SCALE 4-7)   5
TOTAL FM JUL 1   230    CLOUDY (SCALE 8-10)  9
DPTR FM NORMAL     M

[CDD (BASE 65) ]
TOTAL THIS MO.    21
DPTR FM NORMAL     M    [PRESSURE DATA]
TOTAL FM JAN 1  2826    HIGHEST SLP M ON M
DPTR FM NORMAL     M    LOWEST  SLP M ON M

[REMARKS]




U.S. Dept. of Commerce
NOAA National Weather Service
1325 East West Highway
Silver Spring, MD 20910
E-mail: w-nws.webmaster@noaa.gov
Page last modified: May 16, 2007
NATIONAL WEATHER SERVICE: for Safety, for Work, for Fun - FOR LIFE