421
CXUS54 KLCH 261510
CF6ARA
PRELIMINARY LOCAL CLIMATOLOGICAL DATA (WS FORM: F-6)

                                          STATION:   NEW IBERIA
                                          MONTH:     NOVEMBER
                                          YEAR:      2014
                                          LATITUDE:   30  1 N
                                          LONGITUDE:  91 53 W

  TEMPERATURE IN F:       :PCPN:    SNOW:  WIND      :SUNSHINE: SKY     :PK WND
================================================================================
1   2   3   4   5  6A  6B    7    8   9   10  11  12  13   14  15   16   17  18
                                     12Z  AVG MX 2MIN
DY MAX MIN AVG DEP HDD CDD  WTR  SNW DPTH SPD SPD DIR MIN PSBL S-S WX    SPD DR
================================================================================

 1  62  41  52 -13  13   0 0.00  0.0    0 10.4 22  30   M    M   0        30  30
 2  68  36  52 -13  13   0 0.00  0.0    0  4.9 12  60   M    M   0        14  40
 3  76  43  60  -5   5   0 0.00  0.0    0  6.7 15 110   M    M   0 8      19  90
 4  83  57  70   6   0   5 0.00  0.0    0 10.2 20 160   M    M   3 8      28 140
 5  77  64  71   7   0   6 0.21  0.0    0  5.8 17 170   M    M   7 18     22 170
 6  73  55  64   0   1   0 0.18  0.0    0  7.1 17 360   M    M   6 1      27 290
 7  64  49  57  -7   8   0 0.00  0.0    0  9.0 18  40   M    M   0        22  40
 8  70  47  59  -4   6   0 0.00  0.0    0  4.3 10  40   M    M   0        13  20
 9  72  46  59  -4   6   0 0.00  0.0    0  5.4 15  50   M    M   0 1      18  20
10  75  43  59  -4   6   0 0.00  0.0    0  6.5 17 180   M    M   3 12     25 200
11  80  58  69   7   0   4 0.00  0.0    0  8.0 17  10   M    M   6 1      21 190
12  58  43  51 -11  14   0 0.08    M    0 14.9 24  20   M    M  10 8      29  30
13  47  35  41 -21  24   0    T    M    0 14.9 24 360   M    M   7 18     31  10
14  51  30  41 -21  24   0 0.00  0.0    0  9.0 20  50   M    M   1        24  30
15  56  35  46 -15  19   0 0.00  0.0    0  7.4 14 100   M    M   8        17 110
16  75  51  63   2   2   0 3.75  0.0    0 12.7 30 190   M    M  10 13     36 190
17  51  36  44 -17  21   0 0.07    M    0 15.7 31  10   M    M   6 1      37  10
18  51  32  42 -18  23   0 0.00  0.0    0  7.8 18  10   M    M   0 1      26  20
19  59  29  44 -16  21   0 0.00  0.0    0  5.4 14 160   M    M   1 1      18 200
20  71  44  58  -2   7   0 0.00  0.0    0  7.7 16 160   M    M   2 1      20 160
21  74  50  62   2   3   0 0.00  0.0    0  9.3 21 140   M    M   5        25 140
22  74  54  64   5   1   0    T  0.0    0 12.0 22 110   M    M   6 8      29 120
23  75  62  69  10   0   4 0.93  0.0    0 11.5 25 230   M    M   7 13     36 240
24  67  46  57  -2   8   0 0.00  0.0    0  8.9 20  20   M    M   2 12     26 350
25  58  37  48 -10  17   0 0.00  0.0    0  5.9 14  10   M    M   1        18  10
================================================================================
SM 1667 1123       242  19  5.22     0.0 221.4          M       91
================================================================================
AV 66.7 44.9                               8.9 FASTST   M    M   4    MAX(MPH)
                                 MISC ---->  # 31  10               # 37   10
================================================================================
NOTES:
# LAST OF SEVERAL OCCURRENCES

COLUMN 17 PEAK WIND IN M.P.H.

PRELIMINARY LOCAL CLIMATOLOGICAL DATA (WS FORM: F-6) , PAGE 2

                                          STATION:  NEW IBERIA
                                          MONTH:    NOVEMBER
                                          YEAR:     2014
                                          LATITUDE:   30  1 N
                                          LONGITUDE:  91 53 W

[TEMPERATURE DATA]      [PRECIPITATION DATA]       SYMBOLS USED IN COLUMN 16

AVERAGE MONTHLY: 55.8   TOTAL FOR MONTH:   5.22    1 = FOG OR MIST
DPTR FM NORMAL:  -6.0   DPTR FM NORMAL:    1.95    2 = FOG REDUCING VISIBILITY
HIGHEST:    83 ON  4    GRTST 24HR  3.82 ON 16-17      TO 1/4 MILE OR LESS
LOWEST:     29 ON 19                               3 = THUNDER
                        SNOW, ICE PELLETS, HAIL    4 = ICE PELLETS
                        TOTAL MONTH:   0.0 INCH    5 = HAIL
                        GRTST 24HR     0.0         6 = FREEZING RAIN OR DRIZZLE
                        GRTST DEPTH:   0           7 = DUSTSTORM OR SANDSTORM:
                                                       VSBY 1/2 MILE OR LESS
                                                   8 = SMOKE OR HAZE
[NO. OF DAYS WITH]      [WEATHER - DAYS WITH]      9 = BLOWING SNOW
                                                   X = TORNADO
MAX 32 OR BELOW:   0    0.01 INCH OR MORE:   6
MAX 90 OR ABOVE:   0    0.10 INCH OR MORE:   4
MIN 32 OR BELOW:   3    0.50 INCH OR MORE:   2
MIN  0 OR BELOW:   0    1.00 INCH OR MORE:   1

[HDD (BASE 65) ]
TOTAL THIS MO.   242    CLEAR  (SCALE 0-3)  14
DPTR FM NORMAL   123    PTCLDY (SCALE 4-7)   9
TOTAL FM JUL 1   247    CLOUDY (SCALE 8-10)  2
DPTR FM NORMAL    94

[CDD (BASE 65) ]
TOTAL THIS MO.    19
DPTR FM NORMAL   -19    [PRESSURE DATA]
TOTAL FM JAN 1  2826    HIGHEST SLP M ON M
DPTR FM NORMAL    43    LOWEST  SLP 29.58 ON 23

[REMARKS]




U.S. Dept. of Commerce
NOAA National Weather Service
1325 East West Highway
Silver Spring, MD 20910
E-mail: w-nws.webmaster@noaa.gov
Page last modified: May 16, 2007
NATIONAL WEATHER SERVICE: for Safety, for Work, for Fun - FOR LIFE