210
CXUS54 KLCH 231810
CF6ARA
PRELIMINARY LOCAL CLIMATOLOGICAL DATA (WS FORM: F-6)

                                          STATION:   NEW IBERIA
                                          MONTH:     APRIL
                                          YEAR:      2014
                                          LATITUDE:   30  1 N
                                          LONGITUDE:  91 53 W

  TEMPERATURE IN F:       :PCPN:    SNOW:  WIND      :SUNSHINE: SKY     :PK WND
================================================================================
1   2   3   4   5  6A  6B    7    8   9   10  11  12  13   14  15   16   17  18
                                     12Z  AVG MX 2MIN
DY MAX MIN AVG DEP HDD CDD  WTR  SNW DPTH SPD SPD DIR MIN PSBL S-S WX    SPD DR
================================================================================

 1  80  58  69   4   0   4 0.00  0.0    0 10.0 17 180   M    M   3 1      23 150
 2  81  64  73   8   0   8 0.00  0.0    0 11.6 23 150   M    M   6 1      29 160
 3  82  71  77  12   0  12    T  0.0    0 17.7 29 180   M    M   7 1      36 180
 4  78  61  70   5   0   5 0.18  0.0    0 10.3 25  20   M    M   8 13     30  20
 5  71  59  65  -1   0   0 0.13  0.0    0 11.9 20  40   M    M  10 1      24  60
 6  75  59  67   1   0   2 0.64  0.0    0 12.2 37 190   M    M  10 13     49 190
 7  71  55  63  -3   2   0 0.16  0.0    0 10.1 17 310   M    M   5 13     22 310
 8  73  50  62  -4   3   0 0.02  0.0    0 10.8 36  10   M    M   4 38     41  20
 9  73  46  60  -6   5   0 0.00  0.0    0  4.9 13 330   M    M   0        19 360
10  74  49  62  -5   3   0 0.00  0.0    0 10.0 20 200   M    M   0 1      27 210
11  77  55  66  -1   0   1 0.00  0.0    0  8.1 20 200   M    M   3        24 170
12  81  58  70   3   0   5 0.00  0.0    0 10.4 18 150   M    M   4 128    26 180
13  83  69  76   9   0  11 0.02  0.0    0 17.2 28 160   M    M   8 18     35 150
14  80  51  66  -2   0   1 1.09  0.0    0 14.3 29 330   M    M  10 138    35 330
15  61  44  53 -15  12   0 0.00  0.0    0 17.7 31 360   M    M   4        39  10
16  67  40  54 -14  11   0 0.00  0.0    0  7.5 14 130   M    M   0        22 110
17  65  51  58 -10   7   0 0.00  0.0    0  7.9 14  70   M    M   7 8      17  70
18  79  61  70   2   0   5 0.00  0.0    0  8.1 18 350   M    M   6 18     23  20
19  80  56  68  -1   0   3 0.00  0.0    0  4.4 12  40   M    M   0        15  40
20  83  56  70   1   0   5 0.00  0.0    0  3.7 13 200   M    M   0        15 210
21  79  59  69   0   0   4 0.00  0.0    0  7.9 15 200   M    M   3        18 200
22  84  61  73   3   0   8 0.00  0.0    0  6.4 15 260   M    M   4 1      19 300
================================================================================
SM 1677 1233        43  74  2.24     0.0 223.1          M      102
================================================================================
AV 76.2 56.0                              10.1 FASTST   M    M   5    MAX(MPH)
                                 MISC ---->  # 37 190               # 49  190
================================================================================
NOTES:
# LAST OF SEVERAL OCCURRENCES

COLUMN 17 PEAK WIND IN M.P.H.

PRELIMINARY LOCAL CLIMATOLOGICAL DATA (WS FORM: F-6) , PAGE 2

                                          STATION:  NEW IBERIA
                                          MONTH:    APRIL
                                          YEAR:     2014
                                          LATITUDE:   30  1 N
                                          LONGITUDE:  91 53 W

[TEMPERATURE DATA]      [PRECIPITATION DATA]       SYMBOLS USED IN COLUMN 16

AVERAGE MONTHLY: 66.1   TOTAL FOR MONTH:   2.24    1 = FOG OR MIST
DPTR FM NORMAL:  -0.9   DPTR FM NORMAL:   -1.01    2 = FOG REDUCING VISIBILITY
HIGHEST:    84 ON 22    GRTST 24HR  1.09 ON 14-14      TO 1/4 MILE OR LESS
LOWEST:     40 ON 16                               3 = THUNDER
                        SNOW, ICE PELLETS, HAIL    4 = ICE PELLETS
                        TOTAL MONTH:   0.0 INCH    5 = HAIL
                        GRTST 24HR     0.0         6 = FREEZING RAIN OR DRIZZLE
                        GRTST DEPTH:   0           7 = DUSTSTORM OR SANDSTORM:
                                                       VSBY 1/2 MILE OR LESS
                                                   8 = SMOKE OR HAZE
[NO. OF DAYS WITH]      [WEATHER - DAYS WITH]      9 = BLOWING SNOW
                                                   X = TORNADO
MAX 32 OR BELOW:   0    0.01 INCH OR MORE:   7
MAX 90 OR ABOVE:   0    0.10 INCH OR MORE:   5
MIN 32 OR BELOW:   0    0.50 INCH OR MORE:   2
MIN  0 OR BELOW:   0    1.00 INCH OR MORE:   1

[HDD (BASE 65) ]
TOTAL THIS MO.    43    CLEAR  (SCALE 0-3)   6
DPTR FM NORMAL     1    PTCLDY (SCALE 4-7)  12
TOTAL FM JUL 1  1780    CLOUDY (SCALE 8-10)  4
DPTR FM NORMAL   374

[CDD (BASE 65) ]
TOTAL THIS MO.    74
DPTR FM NORMAL   -12    [PRESSURE DATA]
TOTAL FM JAN 1   115    HIGHEST SLP M ON M
DPTR FM NORMAL   -54    LOWEST  SLP 29.64 ON  6

[REMARKS]




U.S. Dept. of Commerce
NOAA National Weather Service
1325 East West Highway
Silver Spring, MD 20910
E-mail: w-nws.webmaster@noaa.gov
Page last modified: May 16, 2007
NATIONAL WEATHER SERVICE: for Safety, for Work, for Fun - FOR LIFE