399
CXUS54 KEWX 010910
CF6AQO
PRELIMINARY LOCAL CLIMATOLOGICAL DATA (WS FORM: F-6)

                                          STATION:   Llano Municipal Airport
                                          MONTH:     NOVEMBER
                                          YEAR:      2014
                                          LATITUDE:   30 47 N
                                          LONGITUDE:  98 40 W

  TEMPERATURE IN F:       :PCPN:    SNOW:  WIND      :SUNSHINE: SKY     :PK WND
================================================================================
1   2   3   4   5  6A  6B    7    8   9   10  11  12  13   14  15   16   17  18
                                     12Z  AVG MX 2MIN
DY MAX MIN AVG DEP HDD CDD  WTR  SNW DPTH SPD SPD DIR MIN PSBL S-S WX    SPD DR
================================================================================

 1  70  39  55   M  10   0    M    M    M  3.9  9 120   M    M   0         M  M
 2  73  46  60   M   5   0    M    M    M  7.7 17 180   M    M   7        23 180
 3  73  64  69   M   0   4    M    M    M  9.2 14 190   M    M  10        21 190
 4  73  57  65   M   0   0    M    M    M  8.0 17  40   M    M   9 138    28  40
 5  57  54  56   M   9   0    M    M    M  4.7  9 360   M    M  10 1       M  M
 6  66  54  60   M   5   0    M    M    M  2.5  6  10   M    M   4         M  M
 7  72  46  59   M   6   0    M    M    M  1.1  6 130   M    M   1         M  M
 8  72  46  59   M   6   0    M    M    M  4.2 15 360   M    M   0        21  20
 9  77  37  57   M   8   0    M    M    M  2.7  8 220   M    M   0         M  M
10  79  39  59   M   6   0    M    M    M  6.7 18 200   M    M   0        23 190
11  63  37  50   M  15   0    M    M    M  8.6 21  10   M    M   1        25  10
12  46  34  40   M  25   0    M    M    M 10.7 17 360   M    M   5        21  20
13  39  32  36   M  29   0    M    M    M  9.4 17 360   M    M  10        22  20
14  45  32  39   M  26   0    M    M    M  3.2  7 140   M    M   8         M  M
15  54  34  44   M  21   0    M    M    M  5.3 10 140   M    M   9 1       M  M
16  54  32  43   M  22   0    M    M    M  8.2 22 360   M    M  10 1      28 360
17  50  27  39   M  26   0    M    M    M  7.1 14 340   M    M   1        21 340
18  57  25  41   M  24   0    M    M    M  3.9 13 220   M    M   0        17 220
19  70  27  49   M  16   0    M    M    M  3.1 12 260   M    M   0        20 240
20  75  34  55   M  10   0    M    M    M  3.5 14 200   M    M   2 12     20 200
21  79  59  69   M   0   4    M    M    M  5.6 12 160   M    M   8 123    17 180
22  66  57  62   M   3   0    M    M    M  6.5 17  40   M    M   8 13     24  40
23  79  45  62   M   3   0    M    M    M  8.3 18 260   M    M   1 1      27 290
24  61  36  49   M  16   0    M    M    M  2.0  6  10   M    M   0         M  M
25  64  32  48   M  17   0    M    M    M  2.4  9 270   M    M   0         M  M
26  72  32  52   M  13   0    M    M    M  5.4 13 350   M    M   0         M  M
27  63  34  49   M  16   0    M    M    M  2.3  9 120   M    M   0         M  M
28  73  34  54   M  11   0    M    M    M  4.0 15 220   M    M   1        22 220
29  77  39  58   M   7   0    M    M    M  5.8 15 230   M    M   1        20 230
30  77  52  65   M   0   0 0.00  0.0    0  6.6 15 210   M    M   6        21 210
================================================================================
SM 1976 1216       355   8  0.00     0.0 162.6          M      112
================================================================================
AV 65.9 40.5                               5.4 FASTST   M    M   4    MAX(MPH)
                                 MISC ---->    22   M                 28    M
================================================================================
NOTES:
# LAST OF SEVERAL OCCURRENCES

COLUMN 17 PEAK WIND IN M.P.H.

PRELIMINARY LOCAL CLIMATOLOGICAL DATA (WS FORM: F-6) , PAGE 2

                                          STATION:  Llano Municipal Airport
                                          MONTH:    NOVEMBER
                                          YEAR:     2014
                                          LATITUDE:   30 47 N
                                          LONGITUDE:  98 40 W

[TEMPERATURE DATA]      [PRECIPITATION DATA]       SYMBOLS USED IN COLUMN 16

AVERAGE MONTHLY: 53.2   TOTAL FOR MONTH:   0.00    1 = FOG OR MIST
DPTR FM NORMAL:     M   DPTR FM NORMAL:       M    2 = FOG REDUCING VISIBILITY
HIGHEST:    79 ON 23,21 GRTST 24HR  0.00 ON 30-30      TO 1/4 MILE OR LESS
LOWEST:     25 ON 18                               3 = THUNDER
                        SNOW, ICE PELLETS, HAIL    4 = ICE PELLETS
                        TOTAL MONTH:   0.0 INCH    5 = HAIL
                        GRTST 24HR     0.0         6 = FREEZING RAIN OR DRIZZLE
                        GRTST DEPTH:   0           7 = DUSTSTORM OR SANDSTORM:
                                                       VSBY 1/2 MILE OR LESS
                                                   8 = SMOKE OR HAZE
[NO. OF DAYS WITH]      [WEATHER - DAYS WITH]      9 = BLOWING SNOW
                                                   X = TORNADO
MAX 32 OR BELOW:   0    0.01 INCH OR MORE:   0
MAX 90 OR ABOVE:   0    0.10 INCH OR MORE:   0
MIN 32 OR BELOW:   8    0.50 INCH OR MORE:   0
MIN  0 OR BELOW:   0    1.00 INCH OR MORE:   0

[HDD (BASE 65) ]
TOTAL THIS MO.   355    CLEAR  (SCALE 0-3)  17
DPTR FM NORMAL     M    PTCLDY (SCALE 4-7)   4
TOTAL FM JUL 1   360    CLOUDY (SCALE 8-10)  9
DPTR FM NORMAL     M

[CDD (BASE 65) ]
TOTAL THIS MO.     8
DPTR FM NORMAL     M    [PRESSURE DATA]
TOTAL FM JAN 1  2827    HIGHEST SLP M ON M
DPTR FM NORMAL     M    LOWEST  SLP M ON M

[REMARKS]
#FINAL-11-14#




U.S. Dept. of Commerce
NOAA National Weather Service
1325 East West Highway
Silver Spring, MD 20910
E-mail: w-nws.webmaster@noaa.gov
Page last modified: May 16, 2007
NATIONAL WEATHER SERVICE: for Safety, for Work, for Fun - FOR LIFE