108
CXUS54 KEWX 200910
CF6AQO
PRELIMINARY LOCAL CLIMATOLOGICAL DATA (WS FORM: F-6)

                                          STATION:   Llano Municipal Airport
                                          MONTH:     AUGUST
                                          YEAR:      2014
                                          LATITUDE:   30 47 N
                                          LONGITUDE:  98 40 W

  TEMPERATURE IN F:       :PCPN:    SNOW:  WIND      :SUNSHINE: SKY     :PK WND
================================================================================
1   2   3   4   5  6A  6B    7    8   9   10  11  12  13   14  15   16   17  18
                                     12Z  AVG MX 2MIN
DY MAX MIN AVG DEP HDD CDD  WTR  SNW DPTH SPD SPD DIR MIN PSBL S-S WX    SPD DR
================================================================================

 1  90  68  79   M   0  14    M    M    M  4.3 10  80   M    M   1        17 360
 2  91  64  78   M   0  13    M    M    M  3.8  9  90   M    M   1        16  70
 3  93  66  80   M   0  15    M    M    M  5.0 12  50   M    M   1        18  50
 4  97  68  83   M   0  18    M    M    M  3.4 10  30   M    M   1        16  30
 5 100  72  86   M   0  21    M    M    M  3.1 10 140   M    M   1         M  M
 6 100  73  87   M   0  22    M    M    M  3.7  9 140   M    M   1         M  M
 7 102  73  88   M   0  23    M    M    M  4.2  9 140   M    M   1        16 170
 8 104  73  89   M   0  24    M    M    M  5.4 13 210   M    M   0        16 210
 9 100  72  86   M   0  21    M    M    M  5.3 13 220   M    M   0        18 200
10 104  75  90   M   0  25    M    M    M  3.6  8 110   M    M   0         M  M
11  97  73  85   M   0  20    M    M    M  2.9 10 240   M    M   1 38      M  M
12  97  70  84   M   0  19    M    M    M  2.8 10  10   M    M   1        16  40
13  97  63  80   M   0  15    M    M    M  2.4 12  70   M    M   0         M  M
14  99  66  83   M   0  18    M    M    M  3.1 13  80   M    M   0        17  80
15 100  70  85   M   0  20    M    M    M  3.5  9 160   M    M   0         M  M
16 102  75  89   M   0  24    M    M    M  4.7  8 170   M    M   1        16 150
17  97  75  86   M   0  21    M    M    M  3.9 13 290   M    M   1 3      17 290
18  93  73  83   M   0  18    M    M    M  3.6 12 320   M    M   2 3       M  M
19  91  73  82   M   0  17    M    M    M  5.4 14 220   M    M   1 3      18 220
================================================================================
SM 1854 1342         0 368    M     M     74.1          M       14
================================================================================
AV 97.6 70.6                               3.9 FASTST   M    M   1    MAX(MPH)
                                 MISC ---->    14   M                 18    M
================================================================================
NOTES:
# LAST OF SEVERAL OCCURRENCES

COLUMN 17 PEAK WIND IN M.P.H.

PRELIMINARY LOCAL CLIMATOLOGICAL DATA (WS FORM: F-6) , PAGE 2

                                          STATION:  Llano Municipal Airport
                                          MONTH:    AUGUST
                                          YEAR:     2014
                                          LATITUDE:   30 47 N
                                          LONGITUDE:  98 40 W

[TEMPERATURE DATA]      [PRECIPITATION DATA]       SYMBOLS USED IN COLUMN 16

AVERAGE MONTHLY: 84.1   TOTAL FOR MONTH:      M    1 = FOG OR MIST
DPTR FM NORMAL:     M   DPTR FM NORMAL:       M    2 = FOG REDUCING VISIBILITY
HIGHEST:   104 ON 10, 8 GRTST 24HR    M  ON   M        TO 1/4 MILE OR LESS
LOWEST:     63 ON 13                               3 = THUNDER
                        SNOW, ICE PELLETS, HAIL    4 = ICE PELLETS
                        TOTAL MONTH:    M          5 = HAIL
                        GRTST 24HR    M  ON   M    6 = FREEZING RAIN OR DRIZZLE
                        GRTST DEPTH:  M  ON   M    7 = DUSTSTORM OR SANDSTORM:
                                                       VSBY 1/2 MILE OR LESS
                                                   8 = SMOKE OR HAZE
[NO. OF DAYS WITH]      [WEATHER - DAYS WITH]      9 = BLOWING SNOW
                                                   X = TORNADO
MAX 32 OR BELOW:   0    0.01 INCH OR MORE:   0
MAX 90 OR ABOVE:  19    0.10 INCH OR MORE:   0
MIN 32 OR BELOW:   0    0.50 INCH OR MORE:   0
MIN  0 OR BELOW:   0    1.00 INCH OR MORE:   0

[HDD (BASE 65) ]
TOTAL THIS MO.     0    CLEAR  (SCALE 0-3)  19
DPTR FM NORMAL     M    PTCLDY (SCALE 4-7)   0
TOTAL FM JUL 1     0    CLOUDY (SCALE 8-10)  0
DPTR FM NORMAL     M

[CDD (BASE 65) ]
TOTAL THIS MO.   368
DPTR FM NORMAL     M    [PRESSURE DATA]
TOTAL FM JAN 1  1910    HIGHEST SLP M ON M
DPTR FM NORMAL     M    LOWEST  SLP M ON M

[REMARKS]




U.S. Dept. of Commerce
NOAA National Weather Service
1325 East West Highway
Silver Spring, MD 20910
E-mail: w-nws.webmaster@noaa.gov
Page last modified: May 16, 2007
NATIONAL WEATHER SERVICE: for Safety, for Work, for Fun - FOR LIFE