359
CXUS53 KAPX 240631
CF6APN
PRELIMINARY LOCAL CLIMATOLOGICAL DATA (WS FORM: F-6)

                                          STATION:   ALPENA MI
                                          MONTH:     APRIL
                                          YEAR:      2014
                                          LATITUDE:   45  4 N
                                          LONGITUDE:  83 34 W

  TEMPERATURE IN F:       :PCPN:    SNOW:  WIND      :SUNSHINE: SKY     :PK WND
================================================================================
1   2   3   4   5  6A  6B    7    8   9   10  11  12  13   14  15   16   17  18
                                     12Z  AVG MX 2MIN
DY MAX MIN AVG DEP HDD CDD  WTR  SNW DPTH SPD SPD DIR MIN PSBL S-S WX    SPD DR
================================================================================

 1  50  30  40   5  25   0 0.07  0.4    3 11.4 20 240   M    M   9 1      30 250
 2  43  23  33  -3  32   0 0.00  0.0    3  7.6 18 270   M    M   4        28 310
 3  36  17  27  -9  38   0 0.00  0.0    3  8.0 17  80   M    M   5        24  70
 4  35  30  33  -4  32   0 0.90  0.1    2  9.6 20 110   M    M  10 1      27 100
 5  40  22  31  -6  34   0    T    T    2 10.1 21 300   M    M   4 1      33 290
 6  58  23  41   3  24   0 0.00  0.0    1  7.1 16 180   M    M   0        20 180
 7  54  26  40   2  25   0 0.00  0.0    1  6.0 14 130   M    M   0        21 120
 8  57  34  46   7  19   0    T  0.0    1  9.7 20 340   M    M   3        25 320
 9  55  28  42   3  23   0 0.00  0.0    1  6.5 17 220   M    M   1        23 250
10  62  30  46   7  19   0 0.06  0.0    0 11.4 23 320   M    M   3 1      30 320
11  60  26  43   3  22   0    T  0.0    0  4.9 21 240   M    M   4        28 240
12  46  28  37  -3  28   0 0.29  0.0    0  7.0 18 100   M    M   7 1      28 100
13  58  37  48   7  17   0 0.65  0.0    0  5.8 25  80   M    M   9 128    32  80
14  40  24  32  -9  33   0 1.21  0.3    0 11.3 25 320   M    M  10 18     35 320
15  26  15  21 -21  44   0 0.04  0.4    1 11.3 23 320   M    M   9 18     31 310
16  38  12  25 -17  40   0    T    T    1  8.7 22 130   M    M   4 1      29 130
17  49  33  41  -1  24   0 0.00  0.0    0 12.0 23 110   M    M   5        31 110
18  48  31  40  -3  25   0 0.00  0.0    M  8.7 18 330   M    M   5        24 320
19  43  25  34  -9  31   0 0.00  0.0    0  7.6 16 130   M    M   0 1      19 120
20  58  27  43  -1  22   0    T  0.0    0  5.5 18 180   M    M   8        22 180
21  57  44  51   7  14   0 0.42  0.0    0  1.9  8 140   M    M  10 1      10 290
22  51  35  43  -1  22   0    T  0.0    0 12.3 22 320   M    M   9 1      32 320
23  52  30  41  -4  24   0 0.00  0.0    0  8.9 17 350   M    M   1        22 360
================================================================================
SM 1116  630       617   0  3.64     1.2 193.3          M      120
================================================================================
AV 48.5 27.4                               8.4 FASTST   M    M   5    MAX(MPH)
                                 MISC ---->  # 25  80               # 35  320
================================================================================
NOTES:
# LAST OF SEVERAL OCCURRENCES

COLUMN 17 PEAK WIND IN M.P.H.

PRELIMINARY LOCAL CLIMATOLOGICAL DATA (WS FORM: F-6) , PAGE 2

                                          STATION:  ALPENA MI
                                          MONTH:    APRIL
                                          YEAR:     2014
                                          LATITUDE:   45  4 N
                                          LONGITUDE:  83 34 W

[TEMPERATURE DATA]      [PRECIPITATION DATA]       SYMBOLS USED IN COLUMN 16

AVERAGE MONTHLY: 38.0   TOTAL FOR MONTH:   3.64    1 = FOG OR MIST
DPTR FM NORMAL:  -2.3   DPTR FM NORMAL:    1.79    2 = FOG REDUCING VISIBILITY
HIGHEST:    62 ON 10    GRTST 24HR  1.47 ON 13-14      TO 1/4 MILE OR LESS
LOWEST:     12 ON 16                               3 = THUNDER
                        SNOW, ICE PELLETS, HAIL    4 = ICE PELLETS
                        TOTAL MONTH:   1.2 INCHES  5 = HAIL
                        GRTST 24HR   0.4 ON   M    6 = FREEZING RAIN OR DRIZZLE
                        GRTST DEPTH:   3 ON  3, 2  7 = DUSTSTORM OR SANDSTORM:
                                                       VSBY 1/2 MILE OR LESS
                                                   8 = SMOKE OR HAZE
[NO. OF DAYS WITH]      [WEATHER - DAYS WITH]      9 = BLOWING SNOW
                                                   X = TORNADO
MAX 32 OR BELOW:   1    0.01 INCH OR MORE:   8
MAX 90 OR ABOVE:   0    0.10 INCH OR MORE:   5
MIN 32 OR BELOW:  18    0.50 INCH OR MORE:   3
MIN  0 OR BELOW:   0    1.00 INCH OR MORE:   1

[HDD (BASE 65) ]
TOTAL THIS MO.   617    CLEAR  (SCALE 0-3)   6
DPTR FM NORMAL    47    PTCLDY (SCALE 4-7)  10
TOTAL FM JUL 1  8504    CLOUDY (SCALE 8-10)  7
DPTR FM NORMAL  1078

[CDD (BASE 65) ]
TOTAL THIS MO.     0
DPTR FM NORMAL     0    [PRESSURE DATA]
TOTAL FM JAN 1     0    HIGHEST SLP M ON M
DPTR FM NORMAL     0    LOWEST  SLP 29.31 ON M

[REMARKS]




U.S. Dept. of Commerce
NOAA National Weather Service
1325 East West Highway
Silver Spring, MD 20910
E-mail: w-nws.webmaster@noaa.gov
Page last modified: May 16, 2007
NATIONAL WEATHER SERVICE: for Safety, for Work, for Fun - FOR LIFE