554
CXUS53 KAPX 081739
CF6APN
PRELIMINARY LOCAL CLIMATOLOGICAL DATA (WS FORM: F-6)

                                          STATION:   ALPENA MI
                                          MONTH:     NOVEMBER
                                          YEAR:      2014
                                          LATITUDE:   45  4 N
                                          LONGITUDE:  83 34 W

  TEMPERATURE IN F:       :PCPN:    SNOW:  WIND      :SUNSHINE: SKY     :PK WND
================================================================================
1   2   3   4   5  6A  6B    7    8   9   10  11  12  13   14  15   16   17  18
                                     12Z  AVG MX 2MIN
DY MAX MIN AVG DEP HDD CDD  WTR  SNW DPTH SPD SPD DIR MIN PSBL S-S WX    SPD DR
================================================================================

 1  37  20  29 -12  36   0 0.00  0.0    0  9.7 17  10   M    M   6        21 340
 2  48  19  34  -6  31   0 0.00  0.0    0  3.9 10 250   M    M   2         M  M
 3  56  36  46   6  19   0    T  0.0    0  6.2 10 220   M    M   6         M  M
 4  56  41  49   9  16   0 0.03  0.0    0  8.2 14 220   M    M  10        20 220
 5  44  39  42   3  23   0 0.01  0.0    0  5.6 10 190   M    M  10         M  M
 6  42  34  38  -1  27   0 0.53  0.0    0  8.6 15  20   M    M   9 1       M  M
 7  38  29  34  -5  31   0 0.00  0.0    0  7.0 15 330   M    M   8        22 330
 8  39  29  34  -4  31   0 0.19    T    0  9.8 17 310   M    M   9 1      36 320
 9  39  26  33  -5  32   0 0.07    T    T  7.4 15 210   M    M   8 1      22 200
10  46  25  36  -2  29   0 0.29  0.2    0  6.8 14  80   M    M   8 1      20 100
11  50  32  41   4  24   0 0.18    T    0  8.6 14 300   M    M  10 1      25 300
12  34  26  30  -7  35   0 0.01  0.2    0 10.7 16 280   M    M   8 1      32 250
13  34  24  29  -8  36   0    T    T    T  8.2 15 260   M    M   4        25 250
14  33  19  26 -10  39   0    T    T    0  5.0  8 280   M    M   7 1      17 310
15  30  22  26 -10  39   0    T    T    0  9.1 18 240   M    M   8        24 240
16  31  22  27  -9  38   0 0.01    T    T  7.8 14 210   M    M   8 18     20 210
17  30  16  23 -12  42   0    T    T    T 10.0 15 240   M    M   8        23 250
18  26  15  21 -14  44   0 0.04  1.5    T 12.8 15 270   M    M   7 12     35 280
19  24  11  18 -16  47   0 0.01  0.2    2  9.7 16 230   M    M   7        23 240
20  24  15  20 -14  45   0    T    T    2 10.9 14 270   M    M   5 1      31 240
21  27   7  17 -17  48   0 0.00  0.0    1 10.6 14 240   M    M   5        20 260
22  40  25  33   0  32   0 0.00  0.0    0 10.5 16 220   M    M   8 1      23 200
23  50  35  43  10  22   0 0.30  0.0    0  7.0 14 190   M    M  10 12      M  M
24  52  32  42   9  23   0 0.97    T    0  8.8 23 220   M    M  10 1      38 220
25  33  27  30  -2  35   0 0.14  2.5    2  7.0 13 240   M    M  10 1      20 290
26  29  25  27  -5  38   0 0.01    T    2  3.6  9 270   M    M  10 1       M  M
27  27  15  21 -11  44   0 0.70 11.0   13  9.6 17 320   M    M   9 1      25 320
28  23  14  19 -12  46   0    T    T   13  7.0  9 210   M    M   9 1      18 280
29  41  23  32   1  33   0 0.00  0.0    9 10.1 14 180   M    M   7         M  M
30  47  25  36   6  29   0 0.00  0.0    6  9.2 16 310   M    M  10 1      22 320
================================================================================
SM 1130  728      1014   0  3.49    15.6 249.4          M      236
================================================================================
AV 37.7 24.3                               8.3 FASTST   M    M   8    MAX(MPH)
                                 MISC ---->  # 23 220               # 38  220
================================================================================
NOTES:
# LAST OF SEVERAL OCCURRENCES

COLUMN 17 PEAK WIND IN M.P.H.

PRELIMINARY LOCAL CLIMATOLOGICAL DATA (WS FORM: F-6) , PAGE 2

                                          STATION:  ALPENA MI
                                          MONTH:    NOVEMBER
                                          YEAR:     2014
                                          LATITUDE:   45  4 N
                                          LONGITUDE:  83 34 W

[TEMPERATURE DATA]      [PRECIPITATION DATA]       SYMBOLS USED IN COLUMN 16

AVERAGE MONTHLY: 31.0   TOTAL FOR MONTH:   3.49    1 = FOG OR MIST
DPTR FM NORMAL:  -4.7   DPTR FM NORMAL:    1.39    2 = FOG REDUCING VISIBILITY
HIGHEST:    56 ON  4, 3 GRTST 24HR  0.97 ON 24-24      TO 1/4 MILE OR LESS
LOWEST:      7 ON 21                               3 = THUNDER
                        SNOW, ICE PELLETS, HAIL    4 = ICE PELLETS
                        TOTAL MONTH:  15.6 INCHES  5 = HAIL
                        GRTST 24HR  11.0 ON 27-27  6 = FREEZING RAIN OR DRIZZLE
                        GRTST DEPTH:  13 ON 28,27  7 = DUSTSTORM OR SANDSTORM:
                                                       VSBY 1/2 MILE OR LESS
                                                   8 = SMOKE OR HAZE
[NO. OF DAYS WITH]      [WEATHER - DAYS WITH]      9 = BLOWING SNOW
                                                   X = TORNADO
MAX 32 OR BELOW:  10    0.01 INCH OR MORE:  16
MAX 90 OR ABOVE:   0    0.10 INCH OR MORE:   8
MIN 32 OR BELOW:  25    0.50 INCH OR MORE:   3
MIN  0 OR BELOW:   0    1.00 INCH OR MORE:   0

[HDD (BASE 65) ]
TOTAL THIS MO.  1014    CLEAR  (SCALE 0-3)   1
DPTR FM NORMAL   135    PTCLDY (SCALE 4-7)  11
TOTAL FM JUL 1  1933    CLOUDY (SCALE 8-10) 18
DPTR FM NORMAL   110

[CDD (BASE 65) ]
TOTAL THIS MO.     0
DPTR FM NORMAL     0    [PRESSURE DATA]
TOTAL FM JAN 1   168    HIGHEST SLP M ON M
DPTR FM NORMAL  -123    LOWEST  SLP M ON M

[REMARKS]
#FINAL-11-14#




U.S. Dept. of Commerce
NOAA National Weather Service
1325 East West Highway
Silver Spring, MD 20910
E-mail: w-nws.webmaster@noaa.gov
Page last modified: May 16, 2007
NATIONAL WEATHER SERVICE: for Safety, for Work, for Fun - FOR LIFE