297
CXUS53 KAPX 311836
CF6APN
PRELIMINARY LOCAL CLIMATOLOGICAL DATA (WS FORM: F-6)

                                          STATION:   ALPENA MI
                                          MONTH:     JULY
                                          YEAR:      2014
                                          LATITUDE:   45  4 N
                                          LONGITUDE:  83 34 W

  TEMPERATURE IN F:       :PCPN:    SNOW:  WIND      :SUNSHINE: SKY     :PK WND
================================================================================
1   2   3   4   5  6A  6B    7    8   9   10  11  12  13   14  15   16   17  18
                                     12Z  AVG MX 2MIN
DY MAX MIN AVG DEP HDD CDD  WTR  SNW DPTH SPD SPD DIR MIN PSBL S-S WX    SPD DR
================================================================================

 1  84  67  76  10   0  11 0.04  0.0    0 10.2 21 240   M    M   5 3      32 220
 2  72  53  63  -3   2   0    T  0.0    0  8.0 17 330   M    M   5        22 360
 3  65  46  56 -10   9   0    T  0.0    0  6.0 14  90   M    M   5 8      20 110
 4  78  44  61  -6   4   0 0.00  0.0    0  5.5 17 330   M    M   2 1      22 330
 5  83  45  64  -3   1   0 0.00  0.0    0  8.0 18 220   M    M   0 8      25 220
 6  78  60  69   2   0   4 0.19  0.0    0  8.8 18 220   M    M   3 13     24 240
 7  84  61  73   6   0   8 0.00  0.0    0  9.1 22 250   M    M   4        31 260
 8  73  54  64  -3   1   0 0.28  0.0    0  8.2 23 330   M    M   8 1      29 320
 9  67  50  59  -8   6   0 0.00  0.0    0  5.7 14  40   M    M   6        20 310
10  72  47  60  -7   5   0 0.00  0.0    0  4.8 13  90   M    M   0        16 110
11  80  43  62  -6   3   0    T  0.0    0  4.8 13  90   M    M   1        18  90
12  82  55  69   1   0   4 0.19  0.0    0  7.3 16 180   M    M   7 13     21 220
13  78  50  64  -4   1   0 0.35  0.0    0  7.3 18 320   M    M   4 1      29 260
14  80  47  64  -4   1   0 0.28  0.0    0  5.8 16 340   M    M   3 13     26 310
15  58  54  56 -12   9   0 1.46  0.0    0  6.9 15 330   M    M  10 13     20 330
16  72  52  62  -6   3   0    T  0.0    0  7.8 18 360   M    M   5        26 320
17  76  50  63  -5   2   0 0.00  0.0    0  4.6 13 100   M    M   1        17  90
18  79  48  64  -4   1   0 0.00  0.0    0  5.0 15 130   M    M   0        18 130
19  78  49  64  -4   1   0 0.00  0.0    0  6.1 17 120   M    M   2 1      22 120
20  76  50  63  -5   2   0 0.00  0.0    0  4.5 15 110   M    M   3 12     24 180
21  86  56  71   3   0   6 0.00  0.0    0  5.7 14 190   M    M   1 18     19 190
22  89  63  76   8   0  11 0.40  0.0    0  7.9 22 190   M    M   4 13     30 190
23  71  55  63  -5   2   0 0.00  0.0    0 11.2 20 350   M    M   6        27 340
24  75  49  62  -6   3   0 0.00  0.0    0  3.9 14 340   M    M   1        19 340
25  79  46  63  -5   2   0 0.01  0.0    0  5.2 14 240   M    M   4 8      19 260
26  79  61  70   2   0   5 0.13  0.0    0  5.8 17 220   M    M   8 13     22 210
27  73  59  66  -2   0   1 0.33  0.0    0  6.3 16  40   M    M   4 13     19  10
28  65  52  59  -9   6   0 0.00  0.0    0 11.2 20  20   M    M   7        26 350
29  73  52  63  -4   2   0 0.23  0.0    0  5.6 18 360   M    M   8 3      22 360
30  73  50  62  -5   3   0 0.02  0.0    0  4.3 14 130   M    M   4 1      21 320
31   M   M   M   M   M   M    M    M    M   M   M   M   M    M   M 1       M  M
================================================================================
SM 2278 1568        69  50  3.91     0.0 201.5          M      121
================================================================================
AV 75.9 52.3                               6.7 FASTST   M    M   4    MAX(MPH)
                                 MISC ---->  # 23 330               # 32  220
================================================================================
NOTES:
# LAST OF SEVERAL OCCURRENCES

COLUMN 17 PEAK WIND IN M.P.H.

PRELIMINARY LOCAL CLIMATOLOGICAL DATA (WS FORM: F-6) , PAGE 2

                                          STATION:  ALPENA MI
                                          MONTH:    JULY
                                          YEAR:     2014
                                          LATITUDE:   45  4 N
                                          LONGITUDE:  83 34 W

[TEMPERATURE DATA]      [PRECIPITATION DATA]       SYMBOLS USED IN COLUMN 16

AVERAGE MONTHLY: 64.1   TOTAL FOR MONTH:   3.91    1 = FOG OR MIST
DPTR FM NORMAL:  -3.3   DPTR FM NORMAL:    0.88    2 = FOG REDUCING VISIBILITY
HIGHEST:    89 ON 22    GRTST 24HR  1.74 ON 14-15      TO 1/4 MILE OR LESS
LOWEST:     43 ON 11                               3 = THUNDER
                        SNOW, ICE PELLETS, HAIL    4 = ICE PELLETS
                        TOTAL MONTH:   0.0 INCH    5 = HAIL
                        GRTST 24HR     0.0         6 = FREEZING RAIN OR DRIZZLE
                        GRTST DEPTH:   0           7 = DUSTSTORM OR SANDSTORM:
                                                       VSBY 1/2 MILE OR LESS
                                                   8 = SMOKE OR HAZE
[NO. OF DAYS WITH]      [WEATHER - DAYS WITH]      9 = BLOWING SNOW
                                                   X = TORNADO
MAX 32 OR BELOW:   0    0.01 INCH OR MORE:  13
MAX 90 OR ABOVE:   0    0.10 INCH OR MORE:  10
MIN 32 OR BELOW:   0    0.50 INCH OR MORE:   1
MIN  0 OR BELOW:   0    1.00 INCH OR MORE:   1

[HDD (BASE 65) ]
TOTAL THIS MO.    69    CLEAR  (SCALE 0-3)  10
DPTR FM NORMAL    25    PTCLDY (SCALE 4-7)  18
TOTAL FM JUL 1    69    CLOUDY (SCALE 8-10)  2
DPTR FM NORMAL    25

[CDD (BASE 65) ]
TOTAL THIS MO.    50
DPTR FM NORMAL   -66    [PRESSURE DATA]
TOTAL FM JAN 1   110    HIGHEST SLP M ON M
DPTR FM NORMAL   -75    LOWEST  SLP 29.47 ON  8

[REMARKS]




U.S. Dept. of Commerce
NOAA National Weather Service
1325 East West Highway
Silver Spring, MD 20910
E-mail: w-nws.webmaster@noaa.gov
Page last modified: May 16, 2007
NATIONAL WEATHER SERVICE: for Safety, for Work, for Fun - FOR LIFE