426
CXUS53 KAPX 010631
CF6APN
PRELIMINARY LOCAL CLIMATOLOGICAL DATA (WS FORM: F-6)

                                          STATION:   ALPENA MI
                                          MONTH:     SEPTEMBER
                                          YEAR:      2014
                                          LATITUDE:   45  4 N
                                          LONGITUDE:  83 34 W

  TEMPERATURE IN F:       :PCPN:    SNOW:  WIND      :SUNSHINE: SKY     :PK WND
================================================================================
1   2   3   4   5  6A  6B    7    8   9   10  11  12  13   14  15   16   17  18
                                     12Z  AVG MX 2MIN
DY MAX MIN AVG DEP HDD CDD  WTR  SNW DPTH SPD SPD DIR MIN PSBL S-S WX    SPD DR
================================================================================

 1  83  59  71   9   0   6 1.33  0.0    0  7.5 22 170   M    M   7 123    31 270
 2  75  54  65   3   0   0 0.00  0.0    0  4.6 14 260   M    M   1        18 310
 3  81  52  67   5   0   2 0.00  0.0    0  5.7 13 230   M    M   0        19 290
 4  80  59  70   8   0   5 0.04  0.0    0  6.3 21 220   M    M   4        27 220
 5  78  59  69   8   0   4 0.58  0.0    0  7.7 22 350   M    M   5 13     28 360
 6  72  51  62   1   3   0 0.00  0.0    0  7.5 17 330   M    M   2        22 340
 7  76  45  61   0   4   0 0.00  0.0    0  5.7 14 220   M    M   0        19 220
 8  76  46  61   1   4   0 0.00  0.0    0  5.4 16 120   M    M   1        20 120
 9  79  52  66   6   0   1 0.00  0.0    0  4.7 15 170   M    M   1 1      20 170
10  70  55  63   3   2   0 0.35  0.0    0  9.0 23 130   M    M   6 1      34 140
11  55  45  50 -10  15   0 0.01  0.0    0  9.8 21 330   M    M  10 1      31 270
12  53  46  50  -9  15   0 0.09  0.0    0  6.2 15 360   M    M   9 1      17 350
13  55  37  46 -13  19   0 0.39  0.0    0  7.5 18 340   M    M   8 1      23 330
14  57  33  45 -13  20   0 0.00  0.0    0  6.2 16 210   M    M   5        21 210
15  60  42  51  -7  14   0    T  0.0    0  4.3 10 270   M    M   6        14 260
16  64  38  51  -7  14   0 0.00  0.0    0  5.1 14 240   M    M   2 1      19 260
17  70  43  57   0   8   0    T  0.0    0  6.9 17 360   M    M   6        24 330
18  55  35  45 -12  20   0 0.00  0.0    0  6.2 14  30   M    M   7        16  20
19  64  32  48  -9  17   0    T  0.0    0  8.9 21 180   M    M   2 3      25 180
20  71  58  65   9   0   0 0.35  0.0    0  8.4 17 200   M    M   5 13     24 220
21  62  47  55  -1  10   0 0.59  0.0    0 10.0 26  40   M    M  10 123    32  40
22  63  44  54  -1  11   0 0.00  0.0    0  6.7 12 270   M    M   5        18 290
23  76  49  63   8   2   0 0.00  0.0    0  5.5 13 110   M    M   0 1      15 220
24  72  43  58   3   7   0 0.00  0.0    0  4.7 14 120   M    M   1 1      18 160
25  73  43  58   4   7   0 0.00  0.0    0  1.8 13 120   M    M   2 12     16 130
26  76  43  60   6   5   0 0.00  0.0    0  2.1 13 140   M    M   1 1      15 130
27  77  43  60   7   5   0 0.00  0.0    0  2.1 13 140   M    M   0        25 210
28  77  46  62   9   3   0 0.00  0.0    0  2.2 10 190   M    M   0        13 190
29  77  48  63  10   2   0 0.42  0.0    0  6.8 21  10   M    M   4 123    25  10
30  52  46  49  -3  16   0    T  0.0    0  9.5 18 360   M    M   8 1      22 360
================================================================================
SM 2079 1393       223  18  4.15     0.0 185.0          M      118
================================================================================
AV 69.3 46.4                               6.2 FASTST   M    M   4    MAX(MPH)
                                 MISC ---->  # 26  40               # 34  140
================================================================================
NOTES:
# LAST OF SEVERAL OCCURRENCES

COLUMN 17 PEAK WIND IN M.P.H.

PRELIMINARY LOCAL CLIMATOLOGICAL DATA (WS FORM: F-6) , PAGE 2

                                          STATION:  ALPENA MI
                                          MONTH:    SEPTEMBER
                                          YEAR:     2014
                                          LATITUDE:   45  4 N
                                          LONGITUDE:  83 34 W

[TEMPERATURE DATA]      [PRECIPITATION DATA]       SYMBOLS USED IN COLUMN 16

AVERAGE MONTHLY: 57.9   TOTAL FOR MONTH:   4.15    1 = FOG OR MIST
DPTR FM NORMAL:   0.2   DPTR FM NORMAL:    1.23    2 = FOG REDUCING VISIBILITY
HIGHEST:    83 ON  1    GRTST 24HR  1.33 ON  1- 1      TO 1/4 MILE OR LESS
LOWEST:     32 ON 19                               3 = THUNDER
                        SNOW, ICE PELLETS, HAIL    4 = ICE PELLETS
                        TOTAL MONTH:   0.0 INCH    5 = HAIL
                        GRTST 24HR     0.0         6 = FREEZING RAIN OR DRIZZLE
                        GRTST DEPTH:   0           7 = DUSTSTORM OR SANDSTORM:
                                                       VSBY 1/2 MILE OR LESS
                                                   8 = SMOKE OR HAZE
[NO. OF DAYS WITH]      [WEATHER - DAYS WITH]      9 = BLOWING SNOW
                                                   X = TORNADO
MAX 32 OR BELOW:   0    0.01 INCH OR MORE:  10
MAX 90 OR ABOVE:   0    0.10 INCH OR MORE:   7
MIN 32 OR BELOW:   1    0.50 INCH OR MORE:   3
MIN  0 OR BELOW:   0    1.00 INCH OR MORE:   1

[HDD (BASE 65) ]
TOTAL THIS MO.   223    CLEAR  (SCALE 0-3)  14
DPTR FM NORMAL   -19    PTCLDY (SCALE 4-7)  13
TOTAL FM JUL 1   347    CLOUDY (SCALE 8-10)  3
DPTR FM NORMAL   -10

[CDD (BASE 65) ]
TOTAL THIS MO.    18
DPTR FM NORMAL    -5    [PRESSURE DATA]
TOTAL FM JAN 1   168    HIGHEST SLP M ON M
DPTR FM NORMAL  -121    LOWEST  SLP 29.39 ON 10

[REMARKS]
#FINAL-09-14#




U.S. Dept. of Commerce
NOAA National Weather Service
1325 East West Highway
Silver Spring, MD 20910
E-mail: w-nws.webmaster@noaa.gov
Page last modified: May 16, 2007
NATIONAL WEATHER SERVICE: for Safety, for Work, for Fun - FOR LIFE