363
CXUS52 KMFL 271000
CF6APF
PRELIMINARY LOCAL CLIMATOLOGICAL DATA (WS FORM: F-6)

                                          STATION:   NAPLES
                                          MONTH:     NOVEMBER
                                          YEAR:      2014
                                          LATITUDE:   26  8 N
                                          LONGITUDE:  81 46 W

  TEMPERATURE IN F:       :PCPN:    SNOW:  WIND      :SUNSHINE: SKY     :PK WND
================================================================================
1   2   3   4   5  6A  6B    7    8   9   10  11  12  13   14  15   16   17  18
                                     12Z  AVG MX 2MIN
DY MAX MIN AVG DEP HDD CDD  WTR  SNW DPTH SPD SPD DIR MIN PSBL S-S WX    SPD DR
================================================================================

 1  76  56  66  -9   0   1 0.00  0.0    0 11.4 26 320   M    M   2        36 300
 2  71  50  61 -14   4   0 0.00  0.0    0  7.9 16  50   M    M   0        21  30
 3  79  51  65 -10   0   0 0.00  0.0    0  9.5 20  50   M    M   1        25  30
 4  82  61  72  -2   0   7 0.00  0.0    0  8.9 22 100   M    M   3        27  70
 5  83  65  74   0   0   9 0.00  0.0    0  9.2 18  70   M    M   6        23  80
 6  85  67  76   2   0  11 0.00  0.0    0  5.7 14 280   M    M   4        18  90
 7  81  63  72  -2   0   7 0.00  0.0    0  4.5 13 270   M    M   3        15 280
 8  80  62  71  -3   0   6 0.00  0.0    0  5.5 14  50   M    M   6        20 310
 9  69  61  65  -8   0   0 0.38  0.0    0  6.8 15  70   M    M   9 1      18  30
10  75  62  69  -4   0   4 0.00  0.0    0  7.4 17 290   M    M   4        21 290
11  74  58  66  -7   0   1 0.00  0.0    0  7.0 17 300   M    M   0        22 290
12  80  59  70  -3   0   5 0.00  0.0    0  5.5 14 310   M    M   0        17 310
13  81  59  70  -2   0   5 0.00  0.0    0  5.2 13 310   M    M   0        15 300
14  75  61  68  -4   0   3 0.00  0.0    0  6.5 17 310   M    M   1        22 320
15  77  54  66  -6   0   1 0.00  0.0    0  6.2 13 290   M    M   2        16 290
16  85  63  74   2   0   9 0.00  0.0    0  7.1 18 150   M    M   2 1      23 150
17  83  69  76   4   0  11 0.23  0.0    0  8.7 21 200   M    M   4 13     26 210
18  72  50  61 -11   4   0 0.05  0.0    0  8.8 16 320   M    M   9 1      23 320
19  63  49  56 -15   9   0    T    M    0 12.1 20  40   M    M   8        25  30
20  77  54  66  -5   0   1 0.00  0.0    0 12.9 22  50   M    M   4        25  60
21  71  61  66  -5   0   1    T  0.0    0 14.8 25  60   M    M  10 1      33  70
22  82  69  76   5   0  11    T  0.0    0 12.2 24  90   M    M   8 1      31  80
23  85  71  78   8   0  13 0.00  0.0    0 11.3 24 150   M    M   6        30 150
24  85  74  80  10   0  15    T  0.0    0  7.2 15 190   M    M   6 1      19 190
25  85  77  81  11   0  16 0.00  0.0    0 12.9 24 160   M    M   8        32 160
26  78  52  65  -5   0   0 0.39  0.0    0  8.9 28 300   M    M   7 13     35 320
================================================================================
SM 2034 1578        17 137  1.05     0.0 224.1          M      113
================================================================================
AV 78.2 60.7                               8.6 FASTST   M    M   4    MAX(MPH)
                                 MISC ---->  # 28 300               # 36  300
================================================================================
NOTES:
# LAST OF SEVERAL OCCURRENCES

COLUMN 17 PEAK WIND IN M.P.H.

PRELIMINARY LOCAL CLIMATOLOGICAL DATA (WS FORM: F-6) , PAGE 2

                                          STATION:  NAPLES
                                          MONTH:    NOVEMBER
                                          YEAR:     2014
                                          LATITUDE:   26  8 N
                                          LONGITUDE:  81 46 W

[TEMPERATURE DATA]      [PRECIPITATION DATA]       SYMBOLS USED IN COLUMN 16

AVERAGE MONTHLY: 69.5   TOTAL FOR MONTH:   1.05    1 = FOG OR MIST
DPTR FM NORMAL:  -3.0   DPTR FM NORMAL:   -0.75    2 = FOG REDUCING VISIBILITY
HIGHEST:    85 ON 25,24 GRTST 24HR  0.39 ON 26-26      TO 1/4 MILE OR LESS
LOWEST:     49 ON 19                               3 = THUNDER
                        SNOW, ICE PELLETS, HAIL    4 = ICE PELLETS
                        TOTAL MONTH:   0.0 INCH    5 = HAIL
                        GRTST 24HR     0.0         6 = FREEZING RAIN OR DRIZZLE
                        GRTST DEPTH:   0           7 = DUSTSTORM OR SANDSTORM:
                                                       VSBY 1/2 MILE OR LESS
                                                   8 = SMOKE OR HAZE
[NO. OF DAYS WITH]      [WEATHER - DAYS WITH]      9 = BLOWING SNOW
                                                   X = TORNADO
MAX 32 OR BELOW:   0    0.01 INCH OR MORE:   4
MAX 90 OR ABOVE:   0    0.10 INCH OR MORE:   3
MIN 32 OR BELOW:   0    0.50 INCH OR MORE:   0
MIN  0 OR BELOW:   0    1.00 INCH OR MORE:   0

[HDD (BASE 65) ]
TOTAL THIS MO.    17    CLEAR  (SCALE 0-3)  10
DPTR FM NORMAL    10    PTCLDY (SCALE 4-7)  11
TOTAL FM JUL 1    17    CLOUDY (SCALE 8-10)  5
DPTR FM NORMAL     9

[CDD (BASE 65) ]
TOTAL THIS MO.   137
DPTR FM NORMAL   -65    [PRESSURE DATA]
TOTAL FM JAN 1  3945    HIGHEST SLP M ON M
DPTR FM NORMAL   148    LOWEST  SLP 29.82 ON  9

[REMARKS]




U.S. Dept. of Commerce
NOAA National Weather Service
1325 East West Highway
Silver Spring, MD 20910
E-mail: w-nws.webmaster@noaa.gov
Page last modified: May 16, 2007
NATIONAL WEATHER SERVICE: for Safety, for Work, for Fun - FOR LIFE