513
CXUS52 KMFL 011000
CF6APF
PRELIMINARY LOCAL CLIMATOLOGICAL DATA (WS FORM: F-6)

                                          STATION:   NAPLES
                                          MONTH:     SEPTEMBER
                                          YEAR:      2014
                                          LATITUDE:   26  8 N
                                          LONGITUDE:  81 46 W

  TEMPERATURE IN F:       :PCPN:    SNOW:  WIND      :SUNSHINE: SKY     :PK WND
================================================================================
1   2   3   4   5  6A  6B    7    8   9   10  11  12  13   14  15   16   17  18
                                     12Z  AVG MX 2MIN
DY MAX MIN AVG DEP HDD CDD  WTR  SNW DPTH SPD SPD DIR MIN PSBL S-S WX    SPD DR
================================================================================

 1  92  75  84   1   0  19 0.32  0.0    0  5.7 20 150   M    M   4 138    25 190
 2  91  74  83   0   0  18 0.02  0.0    0  6.2 17 230   M    M   2 3      21 230
 3  91  73  82  -1   0  17 0.08  0.0    0  5.0 14 180   M    M   2 18     19 180
 4  89  75  82  -1   0  17 0.00  0.0    0  6.1 20 220   M    M   1        25 230
 5  91  76  84   1   0  19 0.00  0.0    0  5.9 17  90   M    M   2 3      22  80
 6  93  74  84   1   0  19    T  0.0    0  6.3 23 110   M    M   1 3      28 110
 7  91  76  84   1   0  19    T  0.0    0  6.2 21 120   M    M   1 38     29 120
 8  91  74  83   0   0  18 0.14  0.0    0  5.7 20  50   M    M   2 13     23  60
 9  91  74  83   0   0  18 0.75  0.0    0  6.6 21 230   M    M   2 138    27 230
10  90  74  82  -1   0  17 0.37  0.0    0  6.4 25 130   M    M   2 138    32 130
11  89  75  82  -1   0  17 0.01  0.0    0  4.5 18  80   M    M   2 3      22  90
12  86  76  81  -2   0  16 1.73  0.0    0  6.9 18 180   M    M   5 138    22 190
13  90  75  83   0   0  18    T  0.0    0  8.4 24  90   M    M   3 13     29  80
14  85  74  80  -3   0  15 0.11  0.0    0  6.9 25 200   M    M   2 18     33 200
15  93  74  84   2   0  19 0.00  0.0    0  5.6 13 270   M    M   0        16  90
16  91  77  84   2   0  19 0.00  0.0    0  4.6 16  30   M    M   3 3      22  30
17  86  73  80  -2   0  15 0.94  0.0    0  3.6 22 300   M    M   4 13     27 300
18  87  75  81  -1   0  16 0.77  0.0    0  3.7 13 260   M    M   3 13     16 260
19  82  74  78  -4   0  13 0.59  0.0    0  2.2 13 350   M    M   3 13     19 350
20  86  75  81  -1   0  16 0.21  0.0    0  3.9 16 230   M    M   4 1      18 230
21  88  76  82   0   0  17    T  0.0    0  4.1 12 220   M    M   1        15 250
22  88  75  82   0   0  17    T  0.0    0  4.3 22 220   M    M   1        28 230
23  84  72  78  -4   0  13 0.48  0.0    0  4.9 20 190   M    M   3 138    25 190
24  89  74  82   0   0  17    T  0.0    0  6.8 16 130   M    M   3        20 140
25  92  75  84   2   0  19 1.78  0.0    0  8.3 29 130   M    M   4 1238   35 130
26  90  75  83   1   0  18 0.73  0.0    0  7.6 18 260   M    M   4 13     22 250
27  92  75  84   2   0  19 0.88  0.0    0  6.7 20 190   M    M   4 138    25 190
28  90  75  83   2   0  18 0.07  0.0    0  6.4 16  90   M    M   2 13     20 160
29  90  75  83   2   0  18 0.10  0.0    0  6.0 17 300   M    M   2 1      22 290
30  89  76  83   2   0  18 0.00  0.0    0  7.2 16 270   M    M   2        20 280
================================================================================
SM 2677 2241         0 519 10.08     0.0 172.7          M       74
================================================================================
AV 89.2 74.7                               5.8 FASTST   M    M   2    MAX(MPH)
                                 MISC ---->  # 29 130               # 35  130
================================================================================
NOTES:
# LAST OF SEVERAL OCCURRENCES

COLUMN 17 PEAK WIND IN M.P.H.

PRELIMINARY LOCAL CLIMATOLOGICAL DATA (WS FORM: F-6) , PAGE 2

                                          STATION:  NAPLES
                                          MONTH:    SEPTEMBER
                                          YEAR:     2014
                                          LATITUDE:   26  8 N
                                          LONGITUDE:  81 46 W

[TEMPERATURE DATA]      [PRECIPITATION DATA]       SYMBOLS USED IN COLUMN 16

AVERAGE MONTHLY: 82.0   TOTAL FOR MONTH:  10.08    1 = FOG OR MIST
DPTR FM NORMAL:  -0.4   DPTR FM NORMAL:    2.39    2 = FOG REDUCING VISIBILITY
HIGHEST:    93 ON 15, 6 GRTST 24HR  2.39 ON 25-26      TO 1/4 MILE OR LESS
LOWEST:     72 ON 23                               3 = THUNDER
                        SNOW, ICE PELLETS, HAIL    4 = ICE PELLETS
                        TOTAL MONTH:   0.0 INCH    5 = HAIL
                        GRTST 24HR     0.0         6 = FREEZING RAIN OR DRIZZLE
                        GRTST DEPTH:   0           7 = DUSTSTORM OR SANDSTORM:
                                                       VSBY 1/2 MILE OR LESS
                                                   8 = SMOKE OR HAZE
[NO. OF DAYS WITH]      [WEATHER - DAYS WITH]      9 = BLOWING SNOW
                                                   X = TORNADO
MAX 32 OR BELOW:   0    0.01 INCH OR MORE:  19
MAX 90 OR ABOVE:  17    0.10 INCH OR MORE:  15
MIN 32 OR BELOW:   0    0.50 INCH OR MORE:   8
MIN  0 OR BELOW:   0    1.00 INCH OR MORE:   2

[HDD (BASE 65) ]
TOTAL THIS MO.     0    CLEAR  (SCALE 0-3)  22
DPTR FM NORMAL     0    PTCLDY (SCALE 4-7)   8
TOTAL FM JUL 1     0    CLOUDY (SCALE 8-10)  0
DPTR FM NORMAL     0

[CDD (BASE 65) ]
TOTAL THIS MO.   519
DPTR FM NORMAL    -1    [PRESSURE DATA]
TOTAL FM JAN 1  3389    HIGHEST SLP 30.15 ON 15
DPTR FM NORMAL   212    LOWEST  SLP 29.82 ON 30

[REMARKS]
#FINAL-09-14#




U.S. Dept. of Commerce
NOAA National Weather Service
1325 East West Highway
Silver Spring, MD 20910
E-mail: w-nws.webmaster@noaa.gov
Page last modified: May 16, 2007
NATIONAL WEATHER SERVICE: for Safety, for Work, for Fun - FOR LIFE