844
CXUS56 KMTR 011000
CF6APC
PRELIMINARY LOCAL CLIMATOLOGICAL DATA (WS FORM: F-6)

                                          STATION:   NAPA AIRPORT
                                          MONTH:     NOVEMBER
                                          YEAR:      2014
                                          LATITUDE:   38 13 N
                                          LONGITUDE: 122 17 W

  TEMPERATURE IN F:       :PCPN:    SNOW:  WIND      :SUNSHINE: SKY     :PK WND
================================================================================
1   2   3   4   5  6A  6B    7    8   9   10  11  12  13   14  15   16   17  18
                                     12Z  AVG MX 2MIN
DY MAX MIN AVG DEP HDD CDD  WTR  SNW DPTH SPD SPD DIR MIN PSBL S-S WX    SPD DR
================================================================================

 1  67  40  54  -1  11   0 0.00  0.0    0  5.4 15 250   M    M   1 12     19 240
 2  69  37  53  -2  12   0 0.00  0.0    0  3.5 14 210   M    M   0 1      16 200
 3  68  37  53  -2  12   0 0.00  0.0    0  3.5 12 200   M    M   0        13 200
 4  69  38  54   0  11   0 0.00  0.0    0  3.6 10 220   M    M   0 1      12 220
 5  74  42  58   4   7   0 0.00  0.0    0  5.8 16 100   M    M   0        21 100
 6  75  45  60   6   5   0 0.00  0.0    0  3.5 13 260   M    M   0 128    14 260
 7  73  42  58   4   7   0 0.00  0.0    0  2.5  9 220   M    M   3 12     17 210
 8  79  43  61   8   4   0 0.00  0.0    0  3.1  8 130   M    M   0 12     12 210
 9  76  42  59   6   6   0 0.00  0.0    0  3.8 10 200   M    M   0 1      12 210
10  69  44  57   4   8   0 0.00  0.0    0  5.3 15 190   M    M   5 12     17 200
11  65  49  57   5   8   0 0.00  0.0    0  6.9 15 210   M    M   9        19 200
12  64  41  53   1  12   0 0.02  0.0    0  4.9 12 220   M    M   5 1      13 210
13  64  53  59   7   6   0 0.10  0.0    0  4.7 10 250   M    M   7 1      13 270
14  68  47  58   6   7   0 0.00  0.0    0  4.6 16 270   M    M   5 12     19 280
15  66  38  52   1  13   0 0.00  0.0    0  3.7  9  10   M    M   1 12     12 200
16  64  39  52   1  13   0 0.00  0.0    0  7.2 16 360   M    M   0        19  10
17  68  31  50  -1  15   0 0.00  0.0    0  4.7 15  80   M    M   0        21 100
18  65  41  53   3  12   0 0.00  0.0    0  9.0 20  90   M    M   0        26  80
19  56  49  53   3  12   0 0.16  0.0    0  8.0 18  90   M    M   9 18     23  90
20  55  48  52   2  13   0 0.30  0.0    0  5.9 21 120   M    M   9 12     26 120
21  58  41  50   0  15   0    T    M    0  2.8  8  10   M    M   7 12      9 360
22  70  40  55   5  10   0    M    M    0  8.9 21 280   M    M   5 1      25 290
23  65  40  53   4  12   0 0.00  0.0    0  4.6 10 220   M    M   0        12 210
24  66  33  50   1  15   0 0.00  0.0    0  3.4 10  10   M    M   0        11  10
25  66  39  53   4  12   0 0.00  0.0    0  7.0 16 110   M    M   0        20  90
26  68  39  54   6  11   0 0.00  0.0    0  6.6 16  90   M    M   0        22  90
27  68  35  52   4  13   0 0.00  0.0    0  4.4 13 110   M    M   0 12     15 110
28  63  34  49   1  16   0 0.18    M    0  4.2 12 220   M    M   6 128    15 190
29  60  54  57   9   8   0 0.22  0.0    0  6.9 15  80   M    M  10 1      19  90
30  59  52  56   8   9   0 0.52  0.0    0  9.0 21  90   M    M   8 1      28  90
================================================================================
SM 1997 1253       315   0  1.50     0.0 157.4          M       90
================================================================================
AV 66.6 41.8                               5.2 FASTST   M    M   3    MAX(MPH)
                                 MISC ---->  # 21 120               # 28   90
================================================================================
NOTES:
# LAST OF SEVERAL OCCURRENCES

COLUMN 17 PEAK WIND IN M.P.H.

PRELIMINARY LOCAL CLIMATOLOGICAL DATA (WS FORM: F-6) , PAGE 2

                                          STATION:  NAPA AIRPORT
                                          MONTH:    NOVEMBER
                                          YEAR:     2014
                                          LATITUDE:   38 13 N
                                          LONGITUDE: 122 17 W

[TEMPERATURE DATA]      [PRECIPITATION DATA]       SYMBOLS USED IN COLUMN 16

AVERAGE MONTHLY: 54.2   TOTAL FOR MONTH:   1.50    1 = FOG OR MIST
DPTR FM NORMAL:   3.0   DPTR FM NORMAL:   -1.06    2 = FOG REDUCING VISIBILITY
HIGHEST:    79 ON  8    GRTST 24HR  0.66 ON 29-30      TO 1/4 MILE OR LESS
LOWEST:     31 ON 17                               3 = THUNDER
                        SNOW, ICE PELLETS, HAIL    4 = ICE PELLETS
                        TOTAL MONTH:   0.0 INCH    5 = HAIL
                        GRTST 24HR     0.0         6 = FREEZING RAIN OR DRIZZLE
                        GRTST DEPTH:   0           7 = DUSTSTORM OR SANDSTORM:
                                                       VSBY 1/2 MILE OR LESS
                                                   8 = SMOKE OR HAZE
[NO. OF DAYS WITH]      [WEATHER - DAYS WITH]      9 = BLOWING SNOW
                                                   X = TORNADO
MAX 32 OR BELOW:   0    0.01 INCH OR MORE:   7
MAX 90 OR ABOVE:   0    0.10 INCH OR MORE:   6
MIN 32 OR BELOW:   1    0.50 INCH OR MORE:   1
MIN  0 OR BELOW:   0    1.00 INCH OR MORE:   0

[HDD (BASE 65) ]
TOTAL THIS MO.   315    CLEAR  (SCALE 0-3)  18
DPTR FM NORMAL   -98    PTCLDY (SCALE 4-7)   7
TOTAL FM JUL 1   473    CLOUDY (SCALE 8-10)  5
DPTR FM NORMAL  -285

[CDD (BASE 65) ]
TOTAL THIS MO.     0
DPTR FM NORMAL     0    [PRESSURE DATA]
TOTAL FM JAN 1   267    HIGHEST SLP M ON M
DPTR FM NORMAL    44    LOWEST  SLP 29.74 ON M

[REMARKS]
#FINAL-11-14#




U.S. Dept. of Commerce
NOAA National Weather Service
1325 East West Highway
Silver Spring, MD 20910
E-mail: w-nws.webmaster@noaa.gov
Page last modified: May 16, 2007
NATIONAL WEATHER SERVICE: for Safety, for Work, for Fun - FOR LIFE