958
CXUS56 KMTR 011000
CF6APC
PRELIMINARY LOCAL CLIMATOLOGICAL DATA (WS FORM: F-6)

                                          STATION:   NAPA AIRPORT
                                          MONTH:     JULY
                                          YEAR:      2014
                                          LATITUDE:   38 13 N
                                          LONGITUDE: 122 17 W

  TEMPERATURE IN F:       :PCPN:    SNOW:  WIND      :SUNSHINE: SKY     :PK WND
================================================================================
1   2   3   4   5  6A  6B    7    8   9   10  11  12  13   14  15   16   17  18
                                     12Z  AVG MX 2MIN
DY MAX MIN AVG DEP HDD CDD  WTR  SNW DPTH SPD SPD DIR MIN PSBL S-S WX    SPD DR
================================================================================

 1  71  53  62  -4   3   0 0.00  0.0    0 13.2 25 190   M    M   1 1      30 200
 2  73  54  64  -2   1   0 0.00  0.0    0 11.7 21 200   M    M   5        25 200
 3  75  56  66   0   0   1 0.00  0.0    0 13.2 18 200   M    M   3        23 200
 4  75  50  63  -3   2   0 0.00  0.0    0  8.6 21 200   M    M   4        25 210
 5  80  52  66   0   0   1 0.00  0.0    0  7.4 16 200   M    M   5        22 210
 6  81  47  64  -2   1   0 0.00  0.0    0  7.2 16 210   M    M   2 1      19 200
 7  71  54  63  -3   2   0 0.00  0.0    0  6.2 14 200   M    M   3        19 200
 8  74  56  65  -1   0   0 0.00  0.0    0 10.6 20 190   M    M   2        23 200
 9  73  55  64  -2   1   0 0.00  0.0    0 12.4 26 190   M    M   4        33 200
10  74  57  66   0   0   1 0.00  0.0    0 13.3 25 200   M    M   5        30 200
11  74  59  67   1   0   2 0.00  0.0    0 13.2 22 200   M    M   4        27 190
12  79  54  67   1   0   2 0.00  0.0    0 10.2 20 230   M    M   4        23 230
13  78  54  66   0   0   1 0.00  0.0    0  6.3 13 190   M    M   4        16 190
14  81  55  68   2   0   3 0.00  0.0    0  8.3 23 180   M    M   0        31 170
15  81  59  70   5   0   5 0.00  0.0    0 11.5 24 190   M    M   1        30 200
16  78  60  69   4   0   4 0.00  0.0    0 13.8 22 270   M    M   2        26 260
17  74  59  67   2   0   2 0.00  0.0    0 13.4 25 200   M    M   5        31 210
18  75  58  67   2   0   2 0.00  0.0    0 12.0 22 200   M    M   5        25 200
19  80  56  68   3   0   3 0.00  0.0    0 11.5 22 200   M    M   4        26 200
20  74  57  66   1   0   1    T  0.0    0 10.9 17 260   M    M   5        21 270
21  76  59  68   3   0   3 0.00  0.0    0 11.9 22 200   M    M   3        26 200
22  79  59  69   4   0   4    T  0.0    0 11.8 25 200   M    M   4        30 200
23  81  58  70   5   0   5 0.00  0.0    0  9.3 18 270   M    M   5        22 260
24  92  50  71   6   0   6 0.00  0.0    0  6.4 16 280   M    M   0 1      20 270
25  98  53  76  11   0  11 0.00  0.0    0  5.5 16 220   M    M   0        18 220
26  83  53  68   3   0   3 0.00  0.0    M  7.7 16 200   M    M   0        22 200
27  84  59  72   7   0   7 0.00  0.0    0  8.4 18 200   M    M   1        22 190
28  77  55  66   1   0   1 0.00  0.0    0  9.2 20 190   M    M   1        23 190
29  83  52  68   3   0   3 0.00  0.0    0  8.1 16 200   M    M   0        20 200
30  80  55  68   3   0   3 0.00  0.0    0  7.0 16 200   M    M   3        20 190
31  79  54  67   2   0   2 0.00  0.0    0  7.9 15 200   M    M   4        19 200
================================================================================
SM 2433 1712        10  76    T      0.0 308.1          M       89
================================================================================
AV 78.5 55.2                               9.9 FASTST   M    M   3    MAX(MPH)
                                 MISC ---->  # 26 190               # 33  200
================================================================================
NOTES:
# LAST OF SEVERAL OCCURRENCES

COLUMN 17 PEAK WIND IN M.P.H.

PRELIMINARY LOCAL CLIMATOLOGICAL DATA (WS FORM: F-6) , PAGE 2

                                          STATION:  NAPA AIRPORT
                                          MONTH:    JULY
                                          YEAR:     2014
                                          LATITUDE:   38 13 N
                                          LONGITUDE: 122 17 W

[TEMPERATURE DATA]      [PRECIPITATION DATA]       SYMBOLS USED IN COLUMN 16

AVERAGE MONTHLY: 66.9   TOTAL FOR MONTH:      T    1 = FOG OR MIST
DPTR FM NORMAL:   1.5   DPTR FM NORMAL:    0.00    2 = FOG REDUCING VISIBILITY
HIGHEST:    98 ON 25    GRTST 24HR    T  ON 22-22      TO 1/4 MILE OR LESS
LOWEST:     47 ON  6                               3 = THUNDER
                        SNOW, ICE PELLETS, HAIL    4 = ICE PELLETS
                        TOTAL MONTH:   0.0 INCH    5 = HAIL
                        GRTST 24HR     0.0         6 = FREEZING RAIN OR DRIZZLE
                        GRTST DEPTH:   0           7 = DUSTSTORM OR SANDSTORM:
                                                       VSBY 1/2 MILE OR LESS
                                                   8 = SMOKE OR HAZE
[NO. OF DAYS WITH]      [WEATHER - DAYS WITH]      9 = BLOWING SNOW
                                                   X = TORNADO
MAX 32 OR BELOW:   0    0.01 INCH OR MORE:   0
MAX 90 OR ABOVE:   2    0.10 INCH OR MORE:   0
MIN 32 OR BELOW:   0    0.50 INCH OR MORE:   0
MIN  0 OR BELOW:   0    1.00 INCH OR MORE:   0

[HDD (BASE 65) ]
TOTAL THIS MO.    10    CLEAR  (SCALE 0-3)  16
DPTR FM NORMAL   -30    PTCLDY (SCALE 4-7)  15
TOTAL FM JUL 1    10    CLOUDY (SCALE 8-10)  0
DPTR FM NORMAL   -30

[CDD (BASE 65) ]
TOTAL THIS MO.    76
DPTR FM NORMAL    24    [PRESSURE DATA]
TOTAL FM JAN 1   128    HIGHEST SLP M ON M
DPTR FM NORMAL    19    LOWEST  SLP 29.80 ON  1

[REMARKS]
#FINAL-07-14#




U.S. Dept. of Commerce
NOAA National Weather Service
1325 East West Highway
Silver Spring, MD 20910
E-mail: w-nws.webmaster@noaa.gov
Page last modified: May 16, 2007
NATIONAL WEATHER SERVICE: for Safety, for Work, for Fun - FOR LIFE