892
CXUS56 KMTR 011000
CF6APC
PRELIMINARY LOCAL CLIMATOLOGICAL DATA (WS FORM: F-6)

                                          STATION:   NAPA AIRPORT
                                          MONTH:     AUGUST
                                          YEAR:      2014
                                          LATITUDE:   38 13 N
                                          LONGITUDE: 122 17 W

  TEMPERATURE IN F:       :PCPN:    SNOW:  WIND      :SUNSHINE: SKY     :PK WND
================================================================================
1   2   3   4   5  6A  6B    7    8   9   10  11  12  13   14  15   16   17  18
                                     12Z  AVG MX 2MIN
DY MAX MIN AVG DEP HDD CDD  WTR  SNW DPTH SPD SPD DIR MIN PSBL S-S WX    SPD DR
================================================================================

 1  80  51  66   1   0   1 0.00  0.0    0  7.0 15 200   M    M   0 1      18 200
 2  74  54  64  -1   1   0 0.00  0.0    0  9.3 16 190   M    M   4        22 190
 3  72  56  64  -1   1   0 0.00  0.0    0  9.3 18 200   M    M   6        23 200
 4  73  57  65   0   0   0    T  0.0    0  8.6 16 260   M    M   5        21 270
 5  69  58  64  -1   1   0 0.07  0.0    0  3.1 12 280   M    M   4        14 280
 6  82  57  70   5   0   5    T  0.0    0  8.4 18 180   M    M   3        22 190
 7  74  55  65   0   0   0 0.00  0.0    0 10.7 23 190   M    M   4        27 190
 8  76  56  66   1   0   1 0.00  0.0    0 10.4 18 200   M    M   4        23 200
 9  69  54  62  -4   3   0 0.00  0.0    0 12.9 23 190   M    M   5        27 190
10  73  55  64  -2   1   0 0.00  0.0    0  8.6 17 190   M    M   5        21 190
11  78  50  64  -2   1   0 0.00  0.0    0  8.8 20 190   M    M   2 1      25 200
12  77  54  66   0   0   1 0.00  0.0    0  9.5 18 280   M    M   4        23 200
13  79  52  66   0   0   1 0.00  0.0    0  9.7 22 260   M    M   5        27 270
14  77  53  65  -1   0   0 0.00  0.0    0  8.1 16 190   M    M   5 1      19 200
15  80  53  67   1   0   2 0.00  0.0    0  6.9 15 210   M    M   3        18 190
16  81  46  64  -2   1   0 0.00  0.0    0  6.1 16 200   M    M   2 12     19 200
17  77  48  63  -3   2   0 0.00  0.0    0  7.1 17 200   M    M   4 1      20 200
18  72  55  64  -2   1   0 0.00  0.0    0 10.7 21 190   M    M   7        25 190
19  73  57  65  -1   0   0 0.00  0.0    0 11.6 24 200   M    M   7        28 200
20  72  60  66   0   0   1 0.00  0.0    0 12.3 22 200   M    M   7        26 210
21  81  59  70   4   0   5 0.00  0.0    0  8.2 18 250   M    M   5        26 260
22  75  58  67   1   0   2 0.00  0.0    0 10.6 21 190   M    M   6 8      27 180
23  77  58  68   2   0   3 0.00  0.0    0  9.2 18 200   M    M   5        23 200
24  77  56  67   1   0   2 0.00  0.0    0 12.1 22 280   M    M   2        25 280
25  73  57  65  -1   0   0 0.00  0.0    0 11.6 23 200   M    M   5        27 200
26  82  58  70   4   0   5 0.00  0.0    0  7.7 16 270   M    M   4        20 270
27  86  53  70   4   0   5 0.00  0.0    0  6.5 16 200   M    M   0 1      19 200
28  82  52  67   1   0   2 0.00  0.0    0  6.8 16 200   M    M   3        19 240
29  78  56  67   1   0   2 0.00  0.0    0  7.8 18 200   M    M   3        22 210
30  88  51  70   4   0   5 0.00  0.0    0  8.3 23 240   M    M   0 1      27 240
31  84  50  67   1   0   2 0.00  0.0    0  7.7 17 190   M    M   0        22 200
================================================================================
SM 2391 1689        12  45  0.07     0.0 275.6          M      119
================================================================================
AV 77.1 54.5                               8.9 FASTST   M    M   4    MAX(MPH)
                                 MISC ---->  # 24 200               # 28  200
================================================================================
NOTES:
# LAST OF SEVERAL OCCURRENCES

COLUMN 17 PEAK WIND IN M.P.H.

PRELIMINARY LOCAL CLIMATOLOGICAL DATA (WS FORM: F-6) , PAGE 2

                                          STATION:  NAPA AIRPORT
                                          MONTH:    AUGUST
                                          YEAR:     2014
                                          LATITUDE:   38 13 N
                                          LONGITUDE: 122 17 W

[TEMPERATURE DATA]      [PRECIPITATION DATA]       SYMBOLS USED IN COLUMN 16

AVERAGE MONTHLY: 65.8   TOTAL FOR MONTH:   0.07    1 = FOG OR MIST
DPTR FM NORMAL:   0.0   DPTR FM NORMAL:    0.04    2 = FOG REDUCING VISIBILITY
HIGHEST:    88 ON 30    GRTST 24HR  0.07 ON  5- 5      TO 1/4 MILE OR LESS
LOWEST:     46 ON 16                               3 = THUNDER
                        SNOW, ICE PELLETS, HAIL    4 = ICE PELLETS
                        TOTAL MONTH:   0.0 INCH    5 = HAIL
                        GRTST 24HR     0.0         6 = FREEZING RAIN OR DRIZZLE
                        GRTST DEPTH:   0           7 = DUSTSTORM OR SANDSTORM:
                                                       VSBY 1/2 MILE OR LESS
                                                   8 = SMOKE OR HAZE
[NO. OF DAYS WITH]      [WEATHER - DAYS WITH]      9 = BLOWING SNOW
                                                   X = TORNADO
MAX 32 OR BELOW:   0    0.01 INCH OR MORE:   1
MAX 90 OR ABOVE:   0    0.10 INCH OR MORE:   0
MIN 32 OR BELOW:   0    0.50 INCH OR MORE:   0
MIN  0 OR BELOW:   0    1.00 INCH OR MORE:   0

[HDD (BASE 65) ]
TOTAL THIS MO.    12    CLEAR  (SCALE 0-3)  10
DPTR FM NORMAL   -21    PTCLDY (SCALE 4-7)  21
TOTAL FM JUL 1    22    CLOUDY (SCALE 8-10)  0
DPTR FM NORMAL   -51

[CDD (BASE 65) ]
TOTAL THIS MO.    45
DPTR FM NORMAL   -12    [PRESSURE DATA]
TOTAL FM JAN 1   173    HIGHEST SLP M ON M
DPTR FM NORMAL     7    LOWEST  SLP 29.80 ON 19

[REMARKS]
#FINAL-08-14#




U.S. Dept. of Commerce
NOAA National Weather Service
1325 East West Highway
Silver Spring, MD 20910
E-mail: w-nws.webmaster@noaa.gov
Page last modified: May 16, 2007
NATIONAL WEATHER SERVICE: for Safety, for Work, for Fun - FOR LIFE