103
CXUS55 KBOU 011220
CF6APA

PRELIMINARY LOCAL CLIMATOLOGICAL DATA (WS FORM: F-6)

                                          STATION:   CENTENNIAL CO
                                          MONTH:     NOVEMBER
                                          YEAR:      2014
                                          LATITUDE:   39 33 N
                                          LONGITUDE: 104 51 W

  TEMPERATURE IN F:       :PCPN:    SNOW:  WIND      :SUNSHINE: SKY     :PK WND
================================================================================
1   2   3   4   5  6A  6B    7    8   9   10  11  12  13   14  15   16   17  18
                                     12Z  AVG MX 2MIN
DY MAX MIN AVG DEP HDD CDD  WTR  SNW DPTH SPD SPD DIR MIN PSBL S-S WX    SPD DR
================================================================================

 1  71  38  55  11  10   0 0.00    M    M 12.3 24 220   M    M   6        28 230
 2  64  41  53   9  12   0 0.00    M    M 10.2 25 220   M    M   7        32 210
 3  46  30  38  -5  27   0 0.23    M    M  6.7 21 360   M    M   7 13     24  20
 4  57  26  42  -1  23   0 0.00    M    M  5.7 12 170   M    M   1        17 220
 5  62  31  47   5  18   0 0.00    M    M  6.1 16  90   M    M   5        19  80
 6  68  32  50   8  15   0 0.00    M    M  6.9 15 170   M    M   2        17 160
 7  68  37  53  11  12   0 0.16    M    M  9.0 28 320   M    M   7 1      36  40
 8  65  33  49   8  16   0 0.05    M    M  7.1 14 140   M    M   4 1      16 170
 9  70  34  52  11  13   0 0.00    M    M  7.4 21 210   M    M   7        27 220
10  64  12  38  -2  27   0    T    M    M 11.2 35  40   M    M   7 18     52  40
11  15   5  10 -30  55   0    T    M    M  6.3 13  20   M    M   9 18     16  40
12   5  -8  -1 -41  66   0    T    M    M  6.9 15  40   M    M  10 1      18  30
13  15  -9   3 -36  62   0 0.00    M    M  3.2 10 340   M    M   5        14 360
14  46   3  25 -14  40   0 0.00    M    M  4.3 15 360   M    M   5        17 360
15  30   3  17 -21  48   0    T    M    M  6.1 15  20   M    M   8 1      19  30
16  32  -4  14 -24  51   0 0.00    M    M  5.8 14 140   M    M   4        17 140
17  37   8  23 -14  42   0 0.00    M    M 10.8 24 330   M    M   1        31 340
18  47  13  30  -7  35   0 0.00    M    M  9.2 20 300   M    M   4        28 310
19  50  24  37   1  28   0 0.00    M    M  4.9 13 360   M    M   6        14  10
20  53  23  38   2  27   0 0.00    M    M  5.1 12 360   M    M   6        14 360
21  55  25  40   4  25   0 0.00    M    M  4.8 17 200   M    M   3 8      19 200
22  63  33  48  13  17   0 0.00    M    M 11.5 24 220   M    M   5        31 230
23  44  27  36   1  29   0 0.02    M    M  9.1 23 360   M    M   8 18     28 280
24  41  19  30  -4  35   0    T    M    M  9.7 31 330   M    M   6 8      39 330
25  46  19  33  -1  32   0    T    M    M 13.1 29 300   M    M   6 1      37 300
26  48  26  37   3  28   0    T    M    M  4.9 17 180   M    M   5 1      20 170
27  64  32  48  15  17   0 0.00    M    M  6.9 16 170   M    M   6        20 220
28  69  38  54  21  11   0 0.00    M    M  7.6 17 140   M    M   6        20 150
29  68  42  55  22  10   0 0.00    M    M 12.6 25 240   M    M   5        32 240
30  56  16  36   4  29   0    T    M    M  8.1 23 350   M    M   7 1      27 230
================================================================================
SM 1519  649       860   0  0.46    M    233.5          M      168
================================================================================
AV 50.6 21.6                               7.8 FASTST   M    M   6    MAX(MPH)
                                 MISC ---->  # 35  40               # 52   40
================================================================================
NOTES:
# LAST OF SEVERAL OCCURRENCES

COLUMN 17 PEAK WIND IN M.P.H.

PRELIMINARY LOCAL CLIMATOLOGICAL DATA (WS FORM: F-6) , PAGE 2

                                          STATION:  CENTENNIAL CO
                                          MONTH:    NOVEMBER
                                          YEAR:     2014
                                          LATITUDE:   39 33 N
                                          LONGITUDE: 104 51 W

[TEMPERATURE DATA]      [PRECIPITATION DATA]       SYMBOLS USED IN COLUMN 16

AVERAGE MONTHLY: 36.1   TOTAL FOR MONTH:   0.46    1 = FOG OR MIST
DPTR FM NORMAL:  -2.0   DPTR FM NORMAL:   -0.52    2 = FOG REDUCING VISIBILITY
HIGHEST:    71 ON  1    GRTST 24HR  0.23 ON  3- 3      TO 1/4 MILE OR LESS
LOWEST:     -9 ON 13                               3 = THUNDER
                        SNOW, ICE PELLETS, HAIL    4 = ICE PELLETS
                        TOTAL MONTH:    M          5 = HAIL
                        GRTST 24HR    M  ON   M    6 = FREEZING RAIN OR DRIZZLE
                        GRTST DEPTH:  M  ON   M    7 = DUSTSTORM OR SANDSTORM:
                                                       VSBY 1/2 MILE OR LESS
                                                   8 = SMOKE OR HAZE
[NO. OF DAYS WITH]      [WEATHER - DAYS WITH]      9 = BLOWING SNOW
                                                   X = TORNADO
MAX 32 OR BELOW:   5    0.01 INCH OR MORE:   4
MAX 90 OR ABOVE:   0    0.10 INCH OR MORE:   2
MIN 32 OR BELOW:  22    0.50 INCH OR MORE:   0
MIN  0 OR BELOW:   3    1.00 INCH OR MORE:   0

[HDD (BASE 65) ]
TOTAL THIS MO.   860    CLEAR  (SCALE 0-3)   3
DPTR FM NORMAL    52    PTCLDY (SCALE 4-7)  24
TOTAL FM JUL 1  1327    CLOUDY (SCALE 8-10)  3
DPTR FM NORMAL  -120

[CDD (BASE 65) ]
TOTAL THIS MO.     0
DPTR FM NORMAL     0    [PRESSURE DATA]
TOTAL FM JAN 1   507    HIGHEST SLP M ON M
DPTR FM NORMAL   -53    LOWEST  SLP 29.36 ON 10

[REMARKS]
#FINAL-11-14#




U.S. Dept. of Commerce
NOAA National Weather Service
1325 East West Highway
Silver Spring, MD 20910
E-mail: w-nws.webmaster@noaa.gov
Page last modified: May 16, 2007
NATIONAL WEATHER SERVICE: for Safety, for Work, for Fun - FOR LIFE