736
CXUS55 KBOU 301105
CF6APA
PRELIMINARY LOCAL CLIMATOLOGICAL DATA (WS FORM: F-6)

                                          STATION:   CENTENNIAL CO
                                          MONTH:     JULY
                                          YEAR:      2014
                                          LATITUDE:   39 33 N
                                          LONGITUDE: 104 51 W

  TEMPERATURE IN F:       :PCPN:    SNOW:  WIND      :SUNSHINE: SKY     :PK WND
================================================================================
1   2   3   4   5  6A  6B    7    8   9   10  11  12  13   14  15   16   17  18
                                     12Z  AVG MX 2MIN
DY MAX MIN AVG DEP HDD CDD  WTR  SNW DPTH SPD SPD DIR MIN PSBL S-S WX    SPD DR
================================================================================

 1  74  58  66  -4   0   1    T    M    M  6.9 15  60   M    M   7        21  80
 2  78  57  68  -3   0   3    T    M    M 12.0 21 160   M    M   5        26 170
 3  90  54  72   1   0   7 0.00    M    M 10.1 26 230   M    M   3        33 230
 4  89  64  77   6   0  12    T    M    M  8.7 32 320   M    M   5 3      41 310
 5  91  62  77   6   0  12 0.00    M    M  7.9 17 320   M    M   5        25 350
 6  96  61  79   7   0  14 0.00    M    M  8.8 31 350   M    M   4 3      36 360
 7  96  62  79   7   0  14 0.02    M    M 10.1 31  10   M    M   4 3      41 100
 8  80  59  70  -2   0   5 0.00    M    M  8.4 17 170   M    M   7        21 170
 9  93  57  75   3   0  10 0.00    M    M  8.4 31  10   M    M   5        39  20
10  93  59  76   4   0  11    T    M    M  6.7 21 340   M    M   4        25 340
11  90  63  77   5   0  12 0.43    M    M  6.1 40 220   M    M   6 38     49 220
12  80  60  70  -3   0   5 0.01    M    M  8.0 28 360   M    M   6 3      36 360
13  83  58  71  -2   0   6    T    M    M  5.0 18 200   M    M   7 3      22 200
14  81  57  69  -4   0   4 1.09    M    M  9.6 24 150   M    M   5 13     28 150
15  78  57  68  -5   0   3 0.03    M    M  6.7 18 220   M    M   6 138    25 210
16  76  55  66  -7   0   1 0.19    M    M  8.0 25  20   M    M   7 13     31  10
17  76  54  65  -8   0   0 0.00    M    M  5.2 17 190   M    M   6 18     22 190
18  86  58  72  -1   0   7 0.00    M    M  9.5 22 360   M    M   3        29 360
19  91  59  75   2   0  10 0.00    M    M  9.2 25 190   M    M   3        36 190
20  93  63  78   5   0  13 0.00    M    M  7.8 26 170   M    M   5 3      34 170
21  93  66  80   7   0  15 0.00    M    M  7.0 15 200   M    M   5        19 200
22  92  62  77   4   0  12 0.00    M    M  6.8 17 240   M    M   2        20 240
23  84  62  73   0   0   8 0.04    M    M  9.2 22  10   M    M   4 3      43 340
24  92  66  79   6   0  14    T    M    M  8.0 29 210   M    M   6 3      38 240
25  93  65  79   6   0  14 0.07    M    M  8.9 28 250   M    M   7 3      33 250
26  88  59  74   1   0   9 0.01    M    M 10.0 26 200   M    M   6 3      34 200
27  82  59  71  -2   0   6 0.00    M    M  9.7 22 200   M    M   6 3      28 200
28  82  60  71  -2   0   6 0.06    M    M  9.7 24 190   M    M   6 3      35 190
29  81  57  69  -4   0   4 0.81    M    M  6.1 24 110   M    M   7 13     31 120
================================================================================
SM 2501 1733         0 238  2.76    M    238.5          M      152
================================================================================
AV 86.2 59.8                               8.2 FASTST   M    M   5    MAX(MPH)
                                 MISC ---->  # 40 220               # 49  220
================================================================================
NOTES:
# LAST OF SEVERAL OCCURRENCES

COLUMN 17 PEAK WIND IN M.P.H.

PRELIMINARY LOCAL CLIMATOLOGICAL DATA (WS FORM: F-6) , PAGE 2

                                          STATION:  CENTENNIAL CO
                                          MONTH:    JULY
                                          YEAR:     2014
                                          LATITUDE:   39 33 N
                                          LONGITUDE: 104 51 W

[TEMPERATURE DATA]      [PRECIPITATION DATA]       SYMBOLS USED IN COLUMN 16

AVERAGE MONTHLY: 73.0   TOTAL FOR MONTH:   2.76    1 = FOG OR MIST
DPTR FM NORMAL:   0.6   DPTR FM NORMAL:    0.89    2 = FOG REDUCING VISIBILITY
HIGHEST:    96 ON  7, 6 GRTST 24HR  1.11 ON 14-15      TO 1/4 MILE OR LESS
LOWEST:     54 ON 17, 3                            3 = THUNDER
                        SNOW, ICE PELLETS, HAIL    4 = ICE PELLETS
                        TOTAL MONTH:    M          5 = HAIL
                        GRTST 24HR    M  ON   M    6 = FREEZING RAIN OR DRIZZLE
                        GRTST DEPTH:  M  ON   M    7 = DUSTSTORM OR SANDSTORM:
                                                       VSBY 1/2 MILE OR LESS
                                                   8 = SMOKE OR HAZE
[NO. OF DAYS WITH]      [WEATHER - DAYS WITH]      9 = BLOWING SNOW
                                                   X = TORNADO
MAX 32 OR BELOW:   0    0.01 INCH OR MORE:  11
MAX 90 OR ABOVE:  13    0.10 INCH OR MORE:   4
MIN 32 OR BELOW:   0    0.50 INCH OR MORE:   2
MIN  0 OR BELOW:   0    1.00 INCH OR MORE:   1

[HDD (BASE 65) ]
TOTAL THIS MO.     0    CLEAR  (SCALE 0-3)   4
DPTR FM NORMAL     0    PTCLDY (SCALE 4-7)  25
TOTAL FM JUL 1     0    CLOUDY (SCALE 8-10)  0
DPTR FM NORMAL     0

[CDD (BASE 65) ]
TOTAL THIS MO.   238
DPTR FM NORMAL    20    [PRESSURE DATA]
TOTAL FM JAN 1   335    HIGHEST SLP M ON M
DPTR FM NORMAL    12    LOWEST  SLP 29.72 ON 10

[REMARKS]




U.S. Dept. of Commerce
NOAA National Weather Service
1325 East West Highway
Silver Spring, MD 20910
E-mail: w-nws.webmaster@noaa.gov
Page last modified: May 16, 2007
NATIONAL WEATHER SERVICE: for Safety, for Work, for Fun - FOR LIFE