980
CXUS53 KIWX 310800
CF6AOH
PRELIMINARY LOCAL CLIMATOLOGICAL DATA (WS FORM: F-6)

                                          STATION:   LIMA
                                          MONTH:     JULY
                                          YEAR:      2014
                                          LATITUDE:   40 42 N
                                          LONGITUDE:  84  1 W

  TEMPERATURE IN F:       :PCPN:    SNOW:  WIND      :SUNSHINE: SKY     :PK WND
================================================================================
1   2   3   4   5  6A  6B    7    8   9   10  11  12  13   14  15   16   17  18
                                     12Z  AVG MX 2MIN
DY MAX MIN AVG DEP HDD CDD  WTR  SNW DPTH SPD SPD DIR MIN PSBL S-S WX    SPD DR
================================================================================

 1  87  67  77   3   0  12 0.17  0.0    0 10.5 17 220   M    M   5 13     24 220
 2  83  66  75   1   0  10 0.00  0.0    0 11.5 22 280   M    M   4        30 280
 3  73  60  67  -7   0   2    T  0.0    0  7.8 20 300   M    M   5        24 310
 4  78  52  65  -9   0   0 0.00  0.0    0  7.0 17 340   M    M   0        23  10
 5  79  54  67  -7   0   2 0.00  0.0    0  5.5 14 160   M    M   0 8      17 160
 6  81  63  72  -2   0   7    T  0.0    0 10.6 21 230   M    M   6 8      27 230
 7  82  72  77   3   0  12 0.08  0.0    0 12.7 20 250   M    M   5 13     28 230
 8  82  69  76   2   0  11 1.28  0.0    0 13.4 27 260   M    M   7 13     36 240
 9  81  64  73  -1   0   8 0.01  0.0    0  8.7 20 250   M    M   3        24 220
10  79  61  70  -4   0   5 0.00  0.0    0  4.8 10 330   M    M   2        14 340
11  83  58  71  -3   0   6 0.00  0.0    0  2.7 12 220   M    M   1 18     15 220
12  86  68  77   3   0  12 0.00  0.0    0  7.6 17 210   M    M   1        24 220
13  86  69  78   4   0  13 0.00  0.0    0 12.2 23 250   M    M   3        29 210
14  85  67  76   2   0  11 0.11  0.0    0  6.1 21 280   M    M   2 18     24 270
15  73  56  65  -9   0   0 0.00  0.0    0 11.0 21 260   M    M   6 18     26 290
16  68  52  60 -14   5   0 0.00  0.0    0  5.4 13 310   M    M   6        18 300
17  75  51  63 -11   2   0 0.00  0.0    0  1.7  9 330   M    M   1 1      14 330
18  80  55  68  -6   0   3 0.02  0.0    0  5.0 13 120   M    M   2        16  90
19  74  64  69  -5   0   4 0.21  0.0    0  3.3  9 190   M    M   9 1      10 200
20  82  58  70  -4   0   5 0.00  0.0    0  3.4  8  80   M    M   5 128    11  90
21  87  61  74   0   0   9 0.00  0.0    0  2.1  9 230   M    M   1 18     13 230
22  89  66  78   4   0  13 0.00  0.0    0  7.0 17 240   M    M   0 18     23 220
23  79  60  70  -3   0   5 0.41  0.0    0  8.4 20 310   M    M   7 138    25 300
24  75  56  66  -7   0   1 0.00  0.0    0  7.0 17  30   M    M   3 12     22  50
25  76  52  64  -9   1   0 0.00  0.0    0  3.9 12 240   M    M   2        16 190
26  81  63  72  -1   0   7 0.12  0.0    0  9.0 18 190   M    M   8 138    23 180
27  79  65  72  -1   0   7 0.74  0.0    0  7.8 25 280   M    M   6 138    33 280
28  73  57  65  -8   0   0 0.00  0.0    0 11.5 20 310   M    M   7        25 290
29  73  51  62 -11   3   0 0.00  0.0    0  6.0 14 280   M    M   3        19 270
30  76  56  66  -7   0   1 0.03  0.0    0  7.3 15 300   M    M   3 1      19 290
================================================================================
SM 2385 1813        11 166  3.18     0.0 220.9          M      113
================================================================================
AV 79.5 60.4                               7.4 FASTST   M    M   4    MAX(MPH)
                                 MISC ---->  # 27 260                 36    M
================================================================================
NOTES:
# LAST OF SEVERAL OCCURRENCES

COLUMN 17 PEAK WIND IN M.P.H.

PRELIMINARY LOCAL CLIMATOLOGICAL DATA (WS FORM: F-6) , PAGE 2

                                          STATION:  LIMA
                                          MONTH:    JULY
                                          YEAR:     2014
                                          LATITUDE:   40 42 N
                                          LONGITUDE:  84  1 W

[TEMPERATURE DATA]      [PRECIPITATION DATA]       SYMBOLS USED IN COLUMN 16

AVERAGE MONTHLY: 70.0   TOTAL FOR MONTH:   3.18    1 = FOG OR MIST
DPTR FM NORMAL:  -3.8   DPTR FM NORMAL:   -0.57    2 = FOG REDUCING VISIBILITY
HIGHEST:    89 ON 22    GRTST 24HR  1.34 ON  7- 8      TO 1/4 MILE OR LESS
LOWEST:     51 ON 29,17                            3 = THUNDER
                        SNOW, ICE PELLETS, HAIL    4 = ICE PELLETS
                        TOTAL MONTH:   0.0 INCH    5 = HAIL
                        GRTST 24HR     0.0         6 = FREEZING RAIN OR DRIZZLE
                        GRTST DEPTH:   0           7 = DUSTSTORM OR SANDSTORM:
                                                       VSBY 1/2 MILE OR LESS
                                                   8 = SMOKE OR HAZE
[NO. OF DAYS WITH]      [WEATHER - DAYS WITH]      9 = BLOWING SNOW
                                                   X = TORNADO
MAX 32 OR BELOW:   0    0.01 INCH OR MORE:  11
MAX 90 OR ABOVE:   0    0.10 INCH OR MORE:   7
MIN 32 OR BELOW:   0    0.50 INCH OR MORE:   2
MIN  0 OR BELOW:   0    1.00 INCH OR MORE:   1

[HDD (BASE 65) ]
TOTAL THIS MO.    11    CLEAR  (SCALE 0-3)  13
DPTR FM NORMAL    11    PTCLDY (SCALE 4-7)  16
TOTAL FM JUL 1    11    CLOUDY (SCALE 8-10)  1
DPTR FM NORMAL    11

[CDD (BASE 65) ]
TOTAL THIS MO.   166
DPTR FM NORMAL   -96    [PRESSURE DATA]
TOTAL FM JAN 1   496    HIGHEST SLP M ON M
DPTR FM NORMAL   -12    LOWEST  SLP 29.65 ON 27

[REMARKS]




U.S. Dept. of Commerce
NOAA National Weather Service
1325 East West Highway
Silver Spring, MD 20910
E-mail: w-nws.webmaster@noaa.gov
Page last modified: May 16, 2007
NATIONAL WEATHER SERVICE: for Safety, for Work, for Fun - FOR LIFE