738
CXUS53 KIWX 310800
CF6AOH
PRELIMINARY LOCAL CLIMATOLOGICAL DATA (WS FORM: F-6)

                                          STATION:   LIMA
                                          MONTH:     JANUARY
                                          YEAR:      2015
                                          LATITUDE:   40 42 N
                                          LONGITUDE:  84  1 W

  TEMPERATURE IN F:       :PCPN:    SNOW:  WIND      :SUNSHINE: SKY     :PK WND
================================================================================
1   2   3   4   5  6A  6B    7    8   9   10  11  12  13   14  15   16   17  18
                                     12Z  AVG MX 2MIN
DY MAX MIN AVG DEP HDD CDD  WTR  SNW DPTH SPD SPD DIR MIN PSBL S-S WX    SPD DR
================================================================================

 1  34  19  27   0  38   0 0.00  0.0    M 18.3 29 250   M    M   0        35 230
 2  36  23  30   3  35   0 0.00  0.0    0  6.7 14 240   M    M   0 8      17 240
 3  56  28  42  15  23   0 0.83    M    0 11.2 20 180   M    M   9 1      27 210
 4  54  23  39  12  26   0 0.18    M    M 18.9 31 260   M    M  10 128    39 260
 5  23   8  16 -11  49   0 0.03    M    M 15.6 31 260   M    M   6        36 260
 6  18   9  14 -13  51   0 0.10    M    M 11.0 26 260   M    M   6 8      33 270
 7  12   0   6 -21  59   0    T    M    M 16.8 25 310   M    M   6 89     33 260
 8  19  -6   7 -19  58   0    T    M    M 17.0 33 230   M    M   3 89     43 230
 9  22   3  13 -13  52   0 0.01    M    M 20.8 35 280   M    M   7 1289   43 280
10  24  -2  11 -15  54   0 0.00  0.0    0 11.2 18 190   M    M   1        25 190
11  35  24  30   4  35   0 0.19    M    M 10.8 17 210   M    M  10 16     24 190
12  35  18  27   1  38   0 0.20    M    M 10.0 18 360   M    M  10 168    23 350
13  18   1  10 -16  55   0 0.00  0.0    0  8.0 14  60   M    M   2 18     19  40
14  11  -5   3 -23  62   0    T    M    M  2.1  8 260   M    M   7 128     9 260
15  30   8  19  -7  46   0 0.00  0.0    M 10.0 18 240   M    M   2 18     25 220
16  33  23  28   2  37   0 0.00  0.0    M  7.4 17 230   M    M   6 18     22 230
17  45  21  33   7  32   0 0.00  0.0    M 14.7 22 190   M    M   1 18     30 180
18  44  34  39  13  26   0 0.03    M    M 14.3 24 260   M    M   9 18     29 270
19  41  29  35   9  30   0 0.00  0.0    M  5.2 13 280   M    M   5 18     17 280
20  41  34  38  12  27   0 0.06    M    M  5.2 13  90   M    M  10 18     16  80
21  37  34  36  10  29   0 0.02    M    M  7.3 16 260   M    M  10 128    19 260
22  34  30  32   6  33   0 0.00  0.0    M  4.9 14 300   M    M  10 18     18 300
23  33  28  31   5  34   0 0.00  0.0    M  6.3 12 290   M    M   9 8      15 250
24  37  27  32   5  33   0 0.00  0.0    M 11.4 18 260   M    M   9 8      23 250
25  37  19  28   1  37   0 0.07    M    M 12.7 25  40   M    M   9 18     34  50
26  19   4  12 -15  53   0    T    M    M  7.9 21  30   M    M   5 18     27  20
27  22   5  14 -13  51   0 0.00  0.0    M  4.5 14 320   M    M   2 18     17 340
28  28   0  14 -13  51   0 0.00  0.0    M  7.9 23 150   M    M   0 18     29 150
29  42  28  35   8  30   0    T    M    M 18.0 26 170   M    M   7 18     33 170
30  33  16  25  -2  40   0    T    M    M 10.9 30 320   M    M   6        36 330
================================================================================
SM  953  483      1224   0  1.72     0.0 327.0          M      177
================================================================================
AV 31.8 16.1                              10.9 FASTST   M    M   6    MAX(MPH)
                                 MISC ---->  # 35 280               # 43  230
================================================================================
NOTES:
# LAST OF SEVERAL OCCURRENCES

COLUMN 17 PEAK WIND IN M.P.H.

PRELIMINARY LOCAL CLIMATOLOGICAL DATA (WS FORM: F-6) , PAGE 2

                                          STATION:  LIMA
                                          MONTH:    JANUARY
                                          YEAR:     2015
                                          LATITUDE:   40 42 N
                                          LONGITUDE:  84  1 W

[TEMPERATURE DATA]      [PRECIPITATION DATA]       SYMBOLS USED IN COLUMN 16

AVERAGE MONTHLY: 23.9   TOTAL FOR MONTH:   1.72    1 = FOG OR MIST
DPTR FM NORMAL:  -2.5   DPTR FM NORMAL:   -0.19    2 = FOG REDUCING VISIBILITY
HIGHEST:    56 ON  3    GRTST 24HR  0.97 ON  3- 4      TO 1/4 MILE OR LESS
LOWEST:     -6 ON  8                               3 = THUNDER
                        SNOW, ICE PELLETS, HAIL    4 = ICE PELLETS
                        TOTAL MONTH:   0.0 INCH    5 = HAIL
                        GRTST 24HR     0.0         6 = FREEZING RAIN OR DRIZZLE
                        GRTST DEPTH:   0           7 = DUSTSTORM OR SANDSTORM:
                                                       VSBY 1/2 MILE OR LESS
                                                   8 = SMOKE OR HAZE
[NO. OF DAYS WITH]      [WEATHER - DAYS WITH]      9 = BLOWING SNOW
                                                   X = TORNADO
MAX 32 OR BELOW:  12    0.01 INCH OR MORE:  11
MAX 90 OR ABOVE:   0    0.10 INCH OR MORE:   5
MIN 32 OR BELOW:  27    0.50 INCH OR MORE:   1
MIN  0 OR BELOW:   5    1.00 INCH OR MORE:   0

[HDD (BASE 65) ]
TOTAL THIS MO.  1224    CLEAR  (SCALE 0-3)   8
DPTR FM NORMAL    70    PTCLDY (SCALE 4-7)  11
TOTAL FM JUL 1  3378    CLOUDY (SCALE 8-10) 11
DPTR FM NORMAL    -7

[CDD (BASE 65) ]
TOTAL THIS MO.     0
DPTR FM NORMAL     0    [PRESSURE DATA]
TOTAL FM JAN 1     0    HIGHEST SLP M ON M
DPTR FM NORMAL     0    LOWEST  SLP 29.62 ON 17

[REMARKS]




U.S. Dept. of Commerce
NOAA National Weather Service
1325 East West Highway
Silver Spring, MD 20910
E-mail: w-nws.webmaster@noaa.gov
Page last modified: May 16, 2007
NATIONAL WEATHER SERVICE: for Safety, for Work, for Fun - FOR LIFE