448
CXAK56 PANT 160910
CF6ANN

PRELIMINARY LOCAL CLIMATOLOGICAL DATA (WS FORM: F-6)

                                          STATION:   ANNETTE
                                          MONTH:     04
                                          YEAR:      2014
                                          LATITUDE:   55 02 N
                                          LONGITUDE: 131 34 W

  TEMPERATURE IN F:       :PCPN:    SNOW:  WIND      :SUNSHINE: SKY     :PK WND
================================================================================
1   2   3   4   5  6A  6B    7     8   9   10  11  12  13   14  15   16  17  18
                                      12Z  AVG MX 2MIN
DY MAX MIN AVG DEP HDD CDD  WTR   SNW DPTH SPD SPD DIR MIN PSBL S-S WX   SPD DR
================================================================================

 1  53  32  43   1  22   0  0.00  0.0   0  2.3  9  320   M    M   M       13 320
 2  42  37  40  -2  25   0  0.94  0.0   0 10.5 23  150   M    M   M 1     34 140
 3  49  31  40  -2  25   0  0.30  0.0   0  4.5 15  180   M    M   M       23 190
 4  44  30  37  -5  28   0  0.34  0.0   0  8.1 17  120   M    M   M 1     26 140
 5  46  39  43   0  22   0  0.51  0.0   0  7.5 18  120   M    M   M 1     25 120
 6  45  41  43   0  22   0  1.25  0.0   0 12.1 23  120   M    M   M 1     33 120
 7  46  42  44   1  21   0  3.00  0.0   0 15.4 29  150   M    M   M 1     46 140
 8  44  38  41  -2  24   0  0.28  0.0   0  6.2 15  220   M    M   M 1     24 240
 9  43  36  40  -3  25   0  0.64  0.0   0 10.8 23  150   M    M   M 1     37 160
10  45  41  43   0  22   0  0.38  0.0   0  7.7 18  130   M    M   M 1     25 130
11  49  38  44   0  21   0     T  0.0   0  8.4 17  320   M    M   M 1     22 320
12  55  33  44   0  21   0  0.00  0.0   0  3.2  9  320   M    M   M       11 320
13  53  32  43  -1  22   0  0.00  0.0   0  2.1  9  150   M    M   M 1     13 160
14  50  40  45   1  20   0  0.30  0.0   0  6.6 15  130   M    M   M 1     22 160
15  47  40  44   0  21   0  0.24  0.0   0  6.1 13  170   M    M   M 1     17 160
================================================================================
SM  711  550       341   0  8.18 0.0    111.5           M        M
================================================================================
AV 47.4 36.7                              7.4 FASTST  PSBL  %   M    MAX(MPH)
                                 MISC ---->     29  150                 46 140
================================================================================
NOTES:
# LAST OF SEVERAL OCCURRENCES

COLUMN 17 PEAK WIND IN M.P.H.

PRELIMINARY LOCAL CLIMATOLOGICAL DATA (WS FORM: F-6) , PAGE 2

                                          STATION:   ANNETTE
                                          MONTH:     04
                                          YEAR:      2014
                                          LATITUDE:  55 02 N
                                          LONGITUDE: 131 34 W

[TEMPERATURE DATA]      [PRECIPITATION DATA]       SYMBOLS USED IN COLUMN 16

AVERAGE MONTHLY:42.0   TOTAL FOR MONTH: 8.18       1 = FOG
DPTR FM NORMAL: -1.1   DPTR FM NORMAL: 4.52       2 = FOG REDUCING VISIBILITY
HIGHEST:    55 ON 12    GRTST 24HR   3.00 ON  7        TO 1/4 MILE OR LESS
LOWEST:     30 ON  4                               3 = THUNDER
                        SNOW, ICE PELLETS, HAIL    4 = ICE PELLETS
                        TOTAL MONTH: 0.0         5 = HAIL
                        GRTST 24HR   0.0           6 = GLAZE OR RIME
                        GRTST DEPTH:    0          7 = BLOWING DUST OR SAND:
                                                       VSBY 1/2 MILE OR LESS
                                                   8 = SMOKE OR HAZE
[NO. OF DAYS WITH]      [WEATHER - DAYS WITH]      9 = BLOWING SNOW
                                                   X = TORNADO
MAX 32 OR BELOW:   0    0.01 INCH OR MORE:  11
MAX 70 OR ABOVE:   0    0.10 INCH OR MORE:  11
MIN 32 OR BELOW:   4    0.50 INCH OR MORE:   5
MIN  0 OR BELOW:   0    1.00 INCH OR MORE:   2

[HDD (BASE 65) ]
TOTAL THIS MO.   341    CLEAR  (SCALE 0-3)   M
DPTR FM NORMAL    11    PTCLDY (SCALE 4-7)   M
SEASONAL TOTAL  5697    CLOUDY (SCALE 8-10)  M
DPTR FM NORMAL    45

[CDD (BASE 65) ]
TOTAL THIS MO.     0
DPTR FM NORMAL     0    [PRESSURE DATA]
SEASONAL TOTAL     0    HIGHEST SLP     M
DPTR FM NORMAL     0    LOWEST  SLP     M

[REMARKS]






U.S. Dept. of Commerce
NOAA National Weather Service
1325 East West Highway
Silver Spring, MD 20910
E-mail: w-nws.webmaster@noaa.gov
Page last modified: May 16, 2007
NATIONAL WEATHER SERVICE: for Safety, for Work, for Fun - FOR LIFE