024
CXUS53 KAPX 280631
CF6ANJ
PRELIMINARY LOCAL CLIMATOLOGICAL DATA (WS FORM: F-6)

                                          STATION:   SAULT STE MARIE MI
                                          MONTH:     NOVEMBER
                                          YEAR:      2014
                                          LATITUDE:   46 28 N
                                          LONGITUDE:  84 21 W

  TEMPERATURE IN F:       :PCPN:    SNOW:  WIND      :SUNSHINE: SKY     :PK WND
================================================================================
1   2   3   4   5  6A  6B    7    8   9   10  11  12  13   14  15   16   17  18
                                     12Z  AVG MX 2MIN
DY MAX MIN AVG DEP HDD CDD  WTR  SNW DPTH SPD SPD DIR MIN PSBL S-S WX    SPD DR
================================================================================

 1  36  23  30 -10  35   0 0.00  0.0    0  4.2  9 310   M    M   0         M  M
 2  50  23  37  -2  28   0 0.00  0.0    0  3.5 12 220   M    M   3        20 250
 3  54  37  46   7  19   0    T  0.0    0  5.4 13 200   M    M   4         M  M
 4  51  37  44   5  21   0 0.27  0.0    0  8.8 15 300   M    M  10        23 300
 5  41  36  39   1  26   0 0.06  0.0    0  9.4 17 260   M    M  10        30 290
 6  40  31  36  -2  29   0 0.01  0.0    0  6.5 15 330   M    M  10 1      21  20
 7  34  28  31  -7  34   0 0.01  0.1    0  5.6  9 150   M    M   6 1       M  M
 8  39  28  34  -3  31   0 0.28  1.0    1 12.9 20 310   M    M   9 1      43 290
 9  37  23  30  -7  35   0 0.02  0.4    T  8.9 16 310   M    M   9 1      24 310
10  31  23  27  -9  38   0 0.40  3.5    T  7.5 15  80   M    M   7 16     22  60
11  30  23  27  -9  38   0 0.39  1.8    3 11.1 17  60   M    M  10 16     27  70
12  29  20  25 -11  40   0 0.21  4.3    6 11.8 18 280   M    M  10 12     36 280
13  28  24  26  -9  39   0 1.37 18.2   11  5.9 13 280   M    M  10        21 280
14  30  20  25 -10  40   0    T    T   22  5.8 14 260   M    M   8        22 260
15  28  12  20 -14  45   0 0.00  0.0   18  9.6 16 250   M    M   2        23 250
16  28  18  23 -11  42   0 0.05  0.8   17  6.8 14 230   M    M   8 1       M  M
17  28  12  20 -14  45   0 0.07  1.5   16  7.6 14 250   M    M   9        20 250
18  25  10  18 -15  47   0 0.39  6.8   19 12.4 22 320   M    M   7 12     32 310
19  23   3  13 -20  52   0 0.23  3.9   18  6.9 14 240   M    M   5         M  M
20  20  11  16 -16  49   0 0.71 11.6   21 11.2 27 280   M    M  10 12     44 270
21  28   7  18 -14  47   0 0.09  2.9   28  6.2 12 210   M    M   8 1       M  M
22  37  28  33   1  32   0 0.00  0.0   25  9.4 18 200   M    M  10 18     24 200
23  43  34  39   8  26   0 0.53  0.0   18  6.4  9 110   M    M  10 12      M  M
24  42  29  36   5  29   0 1.12  0.9   14  7.1 12 280   M    M  10 12     18 280
25  28  23  26  -4  39   0 0.31  3.1   11  8.2 13 290   M    M  10 1      16 350
26  27  16  22  -8  43   0 0.04  1.7   13  4.4  9 220   M    M   9 1       M  M
27  26   2  14 -16  51   0 0.10  2.7   15 10.4 18 310   M    M   8 1      28 320
================================================================================
SM  913  581      1000   0  6.66    65.2 213.9          M      212
================================================================================
AV 33.8 21.5                               7.9 FASTST   M    M   8    MAX(MPH)
                                 MISC ---->  # 27 280                 44    M
================================================================================
NOTES:
# LAST OF SEVERAL OCCURRENCES

COLUMN 17 PEAK WIND IN M.P.H.

PRELIMINARY LOCAL CLIMATOLOGICAL DATA (WS FORM: F-6) , PAGE 2

                                          STATION:  SAULT STE MARIE MI
                                          MONTH:    NOVEMBER
                                          YEAR:     2014
                                          LATITUDE:   46 28 N
                                          LONGITUDE:  84 21 W

[TEMPERATURE DATA]      [PRECIPITATION DATA]       SYMBOLS USED IN COLUMN 16

AVERAGE MONTHLY: 27.7   TOTAL FOR MONTH:   6.66    1 = FOG OR MIST
DPTR FM NORMAL:  -7.1   DPTR FM NORMAL:    3.62    2 = FOG REDUCING VISIBILITY
HIGHEST:    54 ON  3    GRTST 24HR  1.37 ON 13-13      TO 1/4 MILE OR LESS
LOWEST:      2 ON 27                               3 = THUNDER
                        SNOW, ICE PELLETS, HAIL    4 = ICE PELLETS
                        TOTAL MONTH:  65.2 INCHES  5 = HAIL
                        GRTST 24HR  18.2 ON   M    6 = FREEZING RAIN OR DRIZZLE
                        GRTST DEPTH:  28 ON 21     7 = DUSTSTORM OR SANDSTORM:
                                                       VSBY 1/2 MILE OR LESS
                                                   8 = SMOKE OR HAZE
[NO. OF DAYS WITH]      [WEATHER - DAYS WITH]      9 = BLOWING SNOW
                                                   X = TORNADO
MAX 32 OR BELOW:  15    0.01 INCH OR MORE:  21
MAX 90 OR ABOVE:   0    0.10 INCH OR MORE:  13
MIN 32 OR BELOW:  23    0.50 INCH OR MORE:   4
MIN  0 OR BELOW:   0    1.00 INCH OR MORE:   2

[HDD (BASE 65) ]
TOTAL THIS MO.  1000    CLEAR  (SCALE 0-3)   3
DPTR FM NORMAL   183    PTCLDY (SCALE 4-7)   9
TOTAL FM JUL 1  2038    CLOUDY (SCALE 8-10) 15
DPTR FM NORMAL   216

[CDD (BASE 65) ]
TOTAL THIS MO.     0
DPTR FM NORMAL     0    [PRESSURE DATA]
TOTAL FM JAN 1   113    HIGHEST SLP M ON M
DPTR FM NORMAL   -83    LOWEST  SLP M ON M

[REMARKS]




U.S. Dept. of Commerce
NOAA National Weather Service
1325 East West Highway
Silver Spring, MD 20910
E-mail: w-nws.webmaster@noaa.gov
Page last modified: May 16, 2007
NATIONAL WEATHER SERVICE: for Safety, for Work, for Fun - FOR LIFE