234
CXUS53 KAPX 300631
CF6ANJ
PRELIMINARY LOCAL CLIMATOLOGICAL DATA (WS FORM: F-6)

                                          STATION:   SAULT STE MARIE MI
                                          MONTH:     JULY
                                          YEAR:      2014
                                          LATITUDE:   46 28 N
                                          LONGITUDE:  84 21 W

  TEMPERATURE IN F:       :PCPN:    SNOW:  WIND      :SUNSHINE: SKY     :PK WND
================================================================================
1   2   3   4   5  6A  6B    7    8   9   10  11  12  13   14  15   16   17  18
                                     12Z  AVG MX 2MIN
DY MAX MIN AVG DEP HDD CDD  WTR  SNW DPTH SPD SPD DIR MIN PSBL S-S WX    SPD DR
================================================================================

 1  75  63  69   5   0   4 0.39  0.0    0 12.2 21 190   M    M   8 1      30 230
 2  63  48  56  -8   9   0 0.00  0.0    0 11.3 21 310   M    M   4 1      31 310
 3  69  44  57  -7   8   0 0.00  0.0    0  5.8 15 240   M    M   1        18 240
 4  75  48  62  -2   3   0 0.00  0.0    0  6.2 12 300   M    M   1        18 300
 5  76  50  63  -1   2   0    T  0.0    0  8.4 21 230   M    M   2        28 220
 6  70  60  65   1   0   0 0.02  0.0    0  5.9 15 200   M    M   8 1      19 190
 7  75  55  65   0   0   0    T  0.0    0  8.2 20 300   M    M   4 12     26 310
 8  61  47  54 -11  11   0 0.08  0.0    0  7.7 16 290   M    M   7 1      24 290
 9  63  48  56  -9   9   0 0.01  0.0    0  9.1 16 310   M    M   5        24 290
10  73  43  58  -7   7   0 0.00  0.0    0  3.8 12 220   M    M   1        16 190
11  76  50  63  -2   2   0 0.02  0.0    0  6.6 17 200   M    M   6        23 190
12  77  59  68   3   0   3 0.00  0.0    0  5.4 16 210   M    M   8        22 200
13  66  52  59  -6   6   0    T  0.0    0  8.2 18 300   M    M   6 12     27 300
14  74  50  62  -3   3   0 0.01  0.0    0  4.9 17 280   M    M   5 3      20 290
15  67  50  59  -7   6   0 0.06  0.0    0  7.4 18 310   M    M   8 1      24 330
16  68  49  59  -7   6   0 0.00  0.0    0  8.7 16 290   M    M   2        22 320
17  77  47  62  -4   3   0 0.00  0.0    0  5.5 10 240   M    M   0        16 270
18  81  52  67   1   0   2 0.00  0.0    0  5.2 17 210   M    M   2        23 200
19  80  53  67   1   0   2 0.00  0.0    0  7.3 17 200   M    M   2        22 200
20  82  55  69   3   0   4 0.00  0.0    0  6.4 15 220   M    M   1 1      20 230
21  82  58  70   4   0   5 0.00  0.0    0  6.3 18 220   M    M   3 1      25 210
22  81  51  66   0   0   1 0.07  0.0    0  9.0 23 300   M    M   8 138    34 310
23  69  49  59  -7   6   0 0.00  0.0    0  9.6 18 320   M    M   4        26 320
24  71  49  60  -6   5   0 0.00  0.0    0  6.1 13 310   M    M   0        17 320
25  81  49  65  -1   0   0    T  0.0    0  6.4 17 220   M    M   4        23 220
26  70  59  65  -1   0   0 0.81  0.0    0  5.8 15 280   M    M  10 13     20 280
27  72  55  64  -2   1   0 0.01  0.0    0  6.3 13  20   M    M   8 12     19  20
28  65  50  58  -8   7   0 0.00  0.0    0  8.5 18 310   M    M   5        25 310
29  67  49  58  -8   7   0 0.00  0.0    0  7.9 16 310   M    M   6 1      24 310
================================================================================
SM 2106 1492       101  21  1.48     0.0 210.1          M      129
================================================================================
AV 72.6 51.4                               7.2 FASTST   M    M   4    MAX(MPH)
                                 MISC ---->  # 23 300               # 34  310
================================================================================
NOTES:
# LAST OF SEVERAL OCCURRENCES

COLUMN 17 PEAK WIND IN M.P.H.

PRELIMINARY LOCAL CLIMATOLOGICAL DATA (WS FORM: F-6) , PAGE 2

                                          STATION:  SAULT STE MARIE MI
                                          MONTH:    JULY
                                          YEAR:     2014
                                          LATITUDE:   46 28 N
                                          LONGITUDE:  84 21 W

[TEMPERATURE DATA]      [PRECIPITATION DATA]       SYMBOLS USED IN COLUMN 16

AVERAGE MONTHLY: 62.0   TOTAL FOR MONTH:   1.48    1 = FOG OR MIST
DPTR FM NORMAL:  -3.3   DPTR FM NORMAL:   -1.17    2 = FOG REDUCING VISIBILITY
HIGHEST:    82 ON 21,20 GRTST 24HR  0.81 ON 26-26      TO 1/4 MILE OR LESS
LOWEST:     43 ON 10                               3 = THUNDER
                        SNOW, ICE PELLETS, HAIL    4 = ICE PELLETS
                        TOTAL MONTH:   0.0 INCH    5 = HAIL
                        GRTST 24HR     0.0         6 = FREEZING RAIN OR DRIZZLE
                        GRTST DEPTH:   0           7 = DUSTSTORM OR SANDSTORM:
                                                       VSBY 1/2 MILE OR LESS
                                                   8 = SMOKE OR HAZE
[NO. OF DAYS WITH]      [WEATHER - DAYS WITH]      9 = BLOWING SNOW
                                                   X = TORNADO
MAX 32 OR BELOW:   0    0.01 INCH OR MORE:  10
MAX 90 OR ABOVE:   0    0.10 INCH OR MORE:   2
MIN 32 OR BELOW:   0    0.50 INCH OR MORE:   1
MIN  0 OR BELOW:   0    1.00 INCH OR MORE:   0

[HDD (BASE 65) ]
TOTAL THIS MO.   101    CLEAR  (SCALE 0-3)  11
DPTR FM NORMAL    33    PTCLDY (SCALE 4-7)  15
TOTAL FM JUL 1   101    CLOUDY (SCALE 8-10)  3
DPTR FM NORMAL    33

[CDD (BASE 65) ]
TOTAL THIS MO.    21
DPTR FM NORMAL   -57    [PRESSURE DATA]
TOTAL FM JAN 1    60    HIGHEST SLP M ON M
DPTR FM NORMAL   -53    LOWEST  SLP 29.47 ON  8

[REMARKS]




U.S. Dept. of Commerce
NOAA National Weather Service
1325 East West Highway
Silver Spring, MD 20910
E-mail: w-nws.webmaster@noaa.gov
Page last modified: May 16, 2007
NATIONAL WEATHER SERVICE: for Safety, for Work, for Fun - FOR LIFE