768
CXUS52 KGSP 010817
CF6AND
PRELIMINARY LOCAL CLIMATOLOGICAL DATA (WS FORM: F-6)

                                          STATION:   ANDERSON SC
                                          MONTH:     NOVEMBER
                                          YEAR:      2014
                                          LATITUDE:   34 30 N
                                          LONGITUDE:  82 43 W

  TEMPERATURE IN F:       :PCPN:    SNOW:  WIND      :SUNSHINE: SKY     :PK WND
================================================================================
1   2   3   4   5  6A  6B    7    8   9   10  11  12  13   14  15   16   17  18
                                     12Z  AVG MX 2MIN
DY MAX MIN AVG DEP HDD CDD  WTR  SNW DPTH SPD SPD DIR MIN PSBL S-S WX    SPD DR
================================================================================

 1  56  36  46 -10  19   0 0.19    M    M  8.8 21 320   M    M   5 1      25 360
 2  61  30  46 -10  19   0 0.00    M    M  5.9 17 330   M    M   0        23 330
 3  64  27  46 -10  19   0 0.00    M    M  2.0 10 240   M    M   0        16 220
 4  70  36  53  -3  12   0 0.00    M    M  3.6 15 210   M    M   0        19 220
 5  66  45  56   1   9   0 0.00    M    M  2.7 13 220   M    M   0 8      16 230
 6  73  48  61   6   4   0    T    M    M 12.0 25 290   M    M   5 1      33 300
 7  61  34  48  -7  17   0 0.00    M    M  2.9 10 240   M    M   0        13  30
 8  59  39  49  -5  16   0 0.00    M    M  4.1 10  70   M    M   0        14  60
 9  67  37  52  -2  13   0 0.00    M    M  2.3  9 300   M    M   0 1      11  40
10  69  37  53  -1  12   0 0.00    M    M  2.8  9 160   M    M   0        14 150
11  72  38  55   1  10   0 0.00    M    M  3.3 10 240   M    M   0        12 240
12  78  44  61   8   4   0 0.00    M    M  7.2 20 230   M    M   1        24 240
13  62  41  52  -1  13   0 0.00    M    M  5.1 16 240   M    M   5 1      20 240
14  47  31  39 -13  26   0 0.00    M    M  6.9 15  50   M    M   6        19  50
15  46  26  36 -16  29   0 0.00    M    M  6.4 15  80   M    M   0        19  60
16  55  34  45  -7  20   0 0.01    M    M  3.0  8 100   M    M   7        11  50
17  56  33  45  -7  20   0 0.85    M    M 10.2 25 260   M    M   7 1      33 260
18  39  26  33 -18  32   0 0.00    M    M 10.8 22 280   M    M   0        25 250
19  46  20  33 -18  32   0 0.00    M    M  5.4 13 210   M    M   0        16 240
20  60  31  46  -5  19   0 0.00    M    M 10.0 22 240   M    M   0        28 250
21  63  32  48  -2  17   0 0.00    M    M  5.3  9  90   M    M   0        17  60
22  58  34  46  -4  19   0 0.00    M    M  5.3 12  50   M    M   1        14  50
23  53  43  48  -2  17   0 1.69    M    M  8.7 17  60   M    M  10 13     22  60
24  74  53  64  15   1   0 0.00    M    M  7.5 17 230   M    M   5 1      20 230
25  59  49  54   5  11   0 0.12    M    M  4.1  9 110   M    M   3 1      12 300
26  58  44  51   2  14   0 0.45    M    M  6.7 17 260   M    M   6 1      23 250
27  52  35  44  -4  21   0    T    M    M 12.4 23 290   M    M   2        33 320
28  46  25  36 -12  29   0 0.00    M    M  2.4 10 210   M    M   0        13 200
29  58  27  43  -5  22   0 0.00    M    M  4.6 16 210   M    M   1        21 210
30  67  36  52   5  13   0 0.00    M    M  6.5 20 240   M    M   6        25 240
================================================================================
SM 1795 1071       509   0  3.31    M    178.9          M       70
================================================================================
AV 59.8 35.7                               6.0 FASTST   M    M   2    MAX(MPH)
                                 MISC ---->  # 25 290               # 33  300
================================================================================
NOTES:
# LAST OF SEVERAL OCCURRENCES

COLUMN 17 PEAK WIND IN M.P.H.

PRELIMINARY LOCAL CLIMATOLOGICAL DATA (WS FORM: F-6) , PAGE 2

                                          STATION:  ANDERSON SC
                                          MONTH:    NOVEMBER
                                          YEAR:     2014
                                          LATITUDE:   34 30 N
                                          LONGITUDE:  82 43 W

[TEMPERATURE DATA]      [PRECIPITATION DATA]       SYMBOLS USED IN COLUMN 16

AVERAGE MONTHLY: 47.8   TOTAL FOR MONTH:   3.31    1 = FOG OR MIST
DPTR FM NORMAL:  -4.2   DPTR FM NORMAL:   -0.28    2 = FOG REDUCING VISIBILITY
HIGHEST:    78 ON 12    GRTST 24HR  1.69 ON 23-23      TO 1/4 MILE OR LESS
LOWEST:     20 ON 19                               3 = THUNDER
                        SNOW, ICE PELLETS, HAIL    4 = ICE PELLETS
                        TOTAL MONTH:    M          5 = HAIL
                        GRTST 24HR    M  ON   M    6 = FREEZING RAIN OR DRIZZLE
                        GRTST DEPTH:  M  ON   M    7 = DUSTSTORM OR SANDSTORM:
                                                       VSBY 1/2 MILE OR LESS
                                                   8 = SMOKE OR HAZE
[NO. OF DAYS WITH]      [WEATHER - DAYS WITH]      9 = BLOWING SNOW
                                                   X = TORNADO
MAX 32 OR BELOW:   0    0.01 INCH OR MORE:   6
MAX 90 OR ABOVE:   0    0.10 INCH OR MORE:   5
MIN 32 OR BELOW:  10    0.50 INCH OR MORE:   2
MIN  0 OR BELOW:   0    1.00 INCH OR MORE:   1

[HDD (BASE 65) ]
TOTAL THIS MO.   509    CLEAR  (SCALE 0-3)  19
DPTR FM NORMAL   115    PTCLDY (SCALE 4-7)  10
TOTAL FM JUL 1   644    CLOUDY (SCALE 8-10)  1
DPTR FM NORMAL    77

[CDD (BASE 65) ]
TOTAL THIS MO.     0
DPTR FM NORMAL    -4    [PRESSURE DATA]
TOTAL FM JAN 1  1780    HIGHEST SLP 30.54 ON 22
DPTR FM NORMAL   112    LOWEST  SLP 29.69 ON 17

[REMARKS]
#FINAL-11-14#




U.S. Dept. of Commerce
NOAA National Weather Service
1325 East West Highway
Silver Spring, MD 20910
E-mail: w-nws.webmaster@noaa.gov
Page last modified: May 16, 2007
NATIONAL WEATHER SERVICE: for Safety, for Work, for Fun - FOR LIFE