873
CXUS52 KGSP 290817
CF6AND
PRELIMINARY LOCAL CLIMATOLOGICAL DATA (WS FORM: F-6)

                                          STATION:   ANDERSON SC
                                          MONTH:     JULY
                                          YEAR:      2014
                                          LATITUDE:   34 30 N
                                          LONGITUDE:  82 43 W

  TEMPERATURE IN F:       :PCPN:    SNOW:  WIND      :SUNSHINE: SKY     :PK WND
================================================================================
1   2   3   4   5  6A  6B    7    8   9   10  11  12  13   14  15   16   17  18
                                     12Z  AVG MX 2MIN
DY MAX MIN AVG DEP HDD CDD  WTR  SNW DPTH SPD SPD DIR MIN PSBL S-S WX    SPD DR
================================================================================

 1  94  70  82   3   0  17 0.00    M    M  4.4 14 230   M    M   3 128    17 240
 2  97  69  83   4   0  18 0.00    M    M  3.2 14 240   M    M   0 1      17 230
 3  92  71  82   3   0  17 0.03    M    M  5.0 17 330   M    M   3 3      21 330
 4  87  68  78  -1   0  13 0.00    M    M  5.0 10  50   M    M   3        16  30
 5  86  66  76  -3   0  11 0.00    M    M  8.6 22  70   M    M   0        28  70
 6  88  63  76  -3   0  11 0.00    M    M  3.4 10 170   M    M   3        14 110
 7  93  66  80   1   0  15    T    M    M  3.6 16 220   M    M   4        22 190
 8  94  67  81   2   0  16 0.00    M    M  8.0 23 260   0    0   0        32 250
 9  92  72  82   3   0  17 0.00    M    M  7.3 20 200   M    M   3 3      23 240
10  89  71  80   1   0  15 0.01    M    M  4.1 20 290   M    M   3 3      24 290
11  90  68  79   0   0  14 0.00    M    M  5.1 14 110   M    M   2        18 100
12  93  70  82   2   0  17 0.00    M    M  4.4 12 100   M    M   2        15 110
13  93  69  81   1   0  16 0.00    M    M  2.8 13 230   M    M   2        16 160
14  94  71  83   3   0  18 0.00    M    M  6.9 20 290   M    M   2        28 270
15  91  72  82   2   0  17 0.00    M    M  9.4 20 240   M    M   3 3      25 250
16  88  68  78  -2   0  13 0.00    M    M  5.3 13  40   M    M   4        20  50
17  87  68  78  -2   0  13    T    M    M  9.4 18  80   M    M   6        23  80
18  82  70  76  -4   0  11 0.08    M    M  6.7 14  70   M    M   8        17 150
19  70  65  68 -12   0   3 1.13    M    M  6.4 16  90   M    M   9 1      21  90
20  81  65  73  -7   0   8 0.28    M    M  5.8 13  60   M    M   8 1      17  70
21  85  71  78  -2   0  13 0.19    M    M  5.8 16  60   M    M   7 1      19  60
22  86  71  79  -1   0  14 0.00    M    M  6.0 12  70   M    M   6        16  60
23  90  70  80   0   0  15 0.00    M    M  3.8 14 220   M    M   5        18 220
24  90  70  80   0   0  15    T    M    M  6.2 21 300   M    M   3 3      29 260
25  89  70  80   0   0  15 0.00    M    M  4.6 13  60   M    M   3        17  60
26  90  68  79  -1   0  14 0.00    M    M  4.2 15 270   M    M   0 1      20 270
27  93  69  81   1   0  16 0.00    M    M  8.9 21 240   M    M   1        26 240
28  91  68  80   0   0  15    T    M    M 10.2 23 250   M    M   0        30 250
================================================================================
SM 2495 1926         0 397  1.72    M    164.5            0     93
================================================================================
AV 89.1 68.8                               5.9 FASTST    0   0   3    MAX(MPH)
                                 MISC ---->  # 23 260                 32    M
================================================================================
NOTES:
# LAST OF SEVERAL OCCURRENCES

COLUMN 17 PEAK WIND IN M.P.H.

PRELIMINARY LOCAL CLIMATOLOGICAL DATA (WS FORM: F-6) , PAGE 2

                                          STATION:  ANDERSON SC
                                          MONTH:    JULY
                                          YEAR:     2014
                                          LATITUDE:   34 30 N
                                          LONGITUDE:  82 43 W

[TEMPERATURE DATA]      [PRECIPITATION DATA]       SYMBOLS USED IN COLUMN 16

AVERAGE MONTHLY: 78.9   TOTAL FOR MONTH:   1.72    1 = FOG OR MIST
DPTR FM NORMAL:  -0.7   DPTR FM NORMAL:   -1.59    2 = FOG REDUCING VISIBILITY
HIGHEST:    97 ON  2    GRTST 24HR  1.15 ON 18-19      TO 1/4 MILE OR LESS
LOWEST:     63 ON  6                               3 = THUNDER
                        SNOW, ICE PELLETS, HAIL    4 = ICE PELLETS
                        TOTAL MONTH:    M          5 = HAIL
                        GRTST 24HR    M  ON   M    6 = FREEZING RAIN OR DRIZZLE
                        GRTST DEPTH:  M  ON   M    7 = DUSTSTORM OR SANDSTORM:
                                                       VSBY 1/2 MILE OR LESS
                                                   8 = SMOKE OR HAZE
[NO. OF DAYS WITH]      [WEATHER - DAYS WITH]      9 = BLOWING SNOW
                                                   X = TORNADO
MAX 32 OR BELOW:   0    0.01 INCH OR MORE:   6
MAX 90 OR ABOVE:  16    0.10 INCH OR MORE:   3
MIN 32 OR BELOW:   0    0.50 INCH OR MORE:   1
MIN  0 OR BELOW:   0    1.00 INCH OR MORE:   1

[HDD (BASE 65) ]
TOTAL THIS MO.     0    CLEAR  (SCALE 0-3)  16
DPTR FM NORMAL     0    PTCLDY (SCALE 4-7)  11
TOTAL FM JUL 1     0    CLOUDY (SCALE 8-10)  1
DPTR FM NORMAL     0

[CDD (BASE 65) ]
TOTAL THIS MO.   397
DPTR FM NORMAL    -9    [PRESSURE DATA]
TOTAL FM JAN 1  1034    HIGHEST SLP  0.00 ON  8
DPTR FM NORMAL    99    LOWEST  SLP 29.73 ON 15

[REMARKS]




U.S. Dept. of Commerce
NOAA National Weather Service
1325 East West Highway
Silver Spring, MD 20910
E-mail: w-nws.webmaster@noaa.gov
Page last modified: May 16, 2007
NATIONAL WEATHER SERVICE: for Safety, for Work, for Fun - FOR LIFE