520
CXAK56 PAFC 011320
CF6ANC
PRELIMINARY LOCAL CLIMATOLOGICAL DATA (WS FORM: F-6)

                                          STATION:   ANCHORAGE AK
                                          MONTH:     JULY
                                          YEAR:      2014
                                          LATITUDE:   61 10 N
                                          LONGITUDE: 150  2 W

  TEMPERATURE IN F:       :PCPN:    SNOW:  WIND      :SUNSHINE: SKY     :PK WND
================================================================================
1   2   3   4   5  6A  6B    7    8   9   10  11  12  13   14  15   16   17  18
                                     12Z  AVG MX 2MIN
DY MAX MIN AVG DEP HDD CDD  WTR  SNW DPTH SPD SPD DIR MIN PSBL S-S WX    SPD DR
================================================================================

 1  67  52  60   2   5   0    T  0.0    0  6.7 12 160   M    M   8        20 160
 2  72  52  62   4   3   0 0.00  0.0    0  4.3 10 260   M    M   6         M  M
 3  76  56  66   8   0   1 0.00  0.0    0  4.4  8 250   M    M   8         M  M
 4  76  55  66   8   0   1 0.00  0.0    0  5.1 14 220   M    M   6        17 220
 5  73  58  66   8   0   1 0.00  0.0    0  9.9 18 150   M    M   5        30 150
 6  60  54  57  -1   8   0 0.13  0.0    0  4.2  8 240   M    M   9         M  M
 7  63  52  58   0   7   0    T  0.0    0  8.3 18 160   M    M   7        33 160
 8  68  55  62   4   3   0 0.00  0.0    0  5.3  9 180   M    M   8         M  M
 9  62  51  57  -2   8   0 0.16  0.0    0  3.6 12 150   M    M   9 1       M  M
10  57  52  55  -4  10   0 0.59  0.0    0  5.8  9 340   M    M  10 1       M  M
11  65  52  59   0   6   0 0.02  0.0    0 10.6 18 150   M    M   9        33 150
12  67  53  60   1   5   0    T  0.0    0  9.0 18 140   M    M   8        28 150
13  67  49  58  -1   7   0 0.10  0.0    0  8.1 17 170   M    M   7        39 170
14  65  50  58  -1   7   0    T  0.0    0  5.8  8 280   M    M   7        17 150
15  70  47  59   0   6   0    T  0.0    0  2.5  6 240   M    M   7         M  M
16  71  55  63   4   2   0 0.00  0.0    0  4.7  9 160   M    M   7         M  M
17  67  56  62   3   3   0 0.00  0.0    0  6.1  9 260   M    M   7         M  M
18  67  54  61   2   4   0 0.00  0.0    0  4.3  9 180   M    M   7         M  M
19  69  54  62   3   3   0 0.15  0.0    0  9.7 15 180   M    M   8        31 170
20  68  49  59   0   6   0 0.18  0.0    0  6.3 12  40   M    M   7        22 210
21  70  51  61   2   4   0 0.00  0.0    0  3.5  8 270   M    M   3         M  M
22  67  48  58  -1   7   0    T  0.0    0  5.5 12 280   M    M   7         M  M
23  68  55  62   3   3   0    T  0.0    0  8.2 16 150   M    M   8        32 150
24  67  54  61   2   4   0 0.98  0.0    0  9.8 15 170   M    M   9 1      32 180
25  57  51  54  -5  11   0 0.32  0.0    0  5.0  9 330   M    M   9 1       M  M
26  68  50  59   0   6   0 0.00  0.0    0  3.4  9 220   M    M   6 12      M  M
27  69  47  58  -1   7   0 0.00  0.0    0  7.8 17 140   M    M   6        32 140
28  64  52  58  -1   7   0 0.60  0.0    0  9.5 15 140   M    M   9 1      24 140
29  69  50  60   1   5   0    T  0.0    0  6.1 13 210   M    M   7 1       M  M
30  74  52  63   4   2   0 0.00  0.0    0  6.7 13 160   M    M   4        30 170
31  67  53  60   1   5   0 0.00  0.0    0  6.4 10 300   M    M   8         M  M
================================================================================
SM 2090 1619       154   3  3.23     0.0 196.6          M      226
================================================================================
AV 67.4 52.2                               6.3 FASTST   M    M   7    MAX(MPH)
                                 MISC ---->    18   M                 39    M
================================================================================
NOTES:
# LAST OF SEVERAL OCCURRENCES

COLUMN 17 PEAK WIND IN M.P.H.

PRELIMINARY LOCAL CLIMATOLOGICAL DATA (WS FORM: F-6) , PAGE 2

                                          STATION:  ANCHORAGE AK
                                          MONTH:    JULY
                                          YEAR:     2014
                                          LATITUDE:   61 10 N
                                          LONGITUDE: 150  2 W

[TEMPERATURE DATA]      [PRECIPITATION DATA]       SYMBOLS USED IN COLUMN 16

AVERAGE MONTHLY: 59.8   TOTAL FOR MONTH:   3.23    1 = FOG OR MIST
DPTR FM NORMAL:   1.0   DPTR FM NORMAL:    1.40    2 = FOG REDUCING VISIBILITY
HIGHEST:    76 ON  4, 3 GRTST 24HR  0.98 ON 24-24      TO 1/4 MILE OR LESS
LOWEST:     47 ON 27,15                            3 = THUNDER
                        SNOW, ICE PELLETS, HAIL    4 = ICE PELLETS
                        TOTAL MONTH:   0.0 INCH    5 = HAIL
                        GRTST 24HR     0.0         6 = FREEZING RAIN OR DRIZZLE
                        GRTST DEPTH:   0           7 = DUSTSTORM OR SANDSTORM:
                                                       VSBY 1/2 MILE OR LESS
                                                   8 = SMOKE OR HAZE
[NO. OF DAYS WITH]      [WEATHER - DAYS WITH]      9 = BLOWING SNOW
                                                   X = TORNADO
MAX 32 OR BELOW:   0    0.01 INCH OR MORE:  10
MAX 90 OR ABOVE:   0    0.10 INCH OR MORE:   9
MIN 32 OR BELOW:   0    0.50 INCH OR MORE:   3
MIN  0 OR BELOW:   0    1.00 INCH OR MORE:   0

[HDD (BASE 65) ]
TOTAL THIS MO.   154    CLEAR  (SCALE 0-3)   0
DPTR FM NORMAL   -40    PTCLDY (SCALE 4-7)  22
TOTAL FM JUL 1   154    CLOUDY (SCALE 8-10)  9
DPTR FM NORMAL   -40

[CDD (BASE 65) ]
TOTAL THIS MO.     3
DPTR FM NORMAL     1    [PRESSURE DATA]
TOTAL FM JAN 1     3    HIGHEST SLP M ON M
DPTR FM NORMAL     1    LOWEST  SLP M ON M

[REMARKS]
#FINAL-07-14#




U.S. Dept. of Commerce
NOAA National Weather Service
1325 East West Highway
Silver Spring, MD 20910
E-mail: w-nws.webmaster@noaa.gov
Page last modified: May 16, 2007
NATIONAL WEATHER SERVICE: for Safety, for Work, for Fun - FOR LIFE