869
CXUS54 KBMX 011216
CF6ANB
PRELIMINARY LOCAL CLIMATOLOGICAL DATA (WS FORM: F-6)

                                          STATION:   ANNISTON
                                          MONTH:     JULY
                                          YEAR:      2014
                                          LATITUDE:   33 35 N
                                          LONGITUDE:  85 51 W

  TEMPERATURE IN F:       :PCPN:    SNOW:  WIND      :SUNSHINE: SKY     :PK WND
================================================================================
1   2   3   4   5  6A  6B    7    8   9   10  11  12  13   14  15   16   17  18
                                     12Z  AVG MX 2MIN
DY MAX MIN AVG DEP HDD CDD  WTR  SNW DPTH SPD SPD DIR MIN PSBL S-S WX    SPD DR
================================================================================

 1  91  68  80   1   0  15 0.00  0.0    0  3.0 10 220   M    M   2 18     15 230
 2  94  71  83   4   0  18    T  0.0    0  4.2 15 220   M    M   0 1      20 220
 3  87  67  77  -3   0  12 0.01  0.0    0  6.3 15 350   M    M   1        21 360
 4  84  62  73  -7   0   8 0.00  0.0    0  6.9 17  20   M    M   1 18     24  30
 5  88  61  75  -5   0  10 0.00  0.0    0  4.3 14  80   M    M   1 1      20  90
 6  88  68  78  -2   0  13 0.00  0.0    0  4.6 12 100   M    M   5 1      18 110
 7  90  68  79  -1   0  14 0.00  0.0    0  3.3 14 250   M    M   0 18     18 210
 8  90  67  79  -1   0  14 0.00  0.0    0  5.5 16 210   M    M   1 8      22 220
 9  87  72  80   0   0  15 0.00  0.0    0  5.5 13 240   M    M   2 8      16 240
10  88  70  79  -1   0  14 0.00  0.0    0  4.2 14 230   M    M   4 138    18 240
11  91  70  81   1   0  16 0.05  0.0    0  2.3 14  50   M    M   2 138    19  60
12  91  72  82   2   0  17 0.00  0.0    0  3.8 10 100   M    M   1 1      13 100
13  92  71  82   2   0  17 0.00  0.0    0  3.5 12 200   M    M   1 1      15 200
14  93  74  84   4   0  19    T  0.0    0  6.0 17 240   M    M   3 38     21 240
15  86  67  77  -3   0  12 0.03  0.0    0  4.4 20  20   M    M   5 13     25  20
16  83  59  71  -9   0   6 0.00  0.0    0  4.0 14 360   M    M   0 1      19  10
17  83  58  71  -9   0   6 0.00  0.0    0  2.6 12 350   M    M   0        14  10
18  80  66  73  -7   0   8 0.02  0.0    0  4.1 10  60   M    M   7        13 100
19  87  72  80   0   0  15 0.01  0.0    0  3.5 10 190   M    M   8 1      15 190
20  81  73  77  -3   0  12 0.18  0.0    0  3.1 12  90   M    M  10 1      15  90
21  87  70  79  -1   0  14 0.00  0.0    0  3.6 12  40   M    M   6 123    14  40
22  87  72  80   0   0  15    T  0.0    0  4.9 10 130   M    M   5 3      15 130
23  89  70  80   0   0  15 0.03  0.0    0  2.2 16 250   M    M   3 13     20 240
24  88  69  79  -1   0  14 0.14  0.0    0  5.0 17 290   M    M   5 138    24 270
25  91  68  80   0   0  15 0.00  0.0    0  3.9 13 250   M    M   3 12     16 240
26  92  64  78  -2   0  13 0.00  0.0    0  3.7 13 220   M    M   0 1      16 220
27  96  69  83   3   0  18 0.00  0.0    0  6.1 16 250   M    M   1 1      21 240
28  92  75  84   4   0  19 0.10  0.0    0  8.3 18 250   M    M   2 138    24 250
29  84  62  73  -7   0   8 0.00  0.0    0  5.7 17 360   M    M   1        28 300
30  85  54  70 -10   0   5 0.00  0.0    0  4.5 13 360   M    M   0        18 340
31  87  65  76  -4   0  11    T  0.0    0  5.3 15 360   M    M   1        19 360
================================================================================
SM 2732 2094         0 408  0.57     0.0 138.3          M       81
================================================================================
AV 88.1 67.5                               4.5 FASTST   M    M   3    MAX(MPH)
                                 MISC ---->  # 20  20               # 28  300
================================================================================
NOTES:
# LAST OF SEVERAL OCCURRENCES

COLUMN 17 PEAK WIND IN M.P.H.

PRELIMINARY LOCAL CLIMATOLOGICAL DATA (WS FORM: F-6) , PAGE 2

                                          STATION:  ANNISTON
                                          MONTH:    JULY
                                          YEAR:     2014
                                          LATITUDE:   33 35 N
                                          LONGITUDE:  85 51 W

[TEMPERATURE DATA]      [PRECIPITATION DATA]       SYMBOLS USED IN COLUMN 16

AVERAGE MONTHLY: 77.8   TOTAL FOR MONTH:   0.57    1 = FOG OR MIST
DPTR FM NORMAL:  -2.2   DPTR FM NORMAL:   -4.05    2 = FOG REDUCING VISIBILITY
HIGHEST:    96 ON 27    GRTST 24HR  1.00 ON 30- 1      TO 1/4 MILE OR LESS
LOWEST:     54 ON 30                               3 = THUNDER
                        SNOW, ICE PELLETS, HAIL    4 = ICE PELLETS
                        TOTAL MONTH:   0.0 INCH    5 = HAIL
                        GRTST 24HR     0.0         6 = FREEZING RAIN OR DRIZZLE
                        GRTST DEPTH:   0           7 = DUSTSTORM OR SANDSTORM:
                                                       VSBY 1/2 MILE OR LESS
                                                   8 = SMOKE OR HAZE
[NO. OF DAYS WITH]      [WEATHER - DAYS WITH]      9 = BLOWING SNOW
                                                   X = TORNADO
MAX 32 OR BELOW:   0    0.01 INCH OR MORE:   9
MAX 90 OR ABOVE:  12    0.10 INCH OR MORE:   3
MIN 32 OR BELOW:   0    0.50 INCH OR MORE:   0
MIN  0 OR BELOW:   0    1.00 INCH OR MORE:   0

[HDD (BASE 65) ]
TOTAL THIS MO.     0    CLEAR  (SCALE 0-3)  19
DPTR FM NORMAL     0    PTCLDY (SCALE 4-7)  10
TOTAL FM JUL 1     0    CLOUDY (SCALE 8-10)  2
DPTR FM NORMAL     0

[CDD (BASE 65) ]
TOTAL THIS MO.   408
DPTR FM NORMAL   -57    [PRESSURE DATA]
TOTAL FM JAN 1  1045    HIGHEST SLP 30.21 ON  5
DPTR FM NORMAL   -19    LOWEST  SLP 29.82 ON 15

[REMARKS]
#FINAL-07-14#




U.S. Dept. of Commerce
NOAA National Weather Service
1325 East West Highway
Silver Spring, MD 20910
E-mail: w-nws.webmaster@noaa.gov
Page last modified: May 16, 2007
NATIONAL WEATHER SERVICE: for Safety, for Work, for Fun - FOR LIFE