931
CXUS54 KBMX 301216
CF6ANB
PRELIMINARY LOCAL CLIMATOLOGICAL DATA (WS FORM: F-6)

                                          STATION:   ANNISTON
                                          MONTH:     AUGUST
                                          YEAR:      2014
                                          LATITUDE:   33 35 N
                                          LONGITUDE:  85 51 W

  TEMPERATURE IN F:       :PCPN:    SNOW:  WIND      :SUNSHINE: SKY     :PK WND
================================================================================
1   2   3   4   5  6A  6B    7    8   9   10  11  12  13   14  15   16   17  18
                                     12Z  AVG MX 2MIN
DY MAX MIN AVG DEP HDD CDD  WTR  SNW DPTH SPD SPD DIR MIN PSBL S-S WX    SPD DR
================================================================================

 1  87  69  78  -2   0  13 0.00  0.0    0  5.0  9 100   M    M   5        13  60
 2  89  69  79  -1   0  14 0.00  0.0    0  5.0 10 100   M    M   1        14 140
 3  90  69  80   0   0  15 0.00  0.0    0  5.0 12  60   M    M   1        16  80
 4  93  67  80   0   0  15 0.00  0.0    0  3.8 15 360   M    M   1 18     18 360
 5  94  65  80   0   0  15 0.00  0.0    0  4.5 14  20   M    M   2        20  70
 6  95  66  81   1   0  16    T  0.0    0  3.1 10 260   M    M   2        19 280
 7  99  68  84   4   0  19    T  0.0    0  4.1 14 270   M    M   2 138    20 270
 8  97  72  85   5   0  20 0.53  0.0    0  5.3 20 340   M    M   3 13     27 330
 9  91  71  81   1   0  16 0.04  0.0    0  4.4 24 270   M    M   3 13     39 250
10  90  72  81   1   0  16    T  0.0    0  3.3 12 250   M    M   5 18     15 230
11  86  73  80   0   0  15 0.33  0.0    0  2.4 17 270   M    M   4 13     24 260
12  91  72  82   2   0  17 0.00  0.0    0  5.2 16 270   M    M   7 1      21 320
13  86  64  75  -5   0  10 0.00  0.0    0  5.2 14 340   M    M   1        22 300
14  87  57  72  -8   0   7 0.00  0.0    0  2.7 12  40   M    M   1 1      20  90
15  89  60  75  -5   0  10 0.00  0.0    0  1.4  8  10   M    M   2 1      12  50
16  91  61  76  -4   0  11 0.00  0.0    0  3.8 15 250   M    M   1 1      19 230
17  93  67  80   0   0  15 1.15  0.0    0  3.6 23 310   M    M   1 138    34 310
18  91  70  81   1   0  16 0.03  0.0    0  5.8 29 240   M    M   5 13     40 230
19  91  71  81   1   0  16 0.14  0.0    0  6.0 17 300   M    M   5 13     21 300
20  93  71  82   2   0  17 0.71  0.0    0  5.1 24 100   M    M   0 138    29 100
21  94  69  82   2   0  17 0.22  0.0    0  3.5 12 350   M    M   0 38     16 350
22  94  71  83   4   0  18 0.11  0.0    0  2.1 12 140   M    M   2 13     19  60
23  96  71  84   5   0  19 0.00  0.0    0  3.3 16  10   M    M   1 1      20  20
24  93  72  83   4   0  18    T  0.0    0  4.4 14  70   M    M   3 13     20  90
25  86  70  78  -1   0  13 0.00  0.0    0  6.1 14  70   M    M   3        19  70
26  88  63  76  -3   0  11 0.00  0.0    0  4.2 13 100   M    M   0        16  70
27  92  64  78  -1   0  13 0.00  0.0    0  3.0  9 110   M    M   0        13 100
28  92  64  78   0   0  13 0.00  0.0    0  3.3  9 150   M    M   0        12 150
29  93  64  79   1   0  14 0.00  0.0    0  2.5 12 130   M    M   0        17 150
================================================================================
SM 2651 1962         0 429  3.26     0.0 117.1          M       61
================================================================================
AV 91.4 67.7                               4.0 FASTST   M    M   2    MAX(MPH)
                                 MISC ---->  # 29 240               # 40  230
================================================================================
NOTES:
# LAST OF SEVERAL OCCURRENCES

COLUMN 17 PEAK WIND IN M.P.H.

PRELIMINARY LOCAL CLIMATOLOGICAL DATA (WS FORM: F-6) , PAGE 2

                                          STATION:  ANNISTON
                                          MONTH:    AUGUST
                                          YEAR:     2014
                                          LATITUDE:   33 35 N
                                          LONGITUDE:  85 51 W

[TEMPERATURE DATA]      [PRECIPITATION DATA]       SYMBOLS USED IN COLUMN 16

AVERAGE MONTHLY: 79.5   TOTAL FOR MONTH:   3.26    1 = FOG OR MIST
DPTR FM NORMAL:  -0.1   DPTR FM NORMAL:    0.17    2 = FOG REDUCING VISIBILITY
HIGHEST:    99 ON  7    GRTST 24HR  1.15 ON 17-17      TO 1/4 MILE OR LESS
LOWEST:     57 ON 14                               3 = THUNDER
                        SNOW, ICE PELLETS, HAIL    4 = ICE PELLETS
                        TOTAL MONTH:   0.0 INCH    5 = HAIL
                        GRTST 24HR     0.0         6 = FREEZING RAIN OR DRIZZLE
                        GRTST DEPTH:   0           7 = DUSTSTORM OR SANDSTORM:
                                                       VSBY 1/2 MILE OR LESS
                                                   8 = SMOKE OR HAZE
[NO. OF DAYS WITH]      [WEATHER - DAYS WITH]      9 = BLOWING SNOW
                                                   X = TORNADO
MAX 32 OR BELOW:   0    0.01 INCH OR MORE:   9
MAX 90 OR ABOVE:  21    0.10 INCH OR MORE:   7
MIN 32 OR BELOW:   0    0.50 INCH OR MORE:   3
MIN  0 OR BELOW:   0    1.00 INCH OR MORE:   1

[HDD (BASE 65) ]
TOTAL THIS MO.     0    CLEAR  (SCALE 0-3)  22
DPTR FM NORMAL     0    PTCLDY (SCALE 4-7)   7
TOTAL FM JUL 1     0    CLOUDY (SCALE 8-10)  0
DPTR FM NORMAL     0

[CDD (BASE 65) ]
TOTAL THIS MO.   429
DPTR FM NORMAL     4    [PRESSURE DATA]
TOTAL FM JAN 1  1474    HIGHEST SLP M ON M
DPTR FM NORMAL   -15    LOWEST  SLP 29.86 ON 12

[REMARKS]




U.S. Dept. of Commerce
NOAA National Weather Service
1325 East West Highway
Silver Spring, MD 20910
E-mail: w-nws.webmaster@noaa.gov
Page last modified: May 16, 2007
NATIONAL WEATHER SERVICE: for Safety, for Work, for Fun - FOR LIFE