711
CXUS54 KBMX 311216
CF6ANB
PRELIMINARY LOCAL CLIMATOLOGICAL DATA (WS FORM: F-6)

                                          STATION:   ANNISTON
                                          MONTH:     JANUARY
                                          YEAR:      2015
                                          LATITUDE:   33 35 N
                                          LONGITUDE:  85 51 W

  TEMPERATURE IN F:       :PCPN:    SNOW:  WIND      :SUNSHINE: SKY     :PK WND
================================================================================
1   2   3   4   5  6A  6B    7    8   9   10  11  12  13   14  15   16   17  18
                                     12Z  AVG MX 2MIN
DY MAX MIN AVG DEP HDD CDD  WTR  SNW DPTH SPD SPD DIR MIN PSBL S-S WX    SPD DR
================================================================================

 1  53  31  42  -1  23   0 0.08  0.0    0  3.0  8 360   M    M   6 1      10 360
 2  50  43  47   4  18   0 0.63    M    0  6.4 14  70   M    M   9 1      19  70
 3  70  50  60  17   5   0 1.68  0.0    0  7.9 22 250   M    M  10 13     33 250
 4  63  43  53  10  12   0 1.54  0.0    0  9.1 20 290   M    M   6 13     25 250
 5  48  33  41  -2  24   0 0.00  0.0    0  6.1 16  10   M    M   3        20 330
 6  53  28  41  -2  24   0 0.00  0.0    0  4.1 15 250   M    M   0        20 260
 7  40  14  27 -16  38   0 0.00  0.0    0  8.5 23 360   M    M   3        35 360
 8  35  10  23 -20  42   0 0.00  0.0    0  3.9 13  60   M    M   0        19  10
 9  39  19  29 -14  36   0 0.00  0.0    0  4.7 12 360   M    M   0        16 360
10  49  21  35  -8  30   0 0.00  0.0    0  4.8 12 360   M    M   0        17 360
11  50  32  41  -2  24   0 0.01  0.0    0  9.2 15  90   M    M   7        20 100
12  53  42  48   5  17   0 0.05  0.0    0  5.7 14  60   M    M  10 1      18  50
13  50  41  46   3  19   0 0.00  0.0    0  5.2 12 360   M    M  10 18     15  20
14  46  36  41  -2  24   0 0.00  0.0    0  3.6 12 360   M    M  10 1      13 360
15  40  34  37  -6  28   0 0.08  0.0    0  2.6  9 250   M    M   8 1      10 240
16  54  28  41  -2  24   0 0.00  0.0    0  2.0 10 360   M    M   1 18     16 340
17  62  29  46   3  19   0 0.00  0.0    0  3.9 13 190   M    M   0        17 190
18  60  30  45   2  20   0 0.00  0.0    0  5.8 18 280   M    M   2        27 280
19  67  28  48   5  17   0 0.00  0.0    0  4.4 18 240   M    M   0        24 230
20  66  33  50   7  15   0 0.00  0.0    0  3.1 14 240   M    M   0        19 220
21  64  32  48   5  17   0 0.00  0.0    0  3.1 15  10   M    M   0 1      19  20
22  53  32  43   0  22   0 0.33  0.0    0  4.6 12  40   M    M   7 18     18  60
23  49  42  46   3  19   0 0.97  0.0    0  8.0 16  60   M    M  10 1      22  80
24  49  30  40  -4  25   0 0.01  0.0    0  8.1 18 250   M    M   4 1      24 250
25  61  28  45   1  20   0 0.12  0.0    0  6.2 29 280   M    M   3 1      39 300
26  45  32  39  -5  26   0    T  0.0    0  8.7 20 290   M    M   8        29 290
27  55  33  44   0  21   0 0.00  0.0    0  7.2 21 340   M    M   2        29 300
28  57  32  45   1  20   0 0.00  0.0    0  2.3 12  70   M    M   1        16  70
29  64  31  48   4  17   0 0.00  0.0    0  4.6 20 220   M    M   3        26 310
30  52  28  40  -4  25   0 0.00  0.0    0  7.1 17  10   M    M   3        25 330
================================================================================
SM 1597  945       671   0  5.50     0.0 163.9          M      126
================================================================================
AV 53.2 31.5                               5.5 FASTST   M    M   4    MAX(MPH)
                                 MISC ---->  # 29 280               # 39  300
================================================================================
NOTES:
# LAST OF SEVERAL OCCURRENCES

COLUMN 17 PEAK WIND IN M.P.H.

PRELIMINARY LOCAL CLIMATOLOGICAL DATA (WS FORM: F-6) , PAGE 2

                                          STATION:  ANNISTON
                                          MONTH:    JANUARY
                                          YEAR:     2015
                                          LATITUDE:   33 35 N
                                          LONGITUDE:  85 51 W

[TEMPERATURE DATA]      [PRECIPITATION DATA]       SYMBOLS USED IN COLUMN 16

AVERAGE MONTHLY: 42.4   TOTAL FOR MONTH:   5.50    1 = FOG OR MIST
DPTR FM NORMAL:  -0.9   DPTR FM NORMAL:    1.15    2 = FOG REDUCING VISIBILITY
HIGHEST:    70 ON  3    GRTST 24HR  3.22 ON  3- 4      TO 1/4 MILE OR LESS
LOWEST:     10 ON  8                               3 = THUNDER
                        SNOW, ICE PELLETS, HAIL    4 = ICE PELLETS
                        TOTAL MONTH:   0.0 INCH    5 = HAIL
                        GRTST 24HR     0.0         6 = FREEZING RAIN OR DRIZZLE
                        GRTST DEPTH:   0           7 = DUSTSTORM OR SANDSTORM:
                                                       VSBY 1/2 MILE OR LESS
                                                   8 = SMOKE OR HAZE
[NO. OF DAYS WITH]      [WEATHER - DAYS WITH]      9 = BLOWING SNOW
                                                   X = TORNADO
MAX 32 OR BELOW:   0    0.01 INCH OR MORE:  11
MAX 90 OR ABOVE:   0    0.10 INCH OR MORE:   6
MIN 32 OR BELOW:  19    0.50 INCH OR MORE:   4
MIN  0 OR BELOW:   0    1.00 INCH OR MORE:   2

[HDD (BASE 65) ]
TOTAL THIS MO.   671    CLEAR  (SCALE 0-3)  15
DPTR FM NORMAL    18    PTCLDY (SCALE 4-7)   8
TOTAL FM JUL 1  1809    CLOUDY (SCALE 8-10)  7
DPTR FM NORMAL    54

[CDD (BASE 65) ]
TOTAL THIS MO.     0
DPTR FM NORMAL     0    [PRESSURE DATA]
TOTAL FM JAN 1     0    HIGHEST SLP M ON M
DPTR FM NORMAL     0    LOWEST  SLP 29.73 ON 25

[REMARKS]




U.S. Dept. of Commerce
NOAA National Weather Service
1325 East West Highway
Silver Spring, MD 20910
E-mail: w-nws.webmaster@noaa.gov
Page last modified: May 16, 2007
NATIONAL WEATHER SERVICE: for Safety, for Work, for Fun - FOR LIFE