587
CXUS53 KDMX 011006
CF6AMW
PRELIMINARY LOCAL CLIMATOLOGICAL DATA (WS FORM: F-6)

                                          STATION:   AMES IA
                                          MONTH:     NOVEMBER
                                          YEAR:      2014
                                          LATITUDE:   41 59 N
                                          LONGITUDE:  93 37 W

  TEMPERATURE IN F:       :PCPN:    SNOW:  WIND      :SUNSHINE: SKY     :PK WND
================================================================================
1   2   3   4   5  6A  6B    7    8   9   10  11  12  13   14  15   16   17  18
                                     12Z  AVG MX 2MIN
DY MAX MIN AVG DEP HDD CDD  WTR  SNW DPTH SPD SPD DIR MIN PSBL S-S WX    SPD DR
================================================================================

 1  46  18  32 -12  33   0 0.00  0.0    0  7.8 18 140   M    M   0        23 170
 2  60  33  47   3  18   0 0.00  0.0    0 13.7 25 190   M    M   2        32 180
 3  62  41  52   9  13   0 0.05  0.0    0 10.8 23 330   M    M   4 1      30 320
 4  58  38  48   6  17   0 0.00  0.0    0 12.4 23 260   M    M   1        28 250
 5  60  35  48   6  17   0 0.02  0.0    0 12.0 29 310   M    M   5 3      40 320
 6  48  26  37  -5  28   0 0.00  0.0    0 15.4 32 330   M    M   4        47 320
 7  55  24  40  -1  25   0    T  0.0    0 10.7 33 340   M    M   2        42 340
 8  48  31  40   0  25   0 0.00  0.0    0 17.5 37 330   M    M   4 8      48 340
 9  52  37  45   5  20   0 0.00  0.0    0  6.9 13 270   M    M   4        17 250
10  61  28  45   6  20   0 0.00  0.0    0 15.5 31 340   M    M   4 1      42 350
11  28  21  25 -14  40   0    T    M    M 21.2 35 330   M    M  10 18     42 330
12  24  17  21 -17  44   0    T    M    M 14.2 22 310   M    M   9        31 310
13  28  15  22 -16  43   0    T    M    M 12.9 24 320   M    M   9 18     29 320
14  27   9  18 -19  47   0 0.00  0.0    M  4.2 12 310   M    M   1 8      17 310
15  27  14  21 -16  44   0 0.12    M    M  4.2 10 170   M    M   9 18     14 120
16  24   8  16 -20  49   0 0.01    M    M 11.4 21 310   M    M   6 18     26 300
17  17   8  13 -23  52   0    T    M    M 17.0 29 310   M    M   4 8      37 310
18  22   5  14 -21  51   0    T    M    M 10.0 17 270   M    M   7 8      20 260
19  29  14  22 -12  43   0    T    M    M 14.6 32 330   M    M   8 8      42 330
20  25   5  15 -19  50   0 0.00  0.0    M  7.7 20 320   M    M   1        26 300
21  37   5  21 -12  44   0 0.00  0.0    M  9.1 20 160   M    M   4        25 160
22  55  35  45  12  20   0 0.00  0.0    M 11.0 20 210   M    M   8 18     24 200
23  54  34  44  12  21   0 0.56  0.0    M 12.6 31 330   M    M  10 1      40 320
24  34  22  28  -4  37   0    T    M    M 21.4 31 300   M    M  10        41 300
25  33  14  24  -7  41   0 0.00  0.0    M  8.6 20 330   M    M   1        23 310
26  30  19  25  -6  40   0    M    M    M 13.2 22  10   M    M  10 18     29 350
27  19  -2   9 -21  56   0    T    M    M  9.2 21 320   M    M   5        25 330
28  33  11  22  -8  43   0 0.00  0.0    M  8.2 17 140   M    M   2        23 140
29  47  23  35   6  30   0 0.00  0.0    M  5.6 22 350   M    M   0 12     27 340
30  31  11  21  -8  44   0 0.00  0.0    M 21.0 31 350   M    M   2 1      38 360
================================================================================
SM 1174  599      1055   0  0.76     0.0 360.0          M      146
================================================================================
AV 39.1 20.0                              12.0 FASTST   M    M   5    MAX(MPH)
                                 MISC ---->  # 37 330               # 48  340
================================================================================
NOTES:
# LAST OF SEVERAL OCCURRENCES

COLUMN 17 PEAK WIND IN M.P.H.

PRELIMINARY LOCAL CLIMATOLOGICAL DATA (WS FORM: F-6) , PAGE 2

                                          STATION:  AMES IA
                                          MONTH:    NOVEMBER
                                          YEAR:     2014
                                          LATITUDE:   41 59 N
                                          LONGITUDE:  93 37 W

[TEMPERATURE DATA]      [PRECIPITATION DATA]       SYMBOLS USED IN COLUMN 16

AVERAGE MONTHLY: 29.6   TOTAL FOR MONTH:   0.76    1 = FOG OR MIST
DPTR FM NORMAL:  -6.9   DPTR FM NORMAL:   -1.34    2 = FOG REDUCING VISIBILITY
HIGHEST:    62 ON  3    GRTST 24HR  0.56 ON 23-23      TO 1/4 MILE OR LESS
LOWEST:     -2 ON 27                               3 = THUNDER
                        SNOW, ICE PELLETS, HAIL    4 = ICE PELLETS
                        TOTAL MONTH:   0.0 INCH    5 = HAIL
                        GRTST 24HR     0.0         6 = FREEZING RAIN OR DRIZZLE
                        GRTST DEPTH:   0           7 = DUSTSTORM OR SANDSTORM:
                                                       VSBY 1/2 MILE OR LESS
                                                   8 = SMOKE OR HAZE
[NO. OF DAYS WITH]      [WEATHER - DAYS WITH]      9 = BLOWING SNOW
                                                   X = TORNADO
MAX 32 OR BELOW:  13    0.01 INCH OR MORE:   5
MAX 90 OR ABOVE:   0    0.10 INCH OR MORE:   2
MIN 32 OR BELOW:  23    0.50 INCH OR MORE:   1
MIN  0 OR BELOW:   1    1.00 INCH OR MORE:   0

[HDD (BASE 65) ]
TOTAL THIS MO.  1055    CLEAR  (SCALE 0-3)  10
DPTR FM NORMAL   197    PTCLDY (SCALE 4-7)  11
TOTAL FM JUL 1  1622    CLOUDY (SCALE 8-10)  9
DPTR FM NORMAL   168

[CDD (BASE 65) ]
TOTAL THIS MO.     0
DPTR FM NORMAL     0    [PRESSURE DATA]
TOTAL FM JAN 1   650    HIGHEST SLP 30.60 ON 27
DPTR FM NORMAL  -102    LOWEST  SLP 29.32 ON 23

[REMARKS]
#FINAL-11-14#




U.S. Dept. of Commerce
NOAA National Weather Service
1325 East West Highway
Silver Spring, MD 20910
E-mail: w-nws.webmaster@noaa.gov
Page last modified: May 16, 2007
NATIONAL WEATHER SERVICE: for Safety, for Work, for Fun - FOR LIFE