723
CXUS53 KDMX 260920
CF6AMW
PRELIMINARY LOCAL CLIMATOLOGICAL DATA (WS FORM: F-6)

                                          STATION:   AMES IA
                                          MONTH:     JULY
                                          YEAR:      2014
                                          LATITUDE:   41 59 N
                                          LONGITUDE:  93 37 W

  TEMPERATURE IN F:       :PCPN:    SNOW:  WIND      :SUNSHINE: SKY     :PK WND
================================================================================
1   2   3   4   5  6A  6B    7    8   9   10  11  12  13   14  15   16   17  18
                                     12Z  AVG MX 2MIN
DY MAX MIN AVG DEP HDD CDD  WTR  SNW DPTH SPD SPD DIR MIN PSBL S-S WX    SPD DR
================================================================================

 1  76  58  67  -6   0   2 0.18  0.0    0 13.7 35 280   M    M   5 1      44 280
 2  68  52  60 -13   5   0    T  0.0    0  9.5 20 340   M    M   7        26 330
 3  76  49  63 -10   2   0 0.00  0.0    0  4.9 20 320   M    M   1 8      25 340
 4  79  52  66  -7   0   1    T  0.0    0  6.5 15 140   M    M   2 13     19 130
 5  76  62  69  -4   0   4 0.84  0.0    0 10.6 22 180   M    M   7 13     28 170
 6  87  66  77   4   0  12 0.00  0.0    0  9.3 18 270   M    M   5 138    24 260
 7  86  64  75   2   0  10 0.00  0.0    0  6.4 18 330   M    M   1        23 330
 8  80  63  72  -1   0   7 0.00  0.0    0 12.3 22 320   M    M   2        30 310
 9  79  56  68  -6   0   3 0.00  0.0    0  5.8 14 260   M    M   1 8      18 260
10  82  58  70  -4   0   5 0.00  0.0    0  7.7 18 170   M    M   1 18     26 160
11  75  63  69  -5   0   4 0.16  0.0    0  5.6 18 140   M    M   3 13     24 140
12  83  64  74   0   0   9 1.00  0.0    0  6.0 24 300   M    M   3 13     32 300
13  83  62  73  -1   0   8 0.21  0.0    0  6.9 26 340   M    M   3 12     33 340
14  74  57  66  -8   0   1 0.00  0.0    0 12.4 28 340   M    M   2 1      36 340
15  71  52  62 -12   3   0 0.00  0.0    0  9.8 20 320   M    M   5        25 330
16  75  50  63 -11   2   0 0.00  0.0    0  2.3  8 250   M    M   3 18     11 280
17  78  51  65  -9   0   0 0.00  0.0    0  3.5 13 190   M    M   3        17 190
18  79  54  67  -7   0   2 0.00  0.0    0  6.3 14 160   M    M   6 1      19 160
19  80  61  71  -3   0   6 0.00  0.0    0  7.8 18 190   M    M   4 1      24 170
20  83  61  72  -2   0   7 0.00  0.0    0  9.5 21 190   M    M   0 1      25 190
21  90  67  79   5   0  14 0.00  0.0    0  9.7 20 160   M    M   2 1      25 150
22  88  70  79   6   0  14 0.00  0.0    0  9.6 20 350   M    M   1 18     26 350
23  82  61  72  -1   0   7 0.00  0.0    0  6.6 16  30   M    M   1 8      20  10
24  79  56  68  -5   0   3 0.08  0.0    0  5.8 25 190   M    M   2 1      31 190
25  80  62  71  -2   0   6 0.51  0.0    0 11.6 31 170   M    M   6 13     45 190
================================================================================
SM 1989 1471        12 125  2.98     0.0 200.1          M       76
================================================================================
AV 79.6 58.8                               8.0 FASTST   M    M   3    MAX(MPH)
                                 MISC ---->  # 35 280               # 45  190
================================================================================
NOTES:
# LAST OF SEVERAL OCCURRENCES

COLUMN 17 PEAK WIND IN M.P.H.

PRELIMINARY LOCAL CLIMATOLOGICAL DATA (WS FORM: F-6) , PAGE 2

                                          STATION:  AMES IA
                                          MONTH:    JULY
                                          YEAR:     2014
                                          LATITUDE:   41 59 N
                                          LONGITUDE:  93 37 W

[TEMPERATURE DATA]      [PRECIPITATION DATA]       SYMBOLS USED IN COLUMN 16

AVERAGE MONTHLY: 69.2   TOTAL FOR MONTH:   2.98    1 = FOG OR MIST
DPTR FM NORMAL:  -4.3   DPTR FM NORMAL:   -0.96    2 = FOG REDUCING VISIBILITY
HIGHEST:    90 ON 21    GRTST 24HR  1.64 ON 30- 1      TO 1/4 MILE OR LESS
LOWEST:     49 ON  3                               3 = THUNDER
                        SNOW, ICE PELLETS, HAIL    4 = ICE PELLETS
                        TOTAL MONTH:   0.0 INCH    5 = HAIL
                        GRTST 24HR     0.0         6 = FREEZING RAIN OR DRIZZLE
                        GRTST DEPTH:   0           7 = DUSTSTORM OR SANDSTORM:
                                                       VSBY 1/2 MILE OR LESS
                                                   8 = SMOKE OR HAZE
[NO. OF DAYS WITH]      [WEATHER - DAYS WITH]      9 = BLOWING SNOW
                                                   X = TORNADO
MAX 32 OR BELOW:   0    0.01 INCH OR MORE:   7
MAX 90 OR ABOVE:   1    0.10 INCH OR MORE:   6
MIN 32 OR BELOW:   0    0.50 INCH OR MORE:   3
MIN  0 OR BELOW:   0    1.00 INCH OR MORE:   1

[HDD (BASE 65) ]
TOTAL THIS MO.    12    CLEAR  (SCALE 0-3)  16
DPTR FM NORMAL    12    PTCLDY (SCALE 4-7)   9
TOTAL FM JUL 1    12    CLOUDY (SCALE 8-10)  0
DPTR FM NORMAL    12

[CDD (BASE 65) ]
TOTAL THIS MO.   125
DPTR FM NORMAL   -92    [PRESSURE DATA]
TOTAL FM JAN 1   357    HIGHEST SLP M ON M
DPTR FM NORMAL   -83    LOWEST  SLP 29.67 ON  7

[REMARKS]




U.S. Dept. of Commerce
NOAA National Weather Service
1325 East West Highway
Silver Spring, MD 20910
E-mail: w-nws.webmaster@noaa.gov
Page last modified: May 16, 2007
NATIONAL WEATHER SERVICE: for Safety, for Work, for Fun - FOR LIFE