715
CXUS53 KDMX 310920
CF6AMW
PRELIMINARY LOCAL CLIMATOLOGICAL DATA (WS FORM: F-6)

                                          STATION:   AMES IA
                                          MONTH:     AUGUST
                                          YEAR:      2014
                                          LATITUDE:   41 59 N
                                          LONGITUDE:  93 37 W

  TEMPERATURE IN F:       :PCPN:    SNOW:  WIND      :SUNSHINE: SKY     :PK WND
================================================================================
1   2   3   4   5  6A  6B    7    8   9   10  11  12  13   14  15   16   17  18
                                     12Z  AVG MX 2MIN
DY MAX MIN AVG DEP HDD CDD  WTR  SNW DPTH SPD SPD DIR MIN PSBL S-S WX    SPD DR
================================================================================

 1  83  54  69  -4   0   4 0.00  0.0    0  1.9  8 150   M    M   1 1      32 330
 2  84  56  70  -3   0   5 0.00  0.0    0  2.4  7 120   M    M   1 13      M  M
 3  85  61  73   0   0   8 0.00  0.0    0  2.3 10 170   M    M   2 1      14 160
 4  85  60  73   0   0   8 0.00  0.0    0  1.9 14  50   M    M   4 128    19  50
 5  79  60  70  -3   0   5 0.02  0.0    0  3.4 10  70   M    M   2 18     13  60
 6  70  64  67  -5   0   2 1.07  0.0    0  5.8 13  90   M    M   8 1      17  90
 7  71  67  69  -3   0   4 0.18  0.0    0  6.5 13 110   M    M  10 18     19 120
 8  79  64  72   0   0   7 0.00  0.0    0  5.2 15  70   M    M   4 1      17  70
 9  80  63  72   0   0   7 0.00  0.0    0  4.7 14 130   M    M   3 1      17 130
10  78  62  70  -2   0   5 0.00  0.0    0  2.6  9 160   M    M   3 18     11 160
11  79  62  71  -1   0   6 0.00  0.0    0 12.5 24 350   M    M   3 1      30 340
12  77  55  66  -6   0   1 0.00  0.0    M  8.9 21 340   M    M   1        25 340
13  81  53  67  -5   0   2 0.00  0.0    0  3.7 10 280   M    M   0 1      16 270
14  80  55  68  -4   0   3 0.00  0.0    0  2.9  8 130   M    M   0 1      10 140
15  70  65  68  -3   0   3 0.31  0.0    0  5.4 13 180   M    M   6 1      16 180
16  80  64  72   1   0   7 0.00  0.0    0  4.1 12  80   M    M   7 1      15  80
17  84  60  72   1   0   7 0.00  0.0    0  3.2 12 150   M    M   4 12     14 160
18  86  66  76   5   0  11 0.00  0.0    0  7.9 16 230   M    M   1 1      21 220
19  84  63  74   3   0   9 0.00  0.0    0  6.4 13 300   M    M   1 18     17 300
20  78  62  70  -1   0   5 0.32  0.0    0  5.4 17 200   M    M   2 13     22 210
21  86  71  79   9   0  14 0.25  0.0    0  7.3 17 190   M    M   3 13     23 190
22  88  70  79   9   0  14 0.02  0.0    0  2.5 21 250   M    M   3 13     27 240
23  84  71  78   8   0  13 0.37  0.0    0  6.8 17 240   M    M   6 13     23 230
24  91  71  81  11   0  16 0.00  0.0    0  7.9 16 160   M    M   3 1      22 160
25  88  69  79   9   0  14 0.04  0.0    0  6.6 16 350   M    M   2 13     20 330
26  78  63  71   2   0   6 1.16  0.0    0  5.6 25 310   M    M   3 13     32 310
27  76  64  70   1   0   5 0.02  0.0    0  3.6 12 110   M    M   6 13     14 120
28  77  65  71   2   0   6 2.08  0.0    0  7.6 20 150   M    M   8 13     24 170
29  84  65  75   6   0  10 0.19  0.0    0  7.4 16 170   M    M   5 13     23 160
30  80  59  70   2   0   5 0.01  0.0    0  6.6 14 270   M    M   5 1      17 260
================================================================================
SM 2425 1884         0 212  6.04     0.0 159.0          M      107
================================================================================
AV 80.8 62.8                               5.3 FASTST   M    M   4    MAX(MPH)
                                 MISC ---->  # 25 310               # 32  330
================================================================================
NOTES:
# LAST OF SEVERAL OCCURRENCES

COLUMN 17 PEAK WIND IN M.P.H.

PRELIMINARY LOCAL CLIMATOLOGICAL DATA (WS FORM: F-6) , PAGE 2

                                          STATION:  AMES IA
                                          MONTH:    AUGUST
                                          YEAR:     2014
                                          LATITUDE:   41 59 N
                                          LONGITUDE:  93 37 W

[TEMPERATURE DATA]      [PRECIPITATION DATA]       SYMBOLS USED IN COLUMN 16

AVERAGE MONTHLY: 71.8   TOTAL FOR MONTH:   6.04    1 = FOG OR MIST
DPTR FM NORMAL:   0.7   DPTR FM NORMAL:    1.75    2 = FOG REDUCING VISIBILITY
HIGHEST:    91 ON 24    GRTST 24HR  2.21 ON 28-29      TO 1/4 MILE OR LESS
LOWEST:     53 ON 13                               3 = THUNDER
                        SNOW, ICE PELLETS, HAIL    4 = ICE PELLETS
                        TOTAL MONTH:   0.0 INCH    5 = HAIL
                        GRTST 24HR     0.0         6 = FREEZING RAIN OR DRIZZLE
                        GRTST DEPTH:   0           7 = DUSTSTORM OR SANDSTORM:
                                                       VSBY 1/2 MILE OR LESS
                                                   8 = SMOKE OR HAZE
[NO. OF DAYS WITH]      [WEATHER - DAYS WITH]      9 = BLOWING SNOW
                                                   X = TORNADO
MAX 32 OR BELOW:   0    0.01 INCH OR MORE:  14
MAX 90 OR ABOVE:   1    0.10 INCH OR MORE:   9
MIN 32 OR BELOW:   0    0.50 INCH OR MORE:   3
MIN  0 OR BELOW:   0    1.00 INCH OR MORE:   3

[HDD (BASE 65) ]
TOTAL THIS MO.     0    CLEAR  (SCALE 0-3)  16
DPTR FM NORMAL    -6    PTCLDY (SCALE 4-7)  12
TOTAL FM JUL 1    12    CLOUDY (SCALE 8-10)  2
DPTR FM NORMAL     2

[CDD (BASE 65) ]
TOTAL THIS MO.   212
DPTR FM NORMAL    18    [PRESSURE DATA]
TOTAL FM JAN 1   593    HIGHEST SLP M ON M
DPTR FM NORMAL   -87    LOWEST  SLP 29.70 ON 19

[REMARKS]




U.S. Dept. of Commerce
NOAA National Weather Service
1325 East West Highway
Silver Spring, MD 20910
E-mail: w-nws.webmaster@noaa.gov
Page last modified: May 16, 2007
NATIONAL WEATHER SERVICE: for Safety, for Work, for Fun - FOR LIFE