515
CXUS53 KDMX 010920
CF6AMW
PRELIMINARY LOCAL CLIMATOLOGICAL DATA (WS FORM: F-6)

                                          STATION:   AMES IA
                                          MONTH:     JANUARY
                                          YEAR:      2015
                                          LATITUDE:   41 59 N
                                          LONGITUDE:  93 37 W

  TEMPERATURE IN F:       :PCPN:    SNOW:  WIND      :SUNSHINE: SKY     :PK WND
================================================================================
1   2   3   4   5  6A  6B    7    8   9   10  11  12  13   14  15   16   17  18
                                     12Z  AVG MX 2MIN
DY MAX MIN AVG DEP HDD CDD  WTR  SNW DPTH SPD SPD DIR MIN PSBL S-S WX    SPD DR
================================================================================

 1  39  12  26   6  39   0 0.00  0.0    M 11.5 23 260   M    M   1        28 250
 2  31  14  23   3  42   0    T    M    M  3.6 12 120   M    M   2        13 130
 3  39  15  27   7  38   0 0.00  0.0    M  8.7 29 340   M    M   5 18     37 340
 4  13   0   7 -13  58   0 0.05    M    M 19.1 35 340   M    M   4 18     41 340
 5   9  -9   0 -20  65   0 0.27    M    M  8.2 16 150   M    M   6 128    21 140
 6  11  -8   2 -18  63   0    T    M    M 13.6 31 330   M    M   5 18     41 340
 7   4 -15  -5 -25  70   0    T    M    M 17.2 35 330   M    M   4 8      42 340
 8  24 -14   5 -15  60   0    T    M    M 20.3 37 310   M    M   6 8      47 310
 9  11  -7   2 -17  63   0    T    M    M 14.7 29 320   M    M   5 8      36 320
10  30 -10  10  -9  55   0 0.00  0.0    M  7.0 22 200   M    M   0        29 200
11  28   4  16  -3  49   0 0.00  0.0    M  5.5 16 360   M    M   0 1      20 360
12  16  -5   6 -13  59   0 0.00  0.0    M 13.0 24 360   M    M   1        27 360
13  17 -12   3 -16  62   0 0.00  0.0    M  4.3  9 160   M    M   1        12 150
14  25  12  19  -1  46   0 0.00  0.0    M  7.0 13 270   M    M   7        16 260
15  38  17  28   8  37   0 0.00  0.0    M  7.6 20 300   M    M   2 1      26 290
16  51  16  34  14  31   0 0.00  0.0    M  6.3 14 170   M    M   0 1      18 180
17  45  36  41  21  24   0    T    M    M 16.5 31 300   M    M   4        41 300
18  46  26  36  16  29   0 0.00  0.0    M  7.1 16 290   M    M   0        24 280
19  42  22  32  12  33   0 0.02    M    M  5.1 16 150   M    M   3 1      20 150
20  44  32  38  18  27   0 0.00  0.0    M  9.8 18 290   M    M   7        25 290
21  34  29  32  12  33   0 0.00  0.0    M 13.5 21 310   M    M  10 8      29 300
22  30  23  27   7  38   0 0.00  0.0    M  8.2 15 350   M    M   8        20 350
23  43  18  31  11  34   0 0.00  0.0    M  9.8 22 210   M    M   2 18     28 210
24  49  27  38  18  27   0 0.00  0.0    M  8.4 17 270   M    M   2        20 270
25  39  28  34  14  31   0 0.16    M    M 10.8 21  30   M    M  10 1      28  30
26  51  27  39  19  26   0 0.00  0.0    M 13.8 28 220   M    M   7        33 220
27  43  28  36  16  29   0 0.00  0.0    M  8.8 22 350   M    M   1 1      27 350
28  46  29  38  18  27   0 0.00  0.0    M 13.0 26 340   M    M   5 18     36 320
29  35  22  29   8  36   0 0.00  0.0    M 21.5 36 330   M    M   9 18     46 320
30  33  14  24   3  41   0 0.00  0.0    M  6.2 20 350   M    M   0        23 360
31  38  24  31  10  34   0 0.64    M    M  7.5 15 220   M    M   7 1      19 220
================================================================================
SM 1004  395      1306   0  1.14     0.0 327.6          M      124
================================================================================
AV 32.4 12.7                              10.6 FASTST   M    M   4    MAX(MPH)
                                 MISC ---->  # 37 310               # 47  310
================================================================================
NOTES:
# LAST OF SEVERAL OCCURRENCES

COLUMN 17 PEAK WIND IN M.P.H.

PRELIMINARY LOCAL CLIMATOLOGICAL DATA (WS FORM: F-6) , PAGE 2

                                          STATION:  AMES IA
                                          MONTH:    JANUARY
                                          YEAR:     2015
                                          LATITUDE:   41 59 N
                                          LONGITUDE:  93 37 W

[TEMPERATURE DATA]      [PRECIPITATION DATA]       SYMBOLS USED IN COLUMN 16

AVERAGE MONTHLY: 22.6   TOTAL FOR MONTH:   1.14    1 = FOG OR MIST
DPTR FM NORMAL:   2.8   DPTR FM NORMAL:    0.40    2 = FOG REDUCING VISIBILITY
HIGHEST:    51 ON 26,16 GRTST 24HR  0.64 ON 31-31      TO 1/4 MILE OR LESS
LOWEST:    -15 ON  7                               3 = THUNDER
                        SNOW, ICE PELLETS, HAIL    4 = ICE PELLETS
                        TOTAL MONTH:   0.0 INCH    5 = HAIL
                        GRTST 24HR     0.0         6 = FREEZING RAIN OR DRIZZLE
                        GRTST DEPTH:  M  ON   M    7 = DUSTSTORM OR SANDSTORM:
                                                       VSBY 1/2 MILE OR LESS
                                                   8 = SMOKE OR HAZE
[NO. OF DAYS WITH]      [WEATHER - DAYS WITH]      9 = BLOWING SNOW
                                                   X = TORNADO
MAX 32 OR BELOW:  13    0.01 INCH OR MORE:   5
MAX 90 OR ABOVE:   0    0.10 INCH OR MORE:   3
MIN 32 OR BELOW:  30    0.50 INCH OR MORE:   1
MIN  0 OR BELOW:   9    1.00 INCH OR MORE:   0

[HDD (BASE 65) ]
TOTAL THIS MO.  1306    CLEAR  (SCALE 0-3)  14
DPTR FM NORMAL   -95    PTCLDY (SCALE 4-7)  13
TOTAL FM JUL 1  4044    CLOUDY (SCALE 8-10)  4
DPTR FM NORMAL  -111

[CDD (BASE 65) ]
TOTAL THIS MO.     0
DPTR FM NORMAL     0    [PRESSURE DATA]
TOTAL FM JAN 1     0    HIGHEST SLP 31.05 ON  7
DPTR FM NORMAL     0    LOWEST  SLP 29.55 ON 25

[REMARKS]
#FINAL-01-15#




U.S. Dept. of Commerce
NOAA National Weather Service
1325 East West Highway
Silver Spring, MD 20910
E-mail: w-nws.webmaster@noaa.gov
Page last modified: May 16, 2007
NATIONAL WEATHER SERVICE: for Safety, for Work, for Fun - FOR LIFE