879
CXUS53 KDMX 300920
CF6AMW
PRELIMINARY LOCAL CLIMATOLOGICAL DATA (WS FORM: F-6)

                                          STATION:   AMES IA
                                          MONTH:     SEPTEMBER
                                          YEAR:      2014
                                          LATITUDE:   41 59 N
                                          LONGITUDE:  93 37 W

  TEMPERATURE IN F:       :PCPN:    SNOW:  WIND      :SUNSHINE: SKY     :PK WND
================================================================================
1   2   3   4   5  6A  6B    7    8   9   10  11  12  13   14  15   16   17  18
                                     12Z  AVG MX 2MIN
DY MAX MIN AVG DEP HDD CDD  WTR  SNW DPTH SPD SPD DIR MIN PSBL S-S WX    SPD DR
================================================================================

 1  79  60  70   2   0   5 0.01  0.0    0  9.2 21 290   M    M   5 1      26 300
 2  78  58  68   0   0   3 0.00  0.0    0  4.7 17 300   M    M   2        23 290
 3  84  56  70   3   0   5 0.00  0.0    0  9.4 21 180   M    M   1 13     26 180
 4  91  71  81  14   0  16 0.00  0.0    0 10.6 24 200   M    M   1        29 200
 5  75  53  64  -3   1   0 0.53  0.0    0 11.5 23 360   M    M   7 13     33 330
 6  75  49  62  -4   3   0 0.00  0.0    0  4.5 10  20   M    M   0        14  20
 7  74  48  61  -5   4   0 0.00  0.0    0  4.9 16 170   M    M   0        22 160
 8  69  50  60  -6   5   0 0.10  0.0    0  5.9 15 140   M    M   3 13     23 150
 9  72  65  69   4   0   4 1.40  0.0    0  9.9 23 200   M    M   8 13     30 200
10  68  51  60  -5   5   0 0.02  0.0    0 14.6 24 350   M    M  10 1      34 330
11  57  48  53 -11  12   0 0.00  0.0    0  9.9 16 360   M    M  10 1      23  10
12  53  38  46 -18  19   0 0.33  0.0    0  7.6 20 360   M    M   8 1      25 360
13  60  34  47 -17  18   0 0.00  0.0    0  4.6 16 180   M    M   1        20 190
14  69  45  57  -6   8   0 0.00  0.0    0  5.3 15 210   M    M   5        22 200
15  62  40  51 -12  14   0    T  0.0    0  7.0 23  20   M    M   6 1      29  20
16  66  36  51 -12  14   0 0.00  0.0    0  3.1 13 190   M    M   0 1      16 190
17  76  45  61  -1   4   0 0.00  0.0    0  2.6  9  60   M    M   4 1      12  40
18  73  45  59  -3   6   0 0.00  0.0    0  4.9 16 140   M    M   2 12     21 150
19  79  51  65   3   0   0 0.00  0.0    0 12.4 26 180   M    M   1 1      33 190
20  84  56  70   9   0   5 0.32  0.0    0 11.3 31 360   M    M   3 13     41 330
21  69  49  59  -2   6   0 0.00  0.0    0 12.6 24 340   M    M   2        30 340
22  73  42  58  -2   7   0 0.00  0.0    0  3.5  9 190   M    M   0        13 150
23  70  46  58  -2   7   0 0.00  0.0    0  6.2 17 180   M    M   1 1      23 180
24  66  55  61   1   4   0 0.61  0.0    0  7.4 17 170   M    M   9 1      22 180
25  77  52  65   6   0   0 0.00  0.0    0  3.3 14 160   M    M   5 1      18 140
26  81  55  68   9   0   3 0.00  0.0    0  6.6 20 180   M    M   3 1      25 190
27  81  56  69  11   0   4 0.05  0.0    0  5.4 15 160   M    M   2 13     23 190
28  81  51  66   8   0   1 0.00  0.0    0  2.1 13 190   M    M   4 128    18 180
29  82  53  68  10   0   3 0.00  0.0    0  5.2 14  40   M    M   3 18     18  20
================================================================================
SM 2124 1458       137  49  3.37     0.0 206.2          M      106
================================================================================
AV 73.2 50.3                               7.1 FASTST   M    M   4    MAX(MPH)
                                 MISC ---->  # 31 360               # 41  330
================================================================================
NOTES:
# LAST OF SEVERAL OCCURRENCES

COLUMN 17 PEAK WIND IN M.P.H.

PRELIMINARY LOCAL CLIMATOLOGICAL DATA (WS FORM: F-6) , PAGE 2

                                          STATION:  AMES IA
                                          MONTH:    SEPTEMBER
                                          YEAR:     2014
                                          LATITUDE:   41 59 N
                                          LONGITUDE:  93 37 W

[TEMPERATURE DATA]      [PRECIPITATION DATA]       SYMBOLS USED IN COLUMN 16

AVERAGE MONTHLY: 61.8   TOTAL FOR MONTH:   3.37    1 = FOG OR MIST
DPTR FM NORMAL:  -1.2   DPTR FM NORMAL:    0.43    2 = FOG REDUCING VISIBILITY
HIGHEST:    91 ON  4    GRTST 24HR  2.11 ON 31- 1      TO 1/4 MILE OR LESS
LOWEST:     34 ON 13                               3 = THUNDER
                        SNOW, ICE PELLETS, HAIL    4 = ICE PELLETS
                        TOTAL MONTH:   0.0 INCH    5 = HAIL
                        GRTST 24HR     0.0         6 = FREEZING RAIN OR DRIZZLE
                        GRTST DEPTH:   0           7 = DUSTSTORM OR SANDSTORM:
                                                       VSBY 1/2 MILE OR LESS
                                                   8 = SMOKE OR HAZE
[NO. OF DAYS WITH]      [WEATHER - DAYS WITH]      9 = BLOWING SNOW
                                                   X = TORNADO
MAX 32 OR BELOW:   0    0.01 INCH OR MORE:   9
MAX 90 OR ABOVE:   1    0.10 INCH OR MORE:   6
MIN 32 OR BELOW:   0    0.50 INCH OR MORE:   3
MIN  0 OR BELOW:   0    1.00 INCH OR MORE:   1

[HDD (BASE 65) ]
TOTAL THIS MO.   137    CLEAR  (SCALE 0-3)  15
DPTR FM NORMAL    18    PTCLDY (SCALE 4-7)  11
TOTAL FM JUL 1   149    CLOUDY (SCALE 8-10)  3
DPTR FM NORMAL    14

[CDD (BASE 65) ]
TOTAL THIS MO.    49
DPTR FM NORMAL    -9    [PRESSURE DATA]
TOTAL FM JAN 1   650    HIGHEST SLP M ON M
DPTR FM NORMAL   -91    LOWEST  SLP 29.51 ON 10

[REMARKS]




U.S. Dept. of Commerce
NOAA National Weather Service
1325 East West Highway
Silver Spring, MD 20910
E-mail: w-nws.webmaster@noaa.gov
Page last modified: May 16, 2007
NATIONAL WEATHER SERVICE: for Safety, for Work, for Fun - FOR LIFE