451
CXUS52 KJAX 300800
CF6AMG
PRELIMINARY LOCAL CLIMATOLOGICAL DATA (WS FORM: F-6)

                                          STATION:   ALMA GA
                                          MONTH:     JANUARY
                                          YEAR:      2015
                                          LATITUDE:   31 32 N
                                          LONGITUDE:  82 30 W

  TEMPERATURE IN F:       :PCPN:    SNOW:  WIND      :SUNSHINE: SKY     :PK WND
================================================================================
1   2   3   4   5  6A  6B    7    8   9   10  11  12  13   14  15   16   17  18
                                     12Z  AVG MX 2MIN
DY MAX MIN AVG DEP HDD CDD  WTR  SNW DPTH SPD SPD DIR MIN PSBL S-S WX    SPD DR
================================================================================

 1  60  37  49  -1  16   0 0.00  0.0    0  2.1  9 100   M    M   6 1      11 100
 2  65  53  59   9   6   0 0.00  0.0    0  2.2  8  80   M    M   7        11  80
 3  76  57  67  17   0   2 0.00  0.0    0  5.4 14 150   M    M   8 18     19 140
 4  75  56  66  16   0   1 0.58  0.0    0  8.9 22 230   M    M   9 18     32 230
 5  59  37  48  -2  17   0 0.00  0.0    0  6.9 17 320   M    M   0 1      23 320
 6  62  34  48  -2  17   0 0.00  0.0    0  4.4 15 290   M    M   0 1      20 290
 7  60  31  46  -4  19   0 0.00  0.0    0  9.7 23 350   M    M   0        32 330
 8  37  22  30 -20  35   0 0.00  0.0    0  6.5 20 350   M    M   1        29 330
 9  49  33  41  -9  24   0 0.00  0.0    0  6.8 16 310   M    M   7        22 310
10  54  33  44  -6  21   0 0.00  0.0    0  5.3 13 340   M    M   1        17 350
11  54  43  49  -1  16   0    T  0.0    0  5.1 12  70   M    M  10 18     16  60
12  63  47  55   5  10   0 0.23  0.0    0  3.2 20 160   M    M  10 13     26 160
13  57  49  53   3  12   0 0.00  0.0    0  4.2  9  30   M    M  10 12     14  30
14  49  41  45  -5  20   0 0.00  0.0    0  6.1 10 320   M    M  10 1      16 360
15  44  40  42  -8  23   0 0.05  0.0    0  3.5  7 310   M    M  10 18      9  60
16  57  34  46  -4  19   0    T  0.0    0  4.6 14 310   M    M   2 1      17 330
17  63  30  47  -3  18   0 0.00  0.0    0  1.6 10 100   M    M   2 1      13 100
18  67  37  52   1  13   0 0.00  0.0    0  5.8 21 300   M    M   1 1      27 280
19  66  30  48  -3  17   0 0.00  0.0    0  1.9 12 220   M    M   0 1      15 210
20  67  32  50  -1  15   0 0.00  0.0    0  1.9 13 220   M    M   0 1      15 210
21  72  39  56   5   9   0 0.00  0.0    0  2.5 14 280   M    M   1 1      18 270
22  69  41  55   4  10   0 0.00  0.0    0  2.9  9  60   M    M   1        13  70
23  67  52  60   9   5   0 1.25  0.0    0  8.2 21 160   M    M  10 1      29 140
24  69  42  56   5   9   0 0.10  0.0    0 11.8 25 240   M    M   5 1      36 240
25  62  33  48  -3  17   0 0.00  0.0    0  5.9 15 230   M    M   0        19 190
26  54  40  47  -4  18   0 0.00  0.0    0 11.9 23 290   M    M   4        32 310
27  57  33  45  -6  20   0 0.00  0.0    0  7.6 21 290   M    M   3        27 310
28  55  31  43  -9  22   0 0.00  0.0    0  3.9 13 330   M    M   0        19 320
29  63  29  46  -6  19   0 0.00  0.0    0  3.5 14 180   M    M   0 1      17 170
================================================================================
SM 1752 1116       447   3  2.21     0.0 154.3          M      118
================================================================================
AV 60.4 38.5                               5.3 FASTST   M    M   4    MAX(MPH)
                                 MISC ---->  # 25 240               # 36  240
================================================================================
NOTES:
# LAST OF SEVERAL OCCURRENCES

COLUMN 17 PEAK WIND IN M.P.H.

PRELIMINARY LOCAL CLIMATOLOGICAL DATA (WS FORM: F-6) , PAGE 2

                                          STATION:  ALMA GA
                                          MONTH:    JANUARY
                                          YEAR:     2015
                                          LATITUDE:   31 32 N
                                          LONGITUDE:  82 30 W

[TEMPERATURE DATA]      [PRECIPITATION DATA]       SYMBOLS USED IN COLUMN 16

AVERAGE MONTHLY: 49.4   TOTAL FOR MONTH:   2.21    1 = FOG OR MIST
DPTR FM NORMAL:  -1.0   DPTR FM NORMAL:   -1.75    2 = FOG REDUCING VISIBILITY
HIGHEST:    76 ON  3    GRTST 24HR  1.35 ON 23-24      TO 1/4 MILE OR LESS
LOWEST:     22 ON  8                               3 = THUNDER
                        SNOW, ICE PELLETS, HAIL    4 = ICE PELLETS
                        TOTAL MONTH:   0.0 INCH    5 = HAIL
                        GRTST 24HR     0.0         6 = FREEZING RAIN OR DRIZZLE
                        GRTST DEPTH:   0           7 = DUSTSTORM OR SANDSTORM:
                                                       VSBY 1/2 MILE OR LESS
                                                   8 = SMOKE OR HAZE
[NO. OF DAYS WITH]      [WEATHER - DAYS WITH]      9 = BLOWING SNOW
                                                   X = TORNADO
MAX 32 OR BELOW:   0    0.01 INCH OR MORE:   5
MAX 90 OR ABOVE:   0    0.10 INCH OR MORE:   4
MIN 32 OR BELOW:   7    0.50 INCH OR MORE:   2
MIN  0 OR BELOW:   0    1.00 INCH OR MORE:   1

[HDD (BASE 65) ]
TOTAL THIS MO.   447    CLEAR  (SCALE 0-3)  15
DPTR FM NORMAL    23    PTCLDY (SCALE 4-7)   7
TOTAL FM JUL 1  1165    CLOUDY (SCALE 8-10)  7
DPTR FM NORMAL   101

[CDD (BASE 65) ]
TOTAL THIS MO.     3
DPTR FM NORMAL     3    [PRESSURE DATA]
TOTAL FM JAN 1     3    HIGHEST SLP M ON M
DPTR FM NORMAL     3    LOWEST  SLP 29.68 ON 24

[REMARKS]




U.S. Dept. of Commerce
NOAA National Weather Service
1325 East West Highway
Silver Spring, MD 20910
E-mail: w-nws.webmaster@noaa.gov
Page last modified: May 16, 2007
NATIONAL WEATHER SERVICE: for Safety, for Work, for Fun - FOR LIFE