747
CXUS52 KJAX 010800
CF6AMG
PRELIMINARY LOCAL CLIMATOLOGICAL DATA (WS FORM: F-6)

                                          STATION:   ALMA GA
                                          MONTH:     NOVEMBER
                                          YEAR:      2014
                                          LATITUDE:   31 32 N
                                          LONGITUDE:  82 30 W

  TEMPERATURE IN F:       :PCPN:    SNOW:  WIND      :SUNSHINE: SKY     :PK WND
================================================================================
1   2   3   4   5  6A  6B    7    8   9   10  11  12  13   14  15   16   17  18
                                     12Z  AVG MX 2MIN
DY MAX MIN AVG DEP HDD CDD  WTR  SNW DPTH SPD SPD DIR MIN PSBL S-S WX    SPD DR
================================================================================

 1  58  40  49 -15  16   0 0.00  0.0    0 16.2 29 320   M    M   2        39 310
 2  61  32  47 -17  18   0 0.00  0.0    0  5.1 13 300   M    M   0        17 310
 3  67  29  48 -15  17   0 0.00  0.0    0  2.1 10  90   M    M   0        15  70
 4  75  34  55  -8  10   0 0.00  0.0    0  2.6 12 190   M    M   0 1      16 160
 5  79  50  65   2   0   0 0.00  0.0    0  1.6  8  90   M    M   3 12     11 170
 6  80  55  68   6   0   3 0.00  0.0    0  6.5 17 240   M    M   2 1      23 230
 7  66  37  52 -10  13   0 0.00  0.0    0  4.4 18 320   M    M   0 1      24 320
 8  69  35  52 -10  13   0 0.00  0.0    0  1.3  8 340   M    M   1 18     12 350
 9  73  45  59  -3   6   0 0.00  0.0    0  2.9 10 350   M    M   1        15 350
10  75  42  59  -2   6   0 0.00  0.0    0  2.4 12  80   M    M   2 12     17  80
11  78  45  62   1   3   0 0.00  0.0    0  5.2 16 320   M    M   0        20 310
12  79  42  61   0   4   0 0.00  0.0    0  2.8 12 320   M    M   0 18     15 290
13  70  47  59  -1   6   0 0.00  0.0    0  7.1 16 300   M    M   3 1      20 310
14  55  37  46 -14  19   0 0.00  0.0    0  7.2 15 320   M    M   1        19 320
15  59  34  47 -13  18   0 0.00  0.0    0  4.2 10  30   M    M   2 1      16  60
16  75  45  60   0   5   0    T  0.0    0  4.9 13 140   M    M   8 1      17 140
17  75  43  59   0   6   0 0.20  0.0    0 10.7 26 170   M    M   7 13     36 170
18  48  28  38 -21  27   0 0.00  0.0    0  9.8 21 310   M    M   0        28 300
19  52  20  36 -23  29   0 0.00  0.0    0  2.1 12 360   M    M   0        15 340
20  65  23  44 -15  21   0 0.00  0.0    0  2.0 10 250   M    M   0        13 210
21  69  32  51  -7  14   0 0.00  0.0    0  2.8 10  60   M    M   0 1      17  60
22  70  44  57  -1   8   0 0.10  0.0    0  8.0 15  90   M    M   6 1      24  80
23  73  59  66   8   0   1 2.54  0.0    0  6.7 18 280   M    M   9 13     26 280
24  75  62  69  11   0   4 0.97  0.0    0  7.0 22 300   M    M   9 13     34 300
25  64  49  57   0   8   0 0.90  0.0    0  5.7 17 330   M    M  10 138    23 320
26  61  40  51  -6  14   0 0.24  0.0    0  8.1 20 300   M    M   3 1      26 330
27  56  36  46 -11  19   0 0.00  0.0    0  9.0 22 310   M    M   0        29 320
28  52  32  42 -14  23   0 0.00  0.0    0  3.1 12 360   M    M   0 1      17 360
29  63  30  47  -9  18   0 0.00  0.0    0  1.4  8 240   M    M   0 1      11 150
30  73  38  56   0   9   0 0.00  0.0    0  1.2 12 230   M    M   3 12     15 220
================================================================================
SM 2015 1185       350   8  4.95     0.0 154.1          M       72
================================================================================
AV 67.2 39.5                               5.1 FASTST   M    M   2    MAX(MPH)
                                 MISC ---->  # 29 320               # 39  310
================================================================================
NOTES:
# LAST OF SEVERAL OCCURRENCES

COLUMN 17 PEAK WIND IN M.P.H.

PRELIMINARY LOCAL CLIMATOLOGICAL DATA (WS FORM: F-6) , PAGE 2

                                          STATION:  ALMA GA
                                          MONTH:    NOVEMBER
                                          YEAR:     2014
                                          LATITUDE:   31 32 N
                                          LONGITUDE:  82 30 W

[TEMPERATURE DATA]      [PRECIPITATION DATA]       SYMBOLS USED IN COLUMN 16

AVERAGE MONTHLY: 53.3   TOTAL FOR MONTH:   4.95    1 = FOG OR MIST
DPTR FM NORMAL:  -6.6   DPTR FM NORMAL:    2.47    2 = FOG REDUCING VISIBILITY
HIGHEST:    80 ON  6    GRTST 24HR  2.63 ON 22-23      TO 1/4 MILE OR LESS
LOWEST:     20 ON 19                               3 = THUNDER
                        SNOW, ICE PELLETS, HAIL    4 = ICE PELLETS
                        TOTAL MONTH:   0.0 INCH    5 = HAIL
                        GRTST 24HR     0.0         6 = FREEZING RAIN OR DRIZZLE
                        GRTST DEPTH:   0           7 = DUSTSTORM OR SANDSTORM:
                                                       VSBY 1/2 MILE OR LESS
                                                   8 = SMOKE OR HAZE
[NO. OF DAYS WITH]      [WEATHER - DAYS WITH]      9 = BLOWING SNOW
                                                   X = TORNADO
MAX 32 OR BELOW:   0    0.01 INCH OR MORE:   6
MAX 90 OR ABOVE:   0    0.10 INCH OR MORE:   6
MIN 32 OR BELOW:   8    0.50 INCH OR MORE:   3
MIN  0 OR BELOW:   0    1.00 INCH OR MORE:   1

[HDD (BASE 65) ]
TOTAL THIS MO.   350    CLEAR  (SCALE 0-3)  23
DPTR FM NORMAL   156    PTCLDY (SCALE 4-7)   3
TOTAL FM JUL 1   398    CLOUDY (SCALE 8-10)  4
DPTR FM NORMAL   154

[CDD (BASE 65) ]
TOTAL THIS MO.     8
DPTR FM NORMAL   -32    [PRESSURE DATA]
TOTAL FM JAN 1  2439    HIGHEST SLP 30.48 ON 19
DPTR FM NORMAL   -26    LOWEST  SLP 29.76 ON 17

[REMARKS]
#FINAL-11-14#




U.S. Dept. of Commerce
NOAA National Weather Service
1325 East West Highway
Silver Spring, MD 20910
E-mail: w-nws.webmaster@noaa.gov
Page last modified: May 16, 2007
NATIONAL WEATHER SERVICE: for Safety, for Work, for Fun - FOR LIFE