048
CXUS54 KAMA 231015
CF6AMA
PRELIMINARY LOCAL CLIMATOLOGICAL DATA (WS FORM: F-6)

                                          STATION:   AMARILLO
                                          MONTH:     APRIL
                                          YEAR:      2014
                                          LATITUDE:   35 13 N
                                          LONGITUDE: 101 42 W

  TEMPERATURE IN F:       :PCPN:    SNOW:  WIND      :SUNSHINE: SKY     :PK WND
================================================================================
1   2   3   4   5  6A  6B    7    8   9   10  11  12  13   14  15   16   17  18
                                     12Z  AVG MX 2MIN
DY MAX MIN AVG DEP HDD CDD  WTR  SNW DPTH SPD SPD DIR MIN PSBL S-S WX    SPD DR
================================================================================

 1  76  31  54   2  11   0 0.00  0.0    0 14.5 29 130   M    M   0        34  70
 2  85  44  65  13   0   0 0.00  0.0    0 17.1 31 200   M    M   0        38 190
 3  66  35  51  -2  14   0 0.00  0.0    0 18.4 45 230   M    M   3 78     60 230
 4  65  29  47  -6  18   0 0.00  0.0    0  9.5 21 170   M    M   0        25 180
 5  60  42  51  -2  14   0 0.08    M    0 19.0 33 130   M    M   5        40 130
 6  62  33  48  -6  17   0 0.40  0.0    0  8.5 28 280   M    M   4 138    33 280
 7  60  40  50  -4  15   0 0.00  0.0    0 17.0 44 340   M    M   3 8      52 340
 8  73  36  55   1  10   0 0.00  0.0    0 12.6 24 290   M    M   0        35 320
 9  88  43  66  12   0   1 0.00  0.0    0 15.4 30 220   M    M   0        40 240
10  80  50  65  10   0   0 0.00  0.0    0 12.9 24 360   M    M   0        31 330
11  82  42  62   7   3   0 0.00  0.0    0  8.7 17 170   M    M   0        22 170
12  89  48  69  14   0   4 0.00  0.0    0 14.9 24 210   M    M   0        36 210
13  71  31  51  -5  14   0 0.00  0.0    0 22.1 39  10   M    M   1        48  10
14  44  27  36 -20  29   0 0.03  0.4    T 20.6 38 360   M    M   6        47 360
15  67  24  46 -10  19   0 0.00  0.0    0 18.2 33 200   M    M   0        42 210
16  77  45  61   5   4   0 0.00  0.0    0 16.3 26 190   M    M   0        33 190
17  53  36  45 -12  20   0 0.00  0.0    0 12.8 25  50   M    M   6        32  50
18  74  36  55  -2  10   0 0.00  0.0    0 15.8 29 190   M    M   3        35 190
19  75  48  62   5   3   0    T  0.0    0 17.2 31 200   M    M   3        36 200
20  78  49  64   6   1   0 0.06  0.0    0 12.3 32 250   M    M   3 123    39 250
21  80  46  63   5   2   0 0.00  0.0    0 12.0 23  30   M    M   2 12     30  30
22  84  50  67   9   0   2 0.00  0.0    0 15.9 29 190   M    M   1        35 190
================================================================================
SM 1589  865       204   7  0.57     0.4 331.7          M       40
================================================================================
AV 72.2 39.3                              15.1 FASTST   M    M   2    MAX(MPH)
                                 MISC ---->  # 45 230               # 60  230
================================================================================
NOTES:
# LAST OF SEVERAL OCCURRENCES

COLUMN 17 PEAK WIND IN M.P.H.

PRELIMINARY LOCAL CLIMATOLOGICAL DATA (WS FORM: F-6) , PAGE 2

                                          STATION:  AMARILLO
                                          MONTH:    APRIL
                                          YEAR:     2014
                                          LATITUDE:   35 13 N
                                          LONGITUDE: 101 42 W

[TEMPERATURE DATA]      [PRECIPITATION DATA]       SYMBOLS USED IN COLUMN 16

AVERAGE MONTHLY: 55.8   TOTAL FOR MONTH:   0.57    1 = FOG OR MIST
DPTR FM NORMAL:   0.6   DPTR FM NORMAL:   -0.41    2 = FOG REDUCING VISIBILITY
HIGHEST:    89 ON 12    GRTST 24HR  0.48 ON  5- 6      TO 1/4 MILE OR LESS
LOWEST:     24 ON 15                               3 = THUNDER
                        SNOW, ICE PELLETS, HAIL    4 = ICE PELLETS
                        TOTAL MONTH:   0.4 INCH    5 = HAIL
                        GRTST 24HR   0.4 ON   M    6 = FREEZING RAIN OR DRIZZLE
                        GRTST DEPTH:   T           7 = DUSTSTORM OR SANDSTORM:
                                                       VSBY 1/2 MILE OR LESS
                                                   8 = SMOKE OR HAZE
[NO. OF DAYS WITH]      [WEATHER - DAYS WITH]      9 = BLOWING SNOW
                                                   X = TORNADO
MAX 32 OR BELOW:   0    0.01 INCH OR MORE:   4
MAX 90 OR ABOVE:   0    0.10 INCH OR MORE:   1
MIN 32 OR BELOW:   5    0.50 INCH OR MORE:   0
MIN  0 OR BELOW:   0    1.00 INCH OR MORE:   0

[HDD (BASE 65) ]
TOTAL THIS MO.   204    CLEAR  (SCALE 0-3)  18
DPTR FM NORMAL   -25    PTCLDY (SCALE 4-7)   4
TOTAL FM JUL 1  4116    CLOUDY (SCALE 8-10)  0
DPTR FM NORMAL    78

[CDD (BASE 65) ]
TOTAL THIS MO.     7
DPTR FM NORMAL    -1    [PRESSURE DATA]
TOTAL FM JAN 1     7    HIGHEST SLP M ON M
DPTR FM NORMAL    -3    LOWEST  SLP 29.46 ON  2

[REMARKS]




U.S. Dept. of Commerce
NOAA National Weather Service
1325 East West Highway
Silver Spring, MD 20910
E-mail: w-nws.webmaster@noaa.gov
Page last modified: May 16, 2007
NATIONAL WEATHER SERVICE: for Safety, for Work, for Fun - FOR LIFE