694
CXUS54 KAMA 271015
CF6AMA
PRELIMINARY LOCAL CLIMATOLOGICAL DATA (WS FORM: F-6)

                                          STATION:   AMARILLO
                                          MONTH:     JANUARY
                                          YEAR:      2015
                                          LATITUDE:   35 13 N
                                          LONGITUDE: 101 42 W

  TEMPERATURE IN F:       :PCPN:    SNOW:  WIND      :SUNSHINE: SKY     :PK WND
================================================================================
1   2   3   4   5  6A  6B    7    8   9   10  11  12  13   14  15   16   17  18
                                     12Z  AVG MX 2MIN
DY MAX MIN AVG DEP HDD CDD  WTR  SNW DPTH SPD SPD DIR MIN PSBL S-S WX    SPD DR
================================================================================

 1  27  17  22 -14  43   0    T    T    T  5.8 12 230   M    M   9 16     16 220
 2  33  18  26 -10  39   0 0.07    M    T  4.5 13 320   M    M   6 16     15 330
 3  34  18  26 -10  39   0 0.25  2.0    2 11.7 31 350   M    M   9 128    40 350
 4  31   9  20 -16  45   0 0.00  0.0    2 12.2 25 350   M    M   1        34 340
 5  52  19  36   0  29   0 0.00  0.0    1 17.0 29 220   M    M   2 18     41 220
 6  53  29  41   5  24   0 0.00  0.0    0  6.6 14 350   M    M   0        17 360
 7  36  17  27  -9  38   0    T    T    0 14.0 32  30   M    M   7 1      40  20
 8  55  20  38   1  27   0 0.00  0.0    0 15.0 31 240   M    M   3        39 230
 9  33  23  28  -9  37   0 0.00  0.0    0 10.8 25  40   M    M   9        34  40
10  46  20  33  -4  32   0 0.00  0.0    0 18.4 30 190   M    M   0        36 190
11  61  21  41   4  24   0 0.00  0.0    0  8.1 16 190   M    M   0        21 190
12  33  19  26 -11  39   0 0.00  0.0    0 12.8 23  10   M    M   7 1      30  30
13  37  21  29  -8  36   0 0.02    T    0  8.0 14 190   M    M  10 4      17 200
14  34  26  30  -7  35   0    T  0.1    T  6.4 12 330   M    M  10 1      14 330
15  56  23  40   3  25   0 0.00  0.0    0  8.9 18 350   M    M   0 1      24 360
16  66  23  45   8  20   0 0.00  0.0    0 14.7 25 210   M    M   0        33 200
17  60  29  45   8  20   0 0.00  0.0    0 14.9 35 360   M    M   0        44 360
18  69  30  50  13  15   0 0.00  0.0    0 15.4 36 240   M    M   0        47 240
19  71  31  51  14  14   0 0.00  0.0    0  6.9 13 180   M    M   0        16 160
20  54  31  43   6  22   0 0.00  0.0    0 11.3 23  50   M    M   1        30  40
21  43  31  37   0  28   0 0.73 11.0    0 10.8 22  60   M    M   9 12     28  50
22  31  18  25 -12  40   0 0.14  1.0   12 12.6 24  50   M    M   8 128    28  50
23  32  11  22 -15  43   0 0.00  0.0    7  8.5 17 290   M    M   0 12     21 300
24  45  27  36  -1  29   0 0.00  0.0    5 11.3 20 240   M    M   0        25 230
25  52  32  42   5  23   0 0.00  0.0    0 10.4 21 310   M    M   0        26 310
26  70  35  53  15  12   0 0.00  0.0    0 10.9 18 290   M    M   0        23 300
================================================================================
SM 1214  598       778   0  1.21    14.1 287.9          M       91
================================================================================
AV 46.7 23.0                              11.1 FASTST   M    M   4    MAX(MPH)
                                 MISC ---->  # 36 240               # 47  240
================================================================================
NOTES:
# LAST OF SEVERAL OCCURRENCES

COLUMN 17 PEAK WIND IN M.P.H.

PRELIMINARY LOCAL CLIMATOLOGICAL DATA (WS FORM: F-6) , PAGE 2

                                          STATION:  AMARILLO
                                          MONTH:    JANUARY
                                          YEAR:     2015
                                          LATITUDE:   35 13 N
                                          LONGITUDE: 101 42 W

[TEMPERATURE DATA]      [PRECIPITATION DATA]       SYMBOLS USED IN COLUMN 16

AVERAGE MONTHLY: 34.8   TOTAL FOR MONTH:   1.21    1 = FOG OR MIST
DPTR FM NORMAL:  -1.9   DPTR FM NORMAL:    0.63    2 = FOG REDUCING VISIBILITY
HIGHEST:    71 ON 19    GRTST 24HR  0.87 ON 21-22      TO 1/4 MILE OR LESS
LOWEST:      9 ON  4                               3 = THUNDER
                        SNOW, ICE PELLETS, HAIL    4 = ICE PELLETS
                        TOTAL MONTH:  14.1 INCHES  5 = HAIL
                        GRTST 24HR  11.0 ON 21-21  6 = FREEZING RAIN OR DRIZZLE
                        GRTST DEPTH:  12 ON 22     7 = DUSTSTORM OR SANDSTORM:
                                                       VSBY 1/2 MILE OR LESS
                                                   8 = SMOKE OR HAZE
[NO. OF DAYS WITH]      [WEATHER - DAYS WITH]      9 = BLOWING SNOW
                                                   X = TORNADO
MAX 32 OR BELOW:   4    0.01 INCH OR MORE:   5
MAX 90 OR ABOVE:   0    0.10 INCH OR MORE:   3
MIN 32 OR BELOW:  25    0.50 INCH OR MORE:   1
MIN  0 OR BELOW:   0    1.00 INCH OR MORE:   0

[HDD (BASE 65) ]
TOTAL THIS MO.   778    CLEAR  (SCALE 0-3)  16
DPTR FM NORMAL    45    PTCLDY (SCALE 4-7)   3
TOTAL FM JUL 1  2347    CLOUDY (SCALE 8-10)  7
DPTR FM NORMAL  -103

[CDD (BASE 65) ]
TOTAL THIS MO.     0
DPTR FM NORMAL     0    [PRESSURE DATA]
TOTAL FM JAN 1     0    HIGHEST SLP M ON M
DPTR FM NORMAL     0    LOWEST  SLP 29.78 ON  3

[REMARKS]




U.S. Dept. of Commerce
NOAA National Weather Service
1325 East West Highway
Silver Spring, MD 20910
E-mail: w-nws.webmaster@noaa.gov
Page last modified: May 16, 2007
NATIONAL WEATHER SERVICE: for Safety, for Work, for Fun - FOR LIFE