971
CXUS54 KAMA 301015
CF6AMA
PRELIMINARY LOCAL CLIMATOLOGICAL DATA (WS FORM: F-6)

                                          STATION:   AMARILLO
                                          MONTH:     AUGUST
                                          YEAR:      2014
                                          LATITUDE:   35 13 N
                                          LONGITUDE: 101 42 W

  TEMPERATURE IN F:       :PCPN:    SNOW:  WIND      :SUNSHINE: SKY     :PK WND
================================================================================
1   2   3   4   5  6A  6B    7    8   9   10  11  12  13   14  15   16   17  18
                                     12Z  AVG MX 2MIN
DY MAX MIN AVG DEP HDD CDD  WTR  SNW DPTH SPD SPD DIR MIN PSBL S-S WX    SPD DR
================================================================================

 1  85  58  72  -6   0   7 0.00  0.0    0  8.4 17  90   M    M   1        23 110
 2  89  60  75  -3   0  10 0.00  0.0    0  6.2  9 110   M    M   2        18  50
 3  91  60  76  -2   0  11 0.00  0.0    0  7.8 16 140   M    M   0        20 110
 4  92  61  77  -1   0  12 0.00  0.0    0 13.1 21 170   M    M   0        24 140
 5  93  65  79   1   0  14 0.00  0.0    0 13.3 22 190   M    M   2        29 190
 6 101  66  84   6   0  19 0.03  0.0    0  9.5 24 230   M    M   1        30 220
 7 103  68  86   8   0  21 0.12  0.0    0  9.2 28 200   M    M   1 3      35 210
 8  89  66  78   0   0  13 0.77  0.0    0  8.5 26 150   M    M   2 138    35 270
 9  89  65  77  -1   0  12 0.00  0.0    0 12.7 22 190   M    M   1        27 200
10  88  68  78   0   0  13 0.00  0.0    0  6.1 15 170   M    M   1        18 170
11  86  64  75  -2   0  10 0.00  0.0    0  8.8 23 350   M    M   3 3      30 360
12  89  62  76  -1   0  11 0.00  0.0    0  9.0 17 160   M    M   1        22 150
13  93  63  78   1   0  13 0.00  0.0    0 12.1 21 230   M    M   1        25 180
14  94  69  82   5   0  17 0.00  0.0    0 15.3 25 160   M    M   1        35 170
15  98  67  83   6   0  18 0.13  0.0    0 15.0 28 200   M    M   3 13     35 210
16  93  64  79   2   0  14 0.60  0.0    0  7.8 48 300   M    M   2 123    68 300
17  92  64  78   1   0  13 0.00  0.0    0  6.2 15 120   M    M   0        18 120
18  93  64  79   2   0  14 0.00  0.0    0  9.7 17 170   M    M   0        22 160
19  90  64  77   0   0  12 0.00  0.0    0 10.4 18 150   M    M   0        23 150
20  95  68  82   5   0  17 0.00  0.0    0 17.2 26 180   M    M   0        34 170
21  97  72  85   9   0  20 0.00  0.0    0 15.1 25 210   M    M   1        32 190
22  97  72  85   9   0  20    T  0.0    0 15.9 32 240   M    M   1        37 240
23  94  69  82   6   0  17 0.00  0.0    0 16.1 24 200   M    M   1        32 190
24  98  68  83   7   0  18 0.00  0.0    0 13.1 25 130   M    M   1 3      31 140
25  96  68  82   6   0  17    T  0.0    0 13.8 39 140   M    M   1 3      47 140
26  89  66  78   2   0  13 0.10  0.0    0 11.5 23 140   M    M   5 13     31 150
27  93  66  80   4   0  15    T  0.0    0 12.2 31 170   M    M   4 3      40 190
28  93  65  79   4   0  14 0.01  0.0    0  9.3 23 100   M    M   2 3      26  90
29  92  59  76   1   0  11 0.00  0.0    0  8.0 17 310   M    M   2 12     24 350
================================================================================
SM 2692 1891         0 416  1.76     0.0 321.3          M       40
================================================================================
AV 92.8 65.2                              11.1 FASTST   M    M   1    MAX(MPH)
                                 MISC ---->  # 48 300               # 68  300
================================================================================
NOTES:
# LAST OF SEVERAL OCCURRENCES

COLUMN 17 PEAK WIND IN M.P.H.

PRELIMINARY LOCAL CLIMATOLOGICAL DATA (WS FORM: F-6) , PAGE 2

                                          STATION:  AMARILLO
                                          MONTH:    AUGUST
                                          YEAR:     2014
                                          LATITUDE:   35 13 N
                                          LONGITUDE: 101 42 W

[TEMPERATURE DATA]      [PRECIPITATION DATA]       SYMBOLS USED IN COLUMN 16

AVERAGE MONTHLY: 79.0   TOTAL FOR MONTH:   1.76    1 = FOG OR MIST
DPTR FM NORMAL:   2.1   DPTR FM NORMAL:   -1.00    2 = FOG REDUCING VISIBILITY
HIGHEST:   103 ON  7    GRTST 24HR  0.88 ON  7- 8      TO 1/4 MILE OR LESS
LOWEST:     58 ON  1                               3 = THUNDER
                        SNOW, ICE PELLETS, HAIL    4 = ICE PELLETS
                        TOTAL MONTH:   0.0 INCH    5 = HAIL
                        GRTST 24HR     0.0         6 = FREEZING RAIN OR DRIZZLE
                        GRTST DEPTH:   0           7 = DUSTSTORM OR SANDSTORM:
                                                       VSBY 1/2 MILE OR LESS
                                                   8 = SMOKE OR HAZE
[NO. OF DAYS WITH]      [WEATHER - DAYS WITH]      9 = BLOWING SNOW
                                                   X = TORNADO
MAX 32 OR BELOW:   0    0.01 INCH OR MORE:   7
MAX 90 OR ABOVE:  21    0.10 INCH OR MORE:   5
MIN 32 OR BELOW:   0    0.50 INCH OR MORE:   2
MIN  0 OR BELOW:   0    1.00 INCH OR MORE:   0

[HDD (BASE 65) ]
TOTAL THIS MO.     0    CLEAR  (SCALE 0-3)  27
DPTR FM NORMAL     0    PTCLDY (SCALE 4-7)   2
TOTAL FM JUL 1     0    CLOUDY (SCALE 8-10)  0
DPTR FM NORMAL     0

[CDD (BASE 65) ]
TOTAL THIS MO.   416
DPTR FM NORMAL    69    [PRESSURE DATA]
TOTAL FM JAN 1  1294    HIGHEST SLP M ON M
DPTR FM NORMAL   122    LOWEST  SLP 29.70 ON M

[REMARKS]




U.S. Dept. of Commerce
NOAA National Weather Service
1325 East West Highway
Silver Spring, MD 20910
E-mail: w-nws.webmaster@noaa.gov
Page last modified: May 16, 2007
NATIONAL WEATHER SERVICE: for Safety, for Work, for Fun - FOR LIFE