202
CXUS56 KPDT 020532
CF6ALW
PRELIMINARY LOCAL CLIMATOLOGICAL DATA (WS FORM: F-6)

                                          STATION:   WALLA WALLA WA
                                          MONTH:     NOVEMBER
                                          YEAR:      2014
                                          LATITUDE:   46  5 N
                                          LONGITUDE: 118 17 W

  TEMPERATURE IN F:       :PCPN:    SNOW:  WIND      :SUNSHINE: SKY     :PK WND
================================================================================
1   2   3   4   5  6A  6B    7    8   9   10  11  12  13   14  15   16   17  18
                                     12Z  AVG MX 2MIN
DY MAX MIN AVG DEP HDD CDD  WTR  SNW DPTH SPD SPD DIR MIN PSBL S-S WX    SPD DR
================================================================================

 1  49  42  46  -1  19   0 0.56  0.0    0  7.5 16 180   M    M   9 1      19 180
 2  57  42  50   3  15   0 0.00  0.0    0 10.8 18 210   M    M   2        22 220
 3  60  50  55   9  10   0    T  0.0    0 11.1 18 160   M    M  10        23 170
 4  62  53  58  12   7   0 0.14  0.0    0 13.5 23 190   M    M   8        30 180
 5  72  54  63  17   2   0    T  0.0    0  4.8 12  10   M    M   5        17 290
 6  71  52  62  17   3   0    T  0.0    0 10.7 23 210   M    M   3 8      30 210
 7  59  40  50   5  15   0 0.00  0.0    0  7.5 18 190   M    M   1 8      23 200
 8  59  38  49   4  16   0 0.00  0.0    0  2.6  9 130   M    M   0 8      10 260
 9  59  45  52   8  13   0 0.13  0.0    0 12.7 28 230   M    M   6 18     37 220
10  48  34  41  -3  24   0 0.00  0.0    0  5.8 12  80   M    M   3 8      13  90
11  39  24  32 -12  33   0 0.00  0.0    0 11.2 26  40   M    M   2        34  40
12  35  17  26 -17  39   0    T  0.0    0  4.4 10  70   M    M   0 8      13 360
13  24  18  21 -22  44   0 0.07  1.3    0  5.5 12 190   M    M   6 18     13 190
14  27  15  21 -21  44   0 0.00  0.0    1  4.3  8 110   M    M   7 18     17 260
15  25  13  19 -23  46   0 0.00  0.0    1  5.2 12 180   M    M   0 18     14 170
16  25  13  19 -23  46   0 0.00  0.0    1  3.8 13  80   M    M   0 18     14  70
17  26  13  20 -21  45   0 0.00  0.0    1  3.6  8 260   M    M   0 128    10 260
18  22  17  20 -21  45   0 0.00  0.0    1  1.3  7 120   M    M  10 128     8 310
19  25  16  21 -19  44   0 0.00  0.0    0  2.1  7 170   M    M   8 128     8 360
20  37  23  30 -10  35   0 0.04  0.0    0  2.1 10 180   M    M   9 1268   12 180
21  61  29  45   5  20   0 0.21  0.0    0  9.6 37 180   M    M   9 128    43 180
22  50  40  45   6  20   0 0.33  0.0    0 13.0 24 230   M    M   7 1      35 220
23  52  40  46   7  19   0 0.01  0.0    0 13.7 24 200   M    M   5        30 190
24  56  38  47   8  18   0 0.06  0.0    0 13.4 30 220   M    M   3        35 220
25  58  42  50  12  15   0 0.17  0.0    0  9.3 24 210   M    M  10 12     30 190
26  63  41  52  14  13   0 0.00  0.0    0  8.5 18 190   M    M   1 12     23 180
27  62  51  57  19   8   0    T  0.0    0  5.4 22 190   M    M   9        26 170
28  62  51  57  20   8   0    T  0.0    0 19.6 38 230   M    M  10        46 210
29  51  12  32  -5  33   0 0.11  1.0    0  8.6 28 240   M    M  10 2      34 250
30  18   4  11 -25  54   0 0.00  0.0    0  3.6  9 140   M    M   0        10 140
================================================================================
SM 1414  967       753   0  1.83     2.3 235.2          M      153
================================================================================
AV 47.1 32.2                               7.8 FASTST   M    M   5    MAX(MPH)
                                 MISC ---->  # 38 230               # 46  210
================================================================================
NOTES:
# LAST OF SEVERAL OCCURRENCES

COLUMN 17 PEAK WIND IN M.P.H.

PRELIMINARY LOCAL CLIMATOLOGICAL DATA (WS FORM: F-6) , PAGE 2

                                          STATION:  WALLA WALLA WA
                                          MONTH:    NOVEMBER
                                          YEAR:     2014
                                          LATITUDE:   46  5 N
                                          LONGITUDE: 118 17 W

[TEMPERATURE DATA]      [PRECIPITATION DATA]       SYMBOLS USED IN COLUMN 16

AVERAGE MONTHLY: 39.7   TOTAL FOR MONTH:   1.83    1 = FOG OR MIST
DPTR FM NORMAL:  -2.1   DPTR FM NORMAL:   -1.04    2 = FOG REDUCING VISIBILITY
HIGHEST:    72 ON  5    GRTST 24HR  0.76 ON 31- 1      TO 1/4 MILE OR LESS
LOWEST:      4 ON 30                               3 = THUNDER
                        SNOW, ICE PELLETS, HAIL    4 = ICE PELLETS
                        TOTAL MONTH:   2.3 INCHES  5 = HAIL
                        GRTST 24HR   1.3 ON   M    6 = FREEZING RAIN OR DRIZZLE
                        GRTST DEPTH:   1 ON 18,17  7 = DUSTSTORM OR SANDSTORM:
                                                       VSBY 1/2 MILE OR LESS
                                                   8 = SMOKE OR HAZE
[NO. OF DAYS WITH]      [WEATHER - DAYS WITH]      9 = BLOWING SNOW
                                                   X = TORNADO
MAX 32 OR BELOW:   8    0.01 INCH OR MORE:  11
MAX 90 OR ABOVE:   0    0.10 INCH OR MORE:   7
MIN 32 OR BELOW:  13    0.50 INCH OR MORE:   1
MIN  0 OR BELOW:   0    1.00 INCH OR MORE:   0

[HDD (BASE 65) ]
TOTAL THIS MO.   753    CLEAR  (SCALE 0-3)  12
DPTR FM NORMAL    58    PTCLDY (SCALE 4-7)   7
TOTAL FM JUL 1   957    CLOUDY (SCALE 8-10) 11
DPTR FM NORMAL  -203

[CDD (BASE 65) ]
TOTAL THIS MO.     0
DPTR FM NORMAL     0    [PRESSURE DATA]
TOTAL FM JAN 1  1162    HIGHEST SLP 30.73 ON 16
DPTR FM NORMAL   312    LOWEST  SLP 29.35 ON 28

[REMARKS]
#FINAL-11-14#




U.S. Dept. of Commerce
NOAA National Weather Service
1325 East West Highway
Silver Spring, MD 20910
E-mail: w-nws.webmaster@noaa.gov
Page last modified: May 16, 2007
NATIONAL WEATHER SERVICE: for Safety, for Work, for Fun - FOR LIFE