518
CXUS56 KPDT 011832
CF6ALW
PRELIMINARY LOCAL CLIMATOLOGICAL DATA (WS FORM: F-6)

                                          STATION:   WALLA WALLA WA
                                          MONTH:     AUGUST
                                          YEAR:      2014
                                          LATITUDE:   46  5 N
                                          LONGITUDE: 118 17 W

  TEMPERATURE IN F:       :PCPN:    SNOW:  WIND      :SUNSHINE: SKY     :PK WND
================================================================================
1   2   3   4   5  6A  6B    7    8   9   10  11  12  13   14  15   16   17  18
                                     12Z  AVG MX 2MIN
DY MAX MIN AVG DEP HDD CDD  WTR  SNW DPTH SPD SPD DIR MIN PSBL S-S WX    SPD DR
================================================================================

 1 102  73  88  11   0  23 0.00  0.0    0  6.3 13 270   M    M   0        15 240
 2  99  72  86   9   0  21 0.02  0.0    0  7.5 18 290   M    M   0 38      M  M
 3  98  69  84   7   0  19    T  0.0    0  7.9 26  70   M    M   0 3      31  70
 4 100  69  85   8   0  20 0.00  0.0    0  6.7 14 300   M    M   0 8      16 300
 5  96  72  84   7   0  19 0.00  0.0    0  8.9 20 200   M    M   0 8      23 200
 6  92  66  79   3   0  14 0.00  0.0    0  9.3 16 220   M    M   0        22 260
 7  92  65  79   3   0  14 0.00  0.0    0 10.1 21 210   M    M   0 8      25 210
 8  88  66  77   1   0  12 0.00  0.0    0  9.1 17 260   M    M   0        22 220
 9  94  58  76   0   0  11 0.00  0.0    0  6.3 16 300   M    M   0        23 250
10 102  62  82   6   0  17 0.00  0.0    0  5.0 13  10   M    M   0        15 360
11  98  67  83   7   0  18 0.00  0.0    0  6.6 18 210   M    M   0 8      21 200
12 100  67  84   8   0  19 0.02  0.0    0  8.9 33 220   M    M   1 38     40 230
13  80  62  71  -4   0   6 0.09  0.0    0  6.8 21  60   M    M   3 3      24 220
14  82  62  72  -3   0   7 0.07  0.0    0  6.2 21 210   M    M   3 13     24 210
15  83  61  72  -3   0   7 0.00  0.0    0  4.3 12 240   M    M   3        15 250
16  88  64  76   2   0  11 0.00  0.0    0  7.2 15 210   M    M   1        19 230
17  93  63  78   4   0  13 0.00  0.0    0  4.7 10 280   M    M   0        14 280
18  95  65  80   6   0  15 0.00  0.0    0  6.5 14 290   M    M   0        16 290
19  93  64  79   5   0  14    T  0.0    0  9.9 21 260   M    M   1        26 210
20  84  66  75   1   0  10 0.00  0.0    0 13.0 24 230   M    M   1        29 220
21  84  60  72  -1   0   7 0.00  0.0    0  7.7 17 200   M    M   1        20 190
22  80  59  70  -3   0   5 0.09  0.0    0  9.7 23 320   M    M   1 38     28 350
23  81  56  69  -4   0   4    T  0.0    0  7.0 14 210   M    M   1        25 210
24  85  60  73   1   0   8 0.00  0.0    0  6.2 23 110   M    M   2 3      29 120
25  85  55  70  -2   0   5 0.00  0.0    0  6.1 12 280   M    M   0        15 340
26  91  59  75   3   0  10    T  0.0    0  5.1 12 270   M    M   0 8      18 290
27  95  65  80   8   0  15 0.00  0.0    0  6.6 16 200   M    M   0        21 200
28  89  69  79   8   0  14 0.00  0.0    0 11.0 22 240   M    M   0        36 250
29  89  63  76   5   0  11 0.00  0.0    0  9.6 17 250   M    M   0        22 210
30  80  60  70  -1   0   5 0.00  0.0    0 13.3 33 250   M    M   3 78     41 260
31  77  57  67  -3   0   2 0.00  0.0    0 12.7 23 260   M    M   5        30 260
================================================================================
SM 2795 1976         0 376  0.29     0.0 246.2          M       26
================================================================================
AV 90.2 63.7                               7.9 FASTST   M    M   1    MAX(MPH)
                                 MISC ---->  # 33 220               # 41  260
================================================================================
NOTES:
# LAST OF SEVERAL OCCURRENCES

COLUMN 17 PEAK WIND IN M.P.H.

PRELIMINARY LOCAL CLIMATOLOGICAL DATA (WS FORM: F-6) , PAGE 2

                                          STATION:  WALLA WALLA WA
                                          MONTH:    AUGUST
                                          YEAR:     2014
                                          LATITUDE:   46  5 N
                                          LONGITUDE: 118 17 W

[TEMPERATURE DATA]      [PRECIPITATION DATA]       SYMBOLS USED IN COLUMN 16

AVERAGE MONTHLY: 77.0   TOTAL FOR MONTH:   0.29    1 = FOG OR MIST
DPTR FM NORMAL:   2.8   DPTR FM NORMAL:   -0.28    2 = FOG REDUCING VISIBILITY
HIGHEST:   102 ON 10, 1 GRTST 24HR  0.16 ON 13-14      TO 1/4 MILE OR LESS
LOWEST:     55 ON 25                               3 = THUNDER
                        SNOW, ICE PELLETS, HAIL    4 = ICE PELLETS
                        TOTAL MONTH:   0.0 INCH    5 = HAIL
                        GRTST 24HR     0.0         6 = FREEZING RAIN OR DRIZZLE
                        GRTST DEPTH:   0           7 = DUSTSTORM OR SANDSTORM:
                                                       VSBY 1/2 MILE OR LESS
                                                   8 = SMOKE OR HAZE
[NO. OF DAYS WITH]      [WEATHER - DAYS WITH]      9 = BLOWING SNOW
                                                   X = TORNADO
MAX 32 OR BELOW:   0    0.01 INCH OR MORE:   5
MAX 90 OR ABOVE:  16    0.10 INCH OR MORE:   0
MIN 32 OR BELOW:   0    0.50 INCH OR MORE:   0
MIN  0 OR BELOW:   0    1.00 INCH OR MORE:   0

[HDD (BASE 65) ]
TOTAL THIS MO.     0    CLEAR  (SCALE 0-3)  29
DPTR FM NORMAL    -7    PTCLDY (SCALE 4-7)   2
TOTAL FM JUL 1     0    CLOUDY (SCALE 8-10)  0
DPTR FM NORMAL   -13

[CDD (BASE 65) ]
TOTAL THIS MO.   376
DPTR FM NORMAL    83    [PRESSURE DATA]
TOTAL FM JAN 1  1015    HIGHEST SLP 30.12 ON 23
DPTR FM NORMAL   263    LOWEST  SLP 29.61 ON 19

[REMARKS]
#FINAL-08-14#




U.S. Dept. of Commerce
NOAA National Weather Service
1325 East West Highway
Silver Spring, MD 20910
E-mail: w-nws.webmaster@noaa.gov
Page last modified: May 16, 2007
NATIONAL WEATHER SERVICE: for Safety, for Work, for Fun - FOR LIFE