085
CXUS56 KPDT 011844
CF6ALW
PRELIMINARY LOCAL CLIMATOLOGICAL DATA (WS FORM: F-6)

                                          STATION:   WALLA WALLA WA
                                          MONTH:     JANUARY
                                          YEAR:      2015
                                          LATITUDE:   46  5 N
                                          LONGITUDE: 118 17 W

  TEMPERATURE IN F:       :PCPN:    SNOW:  WIND      :SUNSHINE: SKY     :PK WND
================================================================================
1   2   3   4   5  6A  6B    7    8   9   10  11  12  13   14  15   16   17  18
                                     12Z  AVG MX 2MIN
DY MAX MIN AVG DEP HDD CDD  WTR  SNW DPTH SPD SPD DIR MIN PSBL S-S WX    SPD DR
================================================================================

 1  26  13  20 -13  45   0 0.00  0.0    0  1.8  7  90   M    M   1 8       7  90
 2  29  17  23 -10  42   0    T    T    T  3.4  9 170   M    M   7 18     10 170
 3  33  23  28  -6  37   0    T    T    T  2.7 10 200   M    M  10 18     13 200
 4  49  27  38   4  27   0 0.43  0.5    M  6.9 25 180   M    M  10 1268   33 170
 5  56  45  51  17  14   0 0.12  0.0    0 12.3 23 180   M    M   9        29 210
 6  51  36  44  10  21   0 0.00  0.0    0  5.3 12  90   M    M   0 18     12 110
 7  42  31  37   3  28   0 0.00  0.0    0  4.8 12  20   M    M   5 128    13  10
 8  35  33  34   0  31   0    T    T    0  3.2 10 150   M    M  10 12     23  30
 9  37  33  35   1  30   0    T  0.0    0  2.3  6 250   M    M   9 12     10 190
10  39  35  37   2  28   0    T  0.0    0  1.8  6 160   M    M  10 12      6 120
11  37  33  35   0  30   0 0.13  0.0    0  1.5  6 170   M    M  10 12      6 170
12  39  33  36   1  29   0 0.04  0.0    0  2.7  7 190   M    M  10 12      7 190
13  41  36  39   4  26   0    T  0.0    0  3.0 10  20   M    M  10 1      12  20
14  39  34  37   2  28   0 0.00  0.0    0  2.7  7 160   M    M  10 18      8  10
15  41  30  36   0  29   0 0.02  0.0    0  4.1 13  50   M    M   8 128    15  60
16  52  36  44   8  21   0 0.07  0.0    0  9.8 26 220   M    M   5 18     34 160
17  48  31  40   4  25   0 0.37  0.0    0  4.6 13 100   M    M   7 12     14 170
18  58  34  46  10  19   0 0.07  0.0    0 12.6 22 190   M    M   6 1      28 200
19  52  40  46  10  19   0    T  0.0    0  9.8 18 240   M    M   5        22 220
20  47  31  39   3  26   0 0.00  0.0    0  5.1 10 180   M    M   1 12      M  M
21  32  29  31  -5  34   0 0.00  0.0    0  2.0  8 190   M    M  10 12     10 190
22  35  30  33  -3  32   0    T  0.0    0  1.5  7 210   M    M   M 2       8 300
23  46  31  39   2  26   0    T  0.0    0  2.7 12 110   M    M   M 2      14 120
24  60  38  49  12  16   0 0.00  0.0    0  7.3 15 200   M    M   M 18     19 200
25  48  34  41   4  24   0 0.00  0.0    M  2.3  9 180   M    M   M 2      10 180
26  39  33  36  -1  29   0 0.00  0.0    0  1.7  8  80   M    M  10 12      9  80
27  46  32  39   2  26   0 0.00  0.0    0  4.2 14 200   M    M   6 12     16 200
28  46  33  40   3  25   0 0.00  0.0    0  3.8 10 190   M    M   8 12     11 200
29  37  36  37   0  28   0    T  0.0    0  2.0  7 220   M    M  10 1      15  10
30  38  35  37   0  28   0    T  0.0    0  3.7  9 220   M    M  10 18     12 290
31  39  35  37   0  28   0    T  0.0    0  2.0  7 150   M    M  10 1       9 130
================================================================================
SM 1317  997       851   0  1.25     0.5 133.6          M      207
================================================================================
AV 42.5 32.2                               4.3 FASTST   M    M   8    MAX(MPH)
                                 MISC ---->  # 26 220               # 34  160
================================================================================
NOTES:
# LAST OF SEVERAL OCCURRENCES

COLUMN 17 PEAK WIND IN M.P.H.

PRELIMINARY LOCAL CLIMATOLOGICAL DATA (WS FORM: F-6) , PAGE 2

                                          STATION:  WALLA WALLA WA
                                          MONTH:    JANUARY
                                          YEAR:     2015
                                          LATITUDE:   46  5 N
                                          LONGITUDE: 118 17 W

[TEMPERATURE DATA]      [PRECIPITATION DATA]       SYMBOLS USED IN COLUMN 16

AVERAGE MONTHLY: 37.3   TOTAL FOR MONTH:   1.25    1 = FOG OR MIST
DPTR FM NORMAL:   1.8   DPTR FM NORMAL:   -1.28    2 = FOG REDUCING VISIBILITY
HIGHEST:    60 ON 24    GRTST 24HR  0.44 ON 17-18      TO 1/4 MILE OR LESS
LOWEST:     13 ON  1                               3 = THUNDER
                        SNOW, ICE PELLETS, HAIL    4 = ICE PELLETS
                        TOTAL MONTH:   0.5 INCH    5 = HAIL
                        GRTST 24HR   0.5 ON  4- 4  6 = FREEZING RAIN OR DRIZZLE
                        GRTST DEPTH:   0           7 = DUSTSTORM OR SANDSTORM:
                                                       VSBY 1/2 MILE OR LESS
                                                   8 = SMOKE OR HAZE
[NO. OF DAYS WITH]      [WEATHER - DAYS WITH]      9 = BLOWING SNOW
                                                   X = TORNADO
MAX 32 OR BELOW:   3    0.01 INCH OR MORE:   8
MAX 90 OR ABOVE:   0    0.10 INCH OR MORE:   4
MIN 32 OR BELOW:  12    0.50 INCH OR MORE:   0
MIN  0 OR BELOW:   0    1.00 INCH OR MORE:   0

[HDD (BASE 65) ]
TOTAL THIS MO.   851    CLEAR  (SCALE 0-3)   3
DPTR FM NORMAL   -63    PTCLDY (SCALE 4-7)   9
TOTAL FM JUL 1  2617    CLOUDY (SCALE 8-10) 15
DPTR FM NORMAL  -435

[CDD (BASE 65) ]
TOTAL THIS MO.     0
DPTR FM NORMAL     0    [PRESSURE DATA]
TOTAL FM JAN 1     0    HIGHEST SLP 30.60 ON 23
DPTR FM NORMAL     0    LOWEST  SLP 29.79 ON 17

[REMARKS]
#FINAL-01-15#




U.S. Dept. of Commerce
NOAA National Weather Service
1325 East West Highway
Silver Spring, MD 20910
E-mail: w-nws.webmaster@noaa.gov
Page last modified: May 16, 2007
NATIONAL WEATHER SERVICE: for Safety, for Work, for Fun - FOR LIFE