040
CXUS56 KPDT 251032
CF6ALW
PRELIMINARY LOCAL CLIMATOLOGICAL DATA (WS FORM: F-6)

                                          STATION:   WALLA WALLA WA
                                          MONTH:     JULY
                                          YEAR:      2014
                                          LATITUDE:   46  5 N
                                          LONGITUDE: 118 17 W

  TEMPERATURE IN F:       :PCPN:    SNOW:  WIND      :SUNSHINE: SKY     :PK WND
================================================================================
1   2   3   4   5  6A  6B    7    8   9   10  11  12  13   14  15   16   17  18
                                     12Z  AVG MX 2MIN
DY MAX MIN AVG DEP HDD CDD  WTR  SNW DPTH SPD SPD DIR MIN PSBL S-S WX    SPD DR
================================================================================

 1  98  56  77   6   0  12 0.00  0.0    0  6.3 16  90   M    M   0        18  90
 2  93  68  81  10   0  16    T  0.0    0  6.4 15 190   M    M   0        19 190
 3  90  69  80   8   0  15 0.00  0.0    0 11.1 22 200   M    M   0        27 200
 4  89  64  77   5   0  12 0.00  0.0    0  7.9 15 200   M    M   0        19 200
 5  93  65  79   7   0  14 0.00  0.0    0  8.0 15 220   M    M   0        20 280
 6  96  65  81   8   0  16 0.00  0.0    0  6.5 15 290   M    M   0        23 280
 7  96  69  83  10   0  18 0.00  0.0    0  8.0 14 280   M    M   0        16 220
 8 100  68  84  11   0  19 0.00  0.0    0  6.4 13 250   M    M   0        17 210
 9  98  74  86  12   0  21 0.00  0.0    0  8.6 15 240   M    M   0        24 290
10  95  67  81   7   0  16 0.00  0.0    0  8.5 16 260   M    M   0        20 250
11  97  63  80   6   0  15 0.00  0.0    0  6.9 10 100   M    M   0        16 240
12 104  68  86  11   0  21 0.00  0.0    0  5.5 13  90   M    M   0        17  10
13 107  69  88  13   0  23    T  0.0    0  7.2  M   M   M    M   1         M  M
14  99  72  86  11   0  21 0.02  0.0    0  7.0 17 140   M    M   2 3      21 140
15 100  70  85  10   0  20 0.00  0.0    0  7.0 15 200   M    M   0 8      19 210
16 105  75  90  14   0  25 0.00  0.0    0  7.3 15 170   M    M   0 8      20 260
17  97  71  84   8   0  19 0.00  0.0    0 13.8 23 230   M    M   0 8      28 240
18  93  68  81   5   0  16 0.00  0.0    0  9.8 17 240   M    M   1        24 240
19  97  69  83   7   0  18 0.00  0.0    0 12.2 24 260   M    M   1        31 260
20  86  65  76   0   0  11 0.00  0.0    0 13.1 21 220   M    M   0        28 220
21  86  60  73  -4   0   8 0.00  0.0    0  9.5 22 210   M    M   1        29 190
22  90  64  77   0   0  12 0.07  0.0    0  7.8 26  90   M    M   4 3      36 210
23  83  58  71  -6   0   6 0.04  0.0    0 11.5 37 230   M    M   4 3      49 220
24  77  56  67 -10   0   2    T  0.0    0 12.7 23 240   M    M   5 8      29 250
================================================================================
SM 2269 1593         0 376  0.13     0.0 209.0          M       19
================================================================================
AV 94.5 66.4                               8.7 FASTST   M    M   1    MAX(MPH)
                                 MISC ---->  # 37 230                999999 M
================================================================================
NOTES:
# LAST OF SEVERAL OCCURRENCES

COLUMN 17 PEAK WIND IN M.P.H.

PRELIMINARY LOCAL CLIMATOLOGICAL DATA (WS FORM: F-6) , PAGE 2

                                          STATION:  WALLA WALLA WA
                                          MONTH:    JULY
                                          YEAR:     2014
                                          LATITUDE:   46  5 N
                                          LONGITUDE: 118 17 W

[TEMPERATURE DATA]      [PRECIPITATION DATA]       SYMBOLS USED IN COLUMN 16

AVERAGE MONTHLY: 80.5   TOTAL FOR MONTH:   0.13    1 = FOG OR MIST
DPTR FM NORMAL:   6.0   DPTR FM NORMAL:   -0.35    2 = FOG REDUCING VISIBILITY
HIGHEST:   107 ON 13    GRTST 24HR  0.10 ON 22-23      TO 1/4 MILE OR LESS
LOWEST:     56 ON 24, 1                            3 = THUNDER
                        SNOW, ICE PELLETS, HAIL    4 = ICE PELLETS
                        TOTAL MONTH:   0.0 INCH    5 = HAIL
                        GRTST 24HR     0.0         6 = FREEZING RAIN OR DRIZZLE
                        GRTST DEPTH:   0           7 = DUSTSTORM OR SANDSTORM:
                                                       VSBY 1/2 MILE OR LESS
                                                   8 = SMOKE OR HAZE
[NO. OF DAYS WITH]      [WEATHER - DAYS WITH]      9 = BLOWING SNOW
                                                   X = TORNADO
MAX 32 OR BELOW:   0    0.01 INCH OR MORE:   3
MAX 90 OR ABOVE:  19    0.10 INCH OR MORE:   0
MIN 32 OR BELOW:   0    0.50 INCH OR MORE:   0
MIN  0 OR BELOW:   0    1.00 INCH OR MORE:   0

[HDD (BASE 65) ]
TOTAL THIS MO.     0    CLEAR  (SCALE 0-3)  21
DPTR FM NORMAL    -2    PTCLDY (SCALE 4-7)   3
TOTAL FM JUL 1     0    CLOUDY (SCALE 8-10)  0
DPTR FM NORMAL    -2

[CDD (BASE 65) ]
TOTAL THIS MO.   376
DPTR FM NORMAL   144    [PRESSURE DATA]
TOTAL FM JAN 1   521    HIGHEST SLP 30.08 ON  7
DPTR FM NORMAL   147    LOWEST  SLP 29.70 ON  9

[REMARKS]




U.S. Dept. of Commerce
NOAA National Weather Service
1325 East West Highway
Silver Spring, MD 20910
E-mail: w-nws.webmaster@noaa.gov
Page last modified: May 16, 2007
NATIONAL WEATHER SERVICE: for Safety, for Work, for Fun - FOR LIFE