012
CXUS55 KPUB 301059
CF6ALS
PRELIMINARY LOCAL CLIMATOLOGICAL DATA (WS FORM: F-6)

                                          STATION:   ALAMOSA CO
                                          MONTH:     AUGUST
                                          YEAR:      2014
                                          LATITUDE:   37 27 N
                                          LONGITUDE: 105 52 W

  TEMPERATURE IN F:       :PCPN:    SNOW:  WIND      :SUNSHINE: SKY     :PK WND
================================================================================
1   2   3   4   5  6A  6B    7    8   9   10  11  12  13   14  15   16   17  18
                                     12Z  AVG MX 2MIN
DY MAX MIN AVG DEP HDD CDD  WTR  SNW DPTH SPD SPD DIR MIN PSBL S-S WX    SPD DR
================================================================================

 1  72  50  61  -3   4   0    T  0.0    0  4.6 24 270   M    M   7 3      36 260
 2  75  44  60  -4   5   0 0.00  0.0    0  4.2 17 150   M    M   4 1      22 150
 3  78  47  63  -1   2   0 0.00  0.0    0  6.7 18 180   M    M   0 1      23 180
 4  76  51  64   0   1   0    T  0.0    0  5.9 20 190   M    M   4 3      24 200
 5  79  47  63  -1   2   0 0.00  0.0    0  5.2 15  50   M    M   1        23 170
 6  82  42  62  -2   3   0 0.00  0.0    0  4.7 13 140   M    M   0        17  80
 7  80  45  63  -1   2   0 0.00  0.0    0  9.2 25 180   M    M   2        30 210
 8  81  43  62  -2   3   0 0.00  0.0    0  5.2 26 310   M    M   1        30 310
 9  84  40  62  -2   3   0 0.00  0.0    0  6.9 28 300   M    M   0        37 310
10  81  46  64   0   1   0    T  0.0    0  9.0 28  90   M    M   2        38 310
11  81  42  62  -2   3   0 0.00  0.0    0  6.6 21 110   M    M   1        26 120
12  80  44  62  -1   3   0 0.00  0.0    0  5.6 21 110   M    M   1        26 110
13  83  47  65   2   0   0 0.00  0.0    0  7.6 18 240   M    M   2        23 250
14  80  51  66   3   0   1    T  0.0    0  9.6 25 360   M    M   5        31 350
15  83  44  64   1   1   0 0.00  0.0    0  6.6 28 250   M    M   1        38 270
16  84  40  62  -1   3   0    T  0.0    0  5.9 31 320   M    M   1        38 310
17  85  43  64   1   1   0 0.00  0.0    0  5.9 23 260   M    M   0        33 250
18  85  41  63   0   2   0    T  0.0    0  5.8 28 240   M    M   2        37 240
19  81  51  66   4   0   1    T  0.0    0  7.1 29 160   M    M   3 8      36 170
20  81  51  66   4   0   1 0.00  0.0    0  7.9 22 340   M    M   4        27 340
21  80  43  62   0   3   0 0.00  0.0    0  2.8 12 360   M    M   1        16 350
22  58  48  53  -9  12   0 0.51  0.0    0  3.9 14  60   M    M   6 1      17 130
23  74  47  61  -1   4   0 0.00  0.0    0  8.8 24 210   M    M   5 12     28 230
24  79  40  60  -2   5   0 0.00  0.0    0  6.1 20 200   M    M   1        25 210
25  81  43  62   0   3   0    T  0.0    0  6.4 16 260   M    M   1        22 270
26  75  51  63   2   2   0 0.02  0.0    0  7.2 20 280   M    M   6 3      24 280
27  76  43  60  -1   5   0 0.00  0.0    0  7.2 23 260   M    M   3        32 240
28  73  40  57  -4   8   0    T  0.0    0  4.3 24 360   M    M   5        28 350
29  76  35  56  -5   9   0    T  0.0    0  5.8 25 360   M    M   2        33 360
================================================================================
SM 2283 1299        90   3  0.53     0.0 182.7          M       71
================================================================================
AV 78.7 44.8                               6.3 FASTST   M    M   2    MAX(MPH)
                                 MISC ---->  # 31 320               # 38  310
================================================================================
NOTES:
# LAST OF SEVERAL OCCURRENCES

COLUMN 17 PEAK WIND IN M.P.H.

PRELIMINARY LOCAL CLIMATOLOGICAL DATA (WS FORM: F-6) , PAGE 2

                                          STATION:  ALAMOSA CO
                                          MONTH:    AUGUST
                                          YEAR:     2014
                                          LATITUDE:   37 27 N
                                          LONGITUDE: 105 52 W

[TEMPERATURE DATA]      [PRECIPITATION DATA]       SYMBOLS USED IN COLUMN 16

AVERAGE MONTHLY: 61.8   TOTAL FOR MONTH:   0.53    1 = FOG OR MIST
DPTR FM NORMAL:  -1.1   DPTR FM NORMAL:   -0.66    2 = FOG REDUCING VISIBILITY
HIGHEST:    85 ON 18,17 GRTST 24HR  0.51 ON 22-22      TO 1/4 MILE OR LESS
LOWEST:     35 ON 29                               3 = THUNDER
                        SNOW, ICE PELLETS, HAIL    4 = ICE PELLETS
                        TOTAL MONTH:   0.0 INCH    5 = HAIL
                        GRTST 24HR     0.0         6 = FREEZING RAIN OR DRIZZLE
                        GRTST DEPTH:   0           7 = DUSTSTORM OR SANDSTORM:
                                                       VSBY 1/2 MILE OR LESS
                                                   8 = SMOKE OR HAZE
[NO. OF DAYS WITH]      [WEATHER - DAYS WITH]      9 = BLOWING SNOW
                                                   X = TORNADO
MAX 32 OR BELOW:   0    0.01 INCH OR MORE:   2
MAX 90 OR ABOVE:   0    0.10 INCH OR MORE:   1
MIN 32 OR BELOW:   0    0.50 INCH OR MORE:   1
MIN  0 OR BELOW:   0    1.00 INCH OR MORE:   0

[HDD (BASE 65) ]
TOTAL THIS MO.    90    CLEAR  (SCALE 0-3)  19
DPTR FM NORMAL    16    PTCLDY (SCALE 4-7)  10
TOTAL FM JUL 1   112    CLOUDY (SCALE 8-10)  0
DPTR FM NORMAL    -7

[CDD (BASE 65) ]
TOTAL THIS MO.     3
DPTR FM NORMAL    -9    [PRESSURE DATA]
TOTAL FM JAN 1    60    HIGHEST SLP M ON M
DPTR FM NORMAL    10    LOWEST  SLP 29.76 ON 20

[REMARKS]




U.S. Dept. of Commerce
NOAA National Weather Service
1325 East West Highway
Silver Spring, MD 20910
E-mail: w-nws.webmaster@noaa.gov
Page last modified: May 16, 2007
NATIONAL WEATHER SERVICE: for Safety, for Work, for Fun - FOR LIFE