971
CXUS55 KPUB 020002 CCA
CF6ALS

PRELIMINARY LOCAL CLIMATOLOGICAL DATA (WS FORM: F-6)

                                          STATION:   ALAMOSA CO
                                          MONTH:     NOVEMBER
                                          YEAR:      2014
                                          LATITUDE:   37 27 N
                                          LONGITUDE: 105 52 W

  TEMPERATURE IN F:       :PCPN:    SNOW:  WIND      :SUNSHINE: SKY     :PK WND
================================================================================
1   2   3   4   5  6A  6B    7    8   9   10  11  12  13   14  15   16   17  18
                                     12Z  AVG MX 2MIN
DY MAX MIN AVG DEP HDD CDD  WTR  SNW DPTH SPD SPD DIR MIN PSBL S-S WX    SPD DR
================================================================================

 1  66  36  51  14  14   0 0.01  0.0    0  8.6 25 210   M    M   3        35 220
 2  55  35  45   9  20   0 0.16  0.0    0 11.9 32 200   M    M   5 13     43 210
 3  50  25  38   2  27   0 0.00  0.0    0  7.0 20 200   M    M   1        25 180
 4  51  16  34  -1  31   0 0.00  0.0    0  3.1 12 310   M    M   0 1      15 320
 5  58  12  35   0  30   0 0.00  0.0    0  2.7  9 130   M    M   0        11 320
 6  61  16  39   5  26   0 0.00  0.0    0  3.4  8 160   M    M   0         9 160
 7  62  16  39   5  26   0 0.00  0.0    0  4.6 14 340   M    M   0        18 350
 8  58  20  39   6  26   0 0.00  0.0    0  4.3 14 120   M    M   0        16 120
 9  59  15  37   4  28   0 0.00  0.0    0  4.3  9 170   M    M   0        12 170
10  62  18  40   8  25   0 0.00  0.0    0 13.3 35 260   M    M   1 8      42 260
11  56  10  33   1  32   0 0.00  0.0    0 10.8 35 250   M    M   0        45 240
12  55  22  39   8  26   0 0.00  0.0    0 16.1 29 260   M    M   3        35 260
13  47  15  31   0  34   0 0.00  0.0    0  6.2 20 250   M    M   3        23 250
14  51  25  38   8  27   0 0.07  0.1    T  5.9 24 240   M    M   7 1      30 240
15  49  29  39   9  26   0 0.00  0.0    0 10.7 28 250   M    M   5 12     35 250
16  34   6  20  -9  45   0 0.08  1.0    1 10.9 26 350   M    M   3 1      33 350
17  32  -1  16 -13  49   0 0.00  0.0    0  3.5  9 220   M    M   0        12 200
18  38  -1  19  -9  46   0 0.00  0.0    0  4.6  9 250   M    M   0        11 340
19  43   2  23  -5  42   0 0.00  0.0    0  3.7  8 190   M    M   0 8      11 130
20  44   7  26  -1  39   0 0.00  0.0    0  2.0  9 330   M    M   3        12 330
21  45   5  25  -2  40   0 0.00  0.0    0  2.7 10  80   M    M   0        11 180
22  50   4  27   1  38   0 0.00  0.0    0  4.9 16 160   M    M   0        20 160
23  40   8  24  -2  41   0 0.02  0.5    0 13.3 35 330   M    M   3 18     43 320
24  33   2  18  -7  47   0 0.00  0.0    0  8.1 23 320   M    M   1        31 340
25  36   1  19  -6  46   0 0.00  0.0    0  5.1 12 150   M    M   1        14 130
26  50   8  29   5  36   0 0.00  0.0    0  5.3 13 220   M    M   1        16 230
27  53   7  30   6  35   0 0.00  0.0    0  3.4  9  50   M    M   0        10 160
28  60   5  33  10  32   0 0.00  0.0    0  4.1 17 210   M    M   0        20 220
29  60  15  38  15  27   0 0.00  0.0    0  9.1 28 240   M    M   0        36 240
30  57  21  39  17  26   0 0.00  0.0    0  9.9 22 210   M    M   0        29 210
================================================================================
SM 1515 399        987   0 0.34  1.6     203.5          M       40
================================================================================
AV 50.5 13.3                               6.8 FASTST   M    M   1      MAX(MPH)
                                 MISC ---->  # 35 330                     45 240
================================================================================
NOTES:
# LAST OF SEVERAL OCCURRENCES

COLUMN 17 PEAK WIND IN M.P.H.

PRELIMINARY LOCAL CLIMATOLOGICAL DATA (WS FORM: F-6) , PAGE 2

                                          STATION:  ALAMOSA CO
                                          MONTH:    NOVEMBER
                                          YEAR:     2014
                                          LATITUDE:   37 27 N
                                          LONGITUDE: 105 52 W

[TEMPERATURE DATA]      [PRECIPITATION DATA]       SYMBOLS USED IN COLUMN 16

AVERAGE MONTHLY: 31.9   TOTAL FOR MONTH:   0.34    1 = FOG OR MIST
 DPTR FM NORMAL:  2.4   DPTR FM NORMAL:   -0.08    2 = FOG REDUCING VISIBILITY
HIGHEST:  66 ON     1   GRTST 24HR   0.16 ON  2        TO 1/4 MILE OR LESS
LOWEST:   -1 ON 18,17                              3 = THUNDER
                        SNOW, ICE PELLETS, HAIL    4 = ICE PELLETS
                        TOTAL MONTH: 1.6 INCHES    5 = HAIL
                        GRTST 24HR   1.0  ON 16    6 = FREEZING RAIN OR DRIZZLE
                        GRTST DEPTH:   1  ON 16    7 = DUSTSTORM OR SANDSTORM:
                                                       VSBY 1/2 MILE OR LESS
                                                   8 = SMOKE OR HAZE
[NO. OF DAYS WITH]      [WEATHER - DAYS WITH]      9 = BLOWING SNOW
                                                   X = TORNADO
MAX 32 OR BELOW:   1    0.01 INCH OR MORE:   5
MAX 90 OR ABOVE:   0    0.10 INCH OR MORE:   1
MIN 32 OR BELOW:  28    0.50 INCH OR MORE:   0
MIN  0 OR BELOW:   2    1.00 INCH OR MORE:   0

[HDD (BASE 65) ]
TOTAL THIS MO.   987    CLEAR  (SCALE 0-3)  27
DPTR FM NORMAL   -78    PTCLDY (SCALE 4-7)   3
TOTAL FM JUL 1  1843    CLOUDY (SCALE 8-10)  0
DPTR FM NORMAL  -332

[CDD (BASE 65) ]
TOTAL THIS MO.     0
DPTR FM NORMAL     0    [PRESSURE DATA]
TOTAL FM JAN 1    60    HIGHEST SLP 30.68 ON 27
DPTR FM NORMAL     9    LOWEST  SLP 29.50 ON 10

[REMARKS]
#FINAL-11-14#




U.S. Dept. of Commerce
NOAA National Weather Service
1325 East West Highway
Silver Spring, MD 20910
E-mail: w-nws.webmaster@noaa.gov
Page last modified: May 16, 2007
NATIONAL WEATHER SERVICE: for Safety, for Work, for Fun - FOR LIFE