861
CXUS55 KPUB 301059
CF6ALS
PRELIMINARY LOCAL CLIMATOLOGICAL DATA (WS FORM: F-6)

                                          STATION:   ALAMOSA CO
                                          MONTH:     JULY
                                          YEAR:      2014
                                          LATITUDE:   37 27 N
                                          LONGITUDE: 105 52 W

  TEMPERATURE IN F:       :PCPN:    SNOW:  WIND      :SUNSHINE: SKY     :PK WND
================================================================================
1   2   3   4   5  6A  6B    7    8   9   10  11  12  13   14  15   16   17  18
                                     12Z  AVG MX 2MIN
DY MAX MIN AVG DEP HDD CDD  WTR  SNW DPTH SPD SPD DIR MIN PSBL S-S WX    SPD DR
================================================================================

 1  84  44  64   1   1   0    T  0.0    0  8.4 24 100   M    M   0 3      31 100
 2  78  49  64   0   1   0 0.00  0.0    0  8.1 18 140   M    M   1        25 130
 3  81  43  62  -2   3   0    T  0.0    0  7.7 25 260   M    M   0        32 260
 4  83  42  63  -1   2   0    T  0.0    0  5.5 23 280   M    M   2        31 270
 5  86  49  68   4   0   3    T  0.0    0  6.9 20 180   M    M   2        23 160
 6  88  44  66   2   0   1    T  0.0    0  5.6 22 190   M    M   0 3      24 190
 7  89  47  68   4   0   3 0.00  0.0    0  6.6 36 330   M    M   0 8      48 340
 8  82  50  66   2   0   1 0.00  0.0    0  9.7 35 160   M    M   0        43 160
 9  83  47  65   1   0   0 0.00  0.0    0  6.5 21 140   M    M   1 3      29  90
10  85  46  66   1   0   1 0.00  0.0    0  6.5 23  90   M    M   1 3      29  80
11  85  52  69   4   0   4 0.00  0.0    0  6.9 29 250   M    M   2        33 250
12  86  47  67   2   0   2    T  0.0    0  6.8 33 110   M    M   1        43 110
13  85  53  69   4   0   4    T  0.0    0  6.5 20 110   M    M   3 3      26 110
14  82  56  69   4   0   4    T  0.0    0  8.6 26  90   M    M   5 3      37  90
15  80  54  67   2   0   2 0.58  0.0    0  8.7 29 360   M    M   5 138    38  20
16  71  49  60  -5   5   0 0.07  0.0    0  7.2 26  20   M    M   1 13     37  10
17  79  48  64  -1   1   0 0.02  0.0    0  7.4 24 230   M    M   1        29 230
18  84  46  65   0   0   0 0.00  0.0    0  5.8 23 240   M    M   1 1      33 120
19  81  47  64  -1   1   0 0.01  0.0    0  6.2 32 320   M    M   2        41 310
20  86  44  65   0   0   0 0.08  0.0    0  6.0 28 320   M    M   1 3      38 320
21  84  54  69   4   0   4    T  0.0    0  3.4 16 310   M    M   2        23 350
22  90  48  69   4   0   4 0.00  0.0    0  5.1 20 110   M    M   0        24 110
23  88  51  70   5   0   5    T  0.0    0  8.2 24 140   M    M   0 3      32  90
24  88  51  70   5   0   5 0.00  0.0    0  8.9 24 330   M    M   1        31 330
25  86  54  70   5   0   5    T  0.0    0  5.7 20 290   M    M   2        25 350
26  88  48  68   3   0   3 0.02  0.0    0  6.3 26 320   M    M   2 3      33 320
27  86  52  69   4   0   4    T  0.0    0  5.8 21 110   M    M   3 3      29 110
28  77  55  66   1   0   1 0.29  0.0    0  6.6 18 140   M    M   7 13     24 140
29  73  49  61  -4   4   0 0.08  0.0    0  3.8 20 280   M    M   7 123    24 290
================================================================================
SM 2418 1419        18  56  1.15     0.0 195.4          M       53
================================================================================
AV 83.4 48.9                               6.7 FASTST   M    M   2    MAX(MPH)
                                 MISC ---->  # 36 330               # 48  340
================================================================================
NOTES:
# LAST OF SEVERAL OCCURRENCES

COLUMN 17 PEAK WIND IN M.P.H.

PRELIMINARY LOCAL CLIMATOLOGICAL DATA (WS FORM: F-6) , PAGE 2

                                          STATION:  ALAMOSA CO
                                          MONTH:    JULY
                                          YEAR:     2014
                                          LATITUDE:   37 27 N
                                          LONGITUDE: 105 52 W

[TEMPERATURE DATA]      [PRECIPITATION DATA]       SYMBOLS USED IN COLUMN 16

AVERAGE MONTHLY: 66.2   TOTAL FOR MONTH:   1.15    1 = FOG OR MIST
DPTR FM NORMAL:   1.5   DPTR FM NORMAL:    0.25    2 = FOG REDUCING VISIBILITY
HIGHEST:    90 ON 22    GRTST 24HR  0.59 ON 15-16      TO 1/4 MILE OR LESS
LOWEST:     42 ON  4                               3 = THUNDER
                        SNOW, ICE PELLETS, HAIL    4 = ICE PELLETS
                        TOTAL MONTH:   0.0 INCH    5 = HAIL
                        GRTST 24HR     0.0         6 = FREEZING RAIN OR DRIZZLE
                        GRTST DEPTH:   0           7 = DUSTSTORM OR SANDSTORM:
                                                       VSBY 1/2 MILE OR LESS
                                                   8 = SMOKE OR HAZE
[NO. OF DAYS WITH]      [WEATHER - DAYS WITH]      9 = BLOWING SNOW
                                                   X = TORNADO
MAX 32 OR BELOW:   0    0.01 INCH OR MORE:   8
MAX 90 OR ABOVE:   1    0.10 INCH OR MORE:   2
MIN 32 OR BELOW:   0    0.50 INCH OR MORE:   1
MIN  0 OR BELOW:   0    1.00 INCH OR MORE:   0

[HDD (BASE 65) ]
TOTAL THIS MO.    18    CLEAR  (SCALE 0-3)  24
DPTR FM NORMAL   -20    PTCLDY (SCALE 4-7)   5
TOTAL FM JUL 1    18    CLOUDY (SCALE 8-10)  0
DPTR FM NORMAL   -20

[CDD (BASE 65) ]
TOTAL THIS MO.    56
DPTR FM NORMAL    27    [PRESSURE DATA]
TOTAL FM JAN 1    57    HIGHEST SLP M ON M
DPTR FM NORMAL    22    LOWEST  SLP 29.79 ON  1

[REMARKS]




U.S. Dept. of Commerce
NOAA National Weather Service
1325 East West Highway
Silver Spring, MD 20910
E-mail: w-nws.webmaster@noaa.gov
Page last modified: May 16, 2007
NATIONAL WEATHER SERVICE: for Safety, for Work, for Fun - FOR LIFE