779
CXUS55 KPUB 012229
CF6ALS

PRELIMINARY LOCAL CLIMATOLOGICAL DATA (WS FORM: F-6)

                                          STATION:   ALAMOSA CO
                                          MONTH:     JANUARY
                                          YEAR:      2015
                                          LATITUDE:   37 27 N
                                          LONGITUDE: 105 52 W

  TEMPERATURE IN F:       :PCPN:    SNOW:  WIND      :SUNSHINE: SKY     :PK WND
================================================================================
1   2   3   4   5  6A  6B    7    8   9   10  11  12  13   14  15   16   17  18
                                     12Z  AVG MX 2MIN
DY MAX MIN AVG DEP HDD CDD  WTR  SNW DPTH SPD SPD DIR MIN PSBL S-S WX    SPD DR
================================================================================

 1  29  -9  10  -6  55   0 0.05  0.5    T  5.6 21 190   M    M   4 128    27 190
 2  23  -9   7  -9  58   0    T    T    T  3.6 10 340   M    M   5 18     11 360
 3  33  -8  13  -3  52   0 0.00  0.0    T  4.1 14 320   M    M   4 128    18 350
 4  32  -7  13  -3  52   0 0.00  0.0    0  4.3 10 350   M    M   0        13 360
 5  35   0  18   2  47   0 0.00  0.0    0   M   M   M   M    M   0         M  M
 6  44   4  24   8  41   0 0.00  0.0    0   M   M   M   M    M   0         M  M
 7  50   7  29  13  36   0 0.00  0.0    0  3.9  9  30   M    M   0 1      12  30
 8  38   9  24   8  41   0 0.00  0.0    0  3.5 12 360   M    M   6 128    14 360
 9  39   7  23   7  42   0 0.00  0.0    0  2.5  9 350   M    M   5 12     10 350
10  25  17  21   5  44   0 0.00  0.0    0  2.1  8 250   M    M  10 12      9 260
11  25  19  22   6  43   0 0.01  0.2    0  1.9  8  20   M    M  10 1      10  10
12  36  21  29  13  36   0    T    T    T  2.7  9 360   M    M   9 1      11  10
13  34  22  28  12  37   0 0.02    T    T  4.0 17 110   M    M   9 18     23 120
14  40  15  28  12  37   0    T    T    T  3.4  9  40   M    M   6 12     12 110
15  38   3  21   5  44   0 0.00  0.0    0  2.9  9  30   M    M   3 128    12  70
16  37  -1  18   2  47   0 0.00  0.0    0  2.8  9  10   M    M   1 18     13 360
17  46   1  24   8  41   0 0.00  0.0    0  4.4 12  80   M    M   0        14  80
18  47  -3  22   6  43   0 0.00  0.0    0  3.1  9  50   M    M   0        12  80
19  49   1  25   9  40   0 0.00  0.0    0  3.2 10 360   M    M   2        12 360
20  44   8  26  10  39   0 0.00  0.0    0  4.4 13  40   M    M   0        16  20
21  34  17  26  10  39   0 0.01  0.1    0 11.0 32 110   M    M   7 1      42 100
22  29  -5  12  -4  53   0 0.01  0.2    T  5.3 23 100   M    M   3 1      29  90
23  35  -9  13  -4  52   0 0.00  0.0    0  2.9 12  20   M    M   1        14  20
24  37  -1  18   1  47   0 0.00  0.0    0  3.4  9 350   M    M   0        10 340
25  49   4  27  10  38   0 0.00  0.0    0  4.0 10 230   M    M   0        17 360
26  54   4  29  12  36   0 0.00  0.0    0  3.0  9 250   M    M   0        10 240
27  52   8  30  13  35   0 0.00  0.0    0  2.7 10 280   M    M   0        12 280
28  50  13  32  14  33   0 0.00  0.0    0  6.0 14  60   M    M   0        19  50
29  45  20  33  15  32   0    T    T    0  5.9 14 170   M    M   4 1      18 130
30  34  27  31  13  34   0 0.19  2.1    1  3.3 15 180   M    M  10 1      19 170
31  35  27  31  13  34   0 0.04  0.3    1  1.7  7 290   M    M  10 1       8 300
================================================================================
SM 1198  202      1308   0 0.33  3.4     116.6          M      109
================================================================================
AV 38.6  6.5                               3.9 FASTST   M    M   4    MAX(MPH)
                                 MISC ---->    32 110                     42 100
================================================================================
NOTES:

COLS. 2, 3 - 1/6 COOP MAX MIN USED DUE TO ASOS OUTAGE.
COLUMN 17 PEAK WIND IN M.P.H.

PRELIMINARY LOCAL CLIMATOLOGICAL DATA (WS FORM: F-6) , PAGE 2

                                          STATION:  ALAMOSA CO
                                          MONTH:    JANUARY
                                          YEAR:     2015
                                          LATITUDE:   37 27 N
                                          LONGITUDE: 105 52 W

[TEMPERATURE DATA]      [PRECIPITATION DATA]       SYMBOLS USED IN COLUMN 16

AVERAGE MONTHLY: 22.6   TOTAL FOR MONTH:   0.33    1 = FOG OR MIST
DPTR FM NORMAL:   6.3   DPTR FM NORMAL:    0.07    2 = FOG REDUCING VISIBILITY
HIGHEST:    54 ON 26    GRTST 24HR   0.19 ON 30        TO 1/4 MILE OR LESS
LOWEST:     -9 ON 23, 2                            3 = THUNDER
                        SNOW, ICE PELLETS, HAIL    4 = ICE PELLETS
                        TOTAL MONTH:   3.4 INCHES  5 = HAIL
                        GRTST 24HR   2.1 ON  31    6 = FREEZING RAIN OR DRIZZLE
                        GRTST DEPTH:   1 ON 30,31  7 = DUSTSTORM OR SANDSTORM:
                                                       VSBY 1/2 MILE OR LESS
                                                   8 = SMOKE OR HAZE
[NO. OF DAYS WITH]      [WEATHER - DAYS WITH]      9 = BLOWING SNOW
                                                   X = TORNADO
MAX 32 OR BELOW:   6    0.01 INCH OR MORE:   7
MAX 90 OR ABOVE:   0    0.10 INCH OR MORE:   1
MIN 32 OR BELOW:  31    0.50 INCH OR MORE:   0
MIN  0 OR BELOW:  10    1.00 INCH OR MORE:   0

[HDD (BASE 65) ]
TOTAL THIS MO.  1308    CLEAR  (SCALE 0-3)  17
DPTR FM NORMAL  -202    PTCLDY (SCALE 4-7)   8
TOTAL FM JUL 1  4460    CLOUDY (SCALE 8-10)  6
DPTR FM NORMAL  -687

[CDD (BASE 65) ]
TOTAL THIS MO.     0
DPTR FM NORMAL     0    [PRESSURE DATA]
TOTAL FM JAN 1     0    HIGHEST SLP 30.77 ON  7
DPTR FM NORMAL     0    LOWEST  SLP 29.79 ON 31

[REMARKS]
#FINAL-01-15#




U.S. Dept. of Commerce
NOAA National Weather Service
1325 East West Highway
Silver Spring, MD 20910
E-mail: w-nws.webmaster@noaa.gov
Page last modified: May 16, 2007
NATIONAL WEATHER SERVICE: for Safety, for Work, for Fun - FOR LIFE