110
CXUS55 KPUB 231836
CF6ALS
PRELIMINARY LOCAL CLIMATOLOGICAL DATA (WS FORM: F-6)

                                          STATION:   ALAMOSA CO
                                          MONTH:     APRIL
                                          YEAR:      2014
                                          LATITUDE:   37 27 N
                                          LONGITUDE: 105 52 W

  TEMPERATURE IN F:       :PCPN:    SNOW:  WIND      :SUNSHINE: SKY     :PK WND
================================================================================
1   2   3   4   5  6A  6B    7    8   9   10  11  12  13   14  15   16   17  18
                                     12Z  AVG MX 2MIN
DY MAX MIN AVG DEP HDD CDD  WTR  SNW DPTH SPD SPD DIR MIN PSBL S-S WX    SPD DR
================================================================================

 1  60  26  43   5  22   0 0.00  0.0    0 20.8 45 230   M    M   4 8      58 230
 2  54  32  43   5  22   0 0.00  0.0    0 17.4 36 210   M    M   2        44 220
 3  36  23  30  -8  35   0 0.16  0.9    0  7.3 23 360   M    M   6 12     26 350
 4  50  14  32  -7  33   0 0.00  0.0    0  6.4 26 200   M    M   3 1      35 180
 5  48  22  35  -4  30   0 0.27  2.3    0  5.3 15 110   M    M   7 12     20 110
 6  50  18  34  -5  31   0    T    T    2  8.3 25 340   M    M   4 1      42 320
 7  53  24  39   0  26   0 0.00  0.0    0 14.0 30 320   M    M   2        39 310
 8  66  21  44   4  21   0 0.00  0.0    0  6.2 15 330   M    M   0        23 230
 9  71  24  48   8  17   0 0.00  0.0    0  7.5 24 260   M    M   0        30 240
10  71  26  49   9  16   0 0.00  0.0    0  8.6 28 290   M    M   1        37 330
11  72  24  48   8  17   0 0.00  0.0    0  7.7 25 240   M    M   0        33 260
12  64  31  48   7  17   0    T  0.0    0 11.3 40 230   M    M   3 38     48 220
13  61  17  39  -2  26   0 0.18  1.2    0 15.8 45 230   M    M   5 128    56 230
14  46  16  31 -10  34   0 0.03  1.2    2  5.7 22  80   M    M   4 18     27  80
15  62  19  41  -1  24   0 0.00  0.0    0  8.5 29 250   M    M   0        35 250
16  62  24  43   1  22   0 0.34  1.0    0  7.9 24  80   M    M   4 1      35  80
17  58  25  42   0  23   0 0.00  0.0    1  5.9 14 160   M    M   2        18 150
18  69  30  50   8  15   0 0.00  0.0    0  7.2 21 260   M    M   1        27 250
19  65  41  53  10  12   0 0.00  0.0    0  9.8 22 200   M    M   4        28 200
20  68  41  55  12  10   0 0.00  0.0    0  5.1 18  20   M    M   4        24 360
21  68  30  49   6  16   0 0.03  0.0    0  5.3 32 230   M    M   1 8      39 240
22  69  34  52   8  13   0    T  0.0    0 13.1 37 230   M    M   3        46 230
================================================================================
SM 1323  562       482   0  1.01     6.6 205.1          M       60
================================================================================
AV 60.1 25.5                               9.3 FASTST   M    M   3    MAX(MPH)
                                 MISC ---->  # 45 230               # 58  230
================================================================================
NOTES:
# LAST OF SEVERAL OCCURRENCES

COLUMN 17 PEAK WIND IN M.P.H.

PRELIMINARY LOCAL CLIMATOLOGICAL DATA (WS FORM: F-6) , PAGE 2

                                          STATION:  ALAMOSA CO
                                          MONTH:    APRIL
                                          YEAR:     2014
                                          LATITUDE:   37 27 N
                                          LONGITUDE: 105 52 W

[TEMPERATURE DATA]      [PRECIPITATION DATA]       SYMBOLS USED IN COLUMN 16

AVERAGE MONTHLY: 42.8   TOTAL FOR MONTH:   1.01    1 = FOG OR MIST
DPTR FM NORMAL:   2.2   DPTR FM NORMAL:    0.58    2 = FOG REDUCING VISIBILITY
HIGHEST:    72 ON 11    GRTST 24HR  0.34 ON 16-16      TO 1/4 MILE OR LESS
LOWEST:     14 ON  4                               3 = THUNDER
                        SNOW, ICE PELLETS, HAIL    4 = ICE PELLETS
                        TOTAL MONTH:   6.6 INCHES  5 = HAIL
                        GRTST 24HR   2.3 ON   M    6 = FREEZING RAIN OR DRIZZLE
                        GRTST DEPTH:   2 ON 14, 6  7 = DUSTSTORM OR SANDSTORM:
                                                       VSBY 1/2 MILE OR LESS
                                                   8 = SMOKE OR HAZE
[NO. OF DAYS WITH]      [WEATHER - DAYS WITH]      9 = BLOWING SNOW
                                                   X = TORNADO
MAX 32 OR BELOW:   0    0.01 INCH OR MORE:   6
MAX 90 OR ABOVE:   0    0.10 INCH OR MORE:   4
MIN 32 OR BELOW:  19    0.50 INCH OR MORE:   0
MIN  0 OR BELOW:   0    1.00 INCH OR MORE:   0

[HDD (BASE 65) ]
TOTAL THIS MO.   482    CLEAR  (SCALE 0-3)  12
DPTR FM NORMAL   -54    PTCLDY (SCALE 4-7)  10
TOTAL FM JUL 1  7925    CLOUDY (SCALE 8-10)  0
DPTR FM NORMAL    83

[CDD (BASE 65) ]
TOTAL THIS MO.     0
DPTR FM NORMAL     0    [PRESSURE DATA]
TOTAL FM JAN 1     0    HIGHEST SLP M ON M
DPTR FM NORMAL     0    LOWEST  SLP 29.50 ON 13

[REMARKS]




U.S. Dept. of Commerce
NOAA National Weather Service
1325 East West Highway
Silver Spring, MD 20910
E-mail: w-nws.webmaster@noaa.gov
Page last modified: May 16, 2007
NATIONAL WEATHER SERVICE: for Safety, for Work, for Fun - FOR LIFE