125
CXUS53 KDMX 270920
CF6ALO
PRELIMINARY LOCAL CLIMATOLOGICAL DATA (WS FORM: F-6)

                                          STATION:   WATERLOO IA
                                          MONTH:     AUGUST
                                          YEAR:      2014
                                          LATITUDE:   42 32 N
                                          LONGITUDE:  92 24 W

  TEMPERATURE IN F:       :PCPN:    SNOW:  WIND      :SUNSHINE: SKY     :PK WND
================================================================================
1   2   3   4   5  6A  6B    7    8   9   10  11  12  13   14  15   16   17  18
                                     12Z  AVG MX 2MIN
DY MAX MIN AVG DEP HDD CDD  WTR  SNW DPTH SPD SPD DIR MIN PSBL S-S WX    SPD DR
================================================================================

 1  84  55  70  -3   0   5 0.00  0.0    0  2.4  9 290   M    M   1 12     12 280
 2  85  56  71  -2   0   6 0.00  0.0    0  3.0 10 230   M    M   1         M  M
 3  84  60  72   0   0   7 0.00  0.0    0  5.3 14 210   M    M   2 1      18 200
 4  85  63  74   2   0   9    T  0.0    0  3.9 22  10   M    M   2 138    30  20
 5  78  59  69  -3   0   4 0.00  0.0    0  4.2 10  40   M    M   5 12     12  60
 6  74  62  68  -4   0   3 0.00  0.0    0  4.7 12 210   M    M   5 1      16 190
 7  79  60  70  -2   0   5    T  0.0    0  9.1 23  90   M    M   7 1      27  90
 8  83  62  73   1   0   8 0.00  0.0    0  7.8 18  90   M    M   3        22  90
 9  83  58  71  -1   0   6 0.00  0.0    0  6.6 16 110   M    M   1        20 100
10  82  57  70  -2   0   5 0.00  0.0    0  2.5  8  30   M    M   2 18     11  50
11  73  60  67  -5   0   2    T  0.0    0 10.0 23 340   M    M   7 1      28 340
12  80  54  67  -5   0   2 0.00  0.0    0  9.9 23 340   M    M   1 8      31 340
13  84  51  68  -4   0   3 0.00  0.0    0  5.6 15 280   M    M   2        20 280
14  81  58  70  -2   0   5 0.00  0.0    0  5.5 13 120   M    M   2        16 100
15  75  60  68  -4   0   3 0.00  0.0    0  7.4 15 170   M    M   3 1      19 170
16  83  64  74   3   0   9 0.00  0.0    0  4.4 10 120   M    M   6 1      17 120
17  85  59  72   1   0   7 0.00  0.0    0  4.7 13 140   M    M   5 12     16 150
18  88  64  76   5   0  11 0.35  0.0    0 10.3 37 310   M    M   3 13     48 310
19  83  66  75   4   0  10 0.00  0.0    0  7.1 16 320   M    M   2 3      20 310
20  77  61  69  -2   0   4    T  0.0    0  4.6 13 220   M    M   2 3      16 170
21  85  70  78   7   0  13 0.08  0.0    0  9.0 23 180   M    M   2 13     27 190
22  91  69  80   9   0  15    T  0.0    0  3.4 22 350   M    M   3 138    27 340
23  81  72  77   7   0  12 0.17  0.0    0  7.1 17 250   M    M   4 138    22 250
24  93  70  82  12   0  17 0.00  0.0    0 10.4 20 150   M    M   3 1      24 170
25  91  69  80  10   0  15 0.24  0.0    0  4.8 16 250   M    M   4 13     23 220
26  79  63  71   1   0   6 0.36  0.0    0  6.3 24  50   M    M   2 13     29  40
================================================================================
SM 2146 1602         0 192  1.20     0.0 160.0          M       80
================================================================================
AV 82.5 61.6                               6.2 FASTST   M    M   3    MAX(MPH)
                                 MISC ---->  # 37 310               # 48  310
================================================================================
NOTES:
# LAST OF SEVERAL OCCURRENCES

COLUMN 17 PEAK WIND IN M.P.H.

PRELIMINARY LOCAL CLIMATOLOGICAL DATA (WS FORM: F-6) , PAGE 2

                                          STATION:  WATERLOO IA
                                          MONTH:    AUGUST
                                          YEAR:     2014
                                          LATITUDE:   42 32 N
                                          LONGITUDE:  92 24 W

[TEMPERATURE DATA]      [PRECIPITATION DATA]       SYMBOLS USED IN COLUMN 16

AVERAGE MONTHLY: 72.1   TOTAL FOR MONTH:   1.20    1 = FOG OR MIST
DPTR FM NORMAL:   0.6   DPTR FM NORMAL:   -2.45    2 = FOG REDUCING VISIBILITY
HIGHEST:    93 ON 24    GRTST 24HR  0.36 ON 26-26      TO 1/4 MILE OR LESS
LOWEST:     51 ON 13                               3 = THUNDER
                        SNOW, ICE PELLETS, HAIL    4 = ICE PELLETS
                        TOTAL MONTH:   0.0 INCH    5 = HAIL
                        GRTST 24HR     0.0         6 = FREEZING RAIN OR DRIZZLE
                        GRTST DEPTH:   0           7 = DUSTSTORM OR SANDSTORM:
                                                       VSBY 1/2 MILE OR LESS
                                                   8 = SMOKE OR HAZE
[NO. OF DAYS WITH]      [WEATHER - DAYS WITH]      9 = BLOWING SNOW
                                                   X = TORNADO
MAX 32 OR BELOW:   0    0.01 INCH OR MORE:   5
MAX 90 OR ABOVE:   3    0.10 INCH OR MORE:   4
MIN 32 OR BELOW:   0    0.50 INCH OR MORE:   0
MIN  0 OR BELOW:   0    1.00 INCH OR MORE:   0

[HDD (BASE 65) ]
TOTAL THIS MO.     0    CLEAR  (SCALE 0-3)  15
DPTR FM NORMAL    -9    PTCLDY (SCALE 4-7)  11
TOTAL FM JUL 1    17    CLOUDY (SCALE 8-10)  0
DPTR FM NORMAL     4

[CDD (BASE 65) ]
TOTAL THIS MO.   192
DPTR FM NORMAL    10    [PRESSURE DATA]
TOTAL FM JAN 1   578    HIGHEST SLP M ON M
DPTR FM NORMAL  -108    LOWEST  SLP 29.70 ON 19

[REMARKS]




U.S. Dept. of Commerce
NOAA National Weather Service
1325 East West Highway
Silver Spring, MD 20910
E-mail: w-nws.webmaster@noaa.gov
Page last modified: May 16, 2007
NATIONAL WEATHER SERVICE: for Safety, for Work, for Fun - FOR LIFE