032
CXUS53 KDMX 280920
CF6ALO
PRELIMINARY LOCAL CLIMATOLOGICAL DATA (WS FORM: F-6)

                                          STATION:   WATERLOO IA
                                          MONTH:     JULY
                                          YEAR:      2014
                                          LATITUDE:   42 32 N
                                          LONGITUDE:  92 24 W

  TEMPERATURE IN F:       :PCPN:    SNOW:  WIND      :SUNSHINE: SKY     :PK WND
================================================================================
1   2   3   4   5  6A  6B    7    8   9   10  11  12  13   14  15   16   17  18
                                     12Z  AVG MX 2MIN
DY MAX MIN AVG DEP HDD CDD  WTR  SNW DPTH SPD SPD DIR MIN PSBL S-S WX    SPD DR
================================================================================

 1  78  57  68  -6   0   3 0.06  0.0    0 12.3 26 310   M    M   4 1      37 310
 2  66  51  59 -15   6   0    T  0.0    0  8.5 17 330   M    M   8 1      24 310
 3  76  46  61 -13   4   0 0.00  0.0    0  2.8 14  10   M    M   3 12     20 150
 4  78  49  64 -10   1   0 0.00  0.0    0  6.3 15 160   M    M   0 1      18 150
 5  70  61  66  -8   0   1 0.02  0.0    0 10.1 20 140   M    M   6 1      24 150
 6  87  65  76   2   0  11 0.07  0.0    0  8.7 20 230   M    M   7 1      25 250
 7  87  61  74   0   0   9    T  0.0    0  7.0 15 250   M    M   1        20 310
 8  80  60  70  -4   0   5 0.00  0.0    0 11.4 24 340   M    M   1        32 320
 9  80  55  68  -6   0   3 0.00  0.0    0  5.5 14 330   M    M   2        17 360
10  83  60  72  -2   0   7 0.00  0.0    0  9.4 20 170   M    M   2        24 210
11  79  64  72  -2   0   7    T  0.0    0  9.8 20 150   M    M   4        25 140
12  80  63  72  -2   0   7 0.28  0.0    0  4.6 22 340   M    M   7 1      26 340
13  84  60  72  -2   0   7 0.00  0.0    0  7.3 18 320   M    M   4 12     24 320
14  73  55  64 -10   1   0    T  0.0    0 11.8 30 320   M    M   3        37 320
15  71  52  62 -12   3   0 0.00  0.0    0 10.2 21 340   M    M   6        27 340
16  77  49  63 -11   2   0 0.00  0.0    0  3.6 10 330   M    M   3        19 300
17  79  50  65  -9   0   0 0.00  0.0    0  3.3 15 240   M    M   2        23 220
18  79  55  67  -7   0   2 0.00  0.0    0  8.0 17 170   M    M   5        21 170
19  81  64  73  -1   0   8 0.00  0.0    0  9.5 18 190   M    M   6        23 200
20  84  65  75   1   0  10 0.00  0.0    0 11.6 22 190   M    M   3        27 160
21  89  68  79   5   0  14 0.00  0.0    0 13.8 26 170   M    M   4        33 150
22  93  65  79   5   0  14 0.00  0.0    0 10.2 20 340   M    M   2        24 330
23  82  59  71  -2   0   6 0.00  0.0    0  5.1 15  60   M    M   2        17  60
24  81  53  67  -6   0   2    T  0.0    0  6.6 20 160   M    M   2 12     24 160
25  81  62  72  -1   0   7 0.70  0.0    0 12.6 30 180   M    M   7 1      38 180
26  86  66  76   3   0  11 0.00  0.0    0  4.5 13 340   M    M   3 1      14 350
27  76  63  70  -3   0   5 0.01  0.0    0 12.8 26 310   M    M   4 1      35 320
================================================================================
SM 2160 1578        17 139  1.14     0.0 227.3          M      101
================================================================================
AV 80.0 58.4                               8.4 FASTST   M    M   4    MAX(MPH)
                                 MISC ---->  # 30 320               # 38  180
================================================================================
NOTES:
# LAST OF SEVERAL OCCURRENCES

COLUMN 17 PEAK WIND IN M.P.H.

PRELIMINARY LOCAL CLIMATOLOGICAL DATA (WS FORM: F-6) , PAGE 2

                                          STATION:  WATERLOO IA
                                          MONTH:    JULY
                                          YEAR:     2014
                                          LATITUDE:   42 32 N
                                          LONGITUDE:  92 24 W

[TEMPERATURE DATA]      [PRECIPITATION DATA]       SYMBOLS USED IN COLUMN 16

AVERAGE MONTHLY: 69.2   TOTAL FOR MONTH:   1.14    1 = FOG OR MIST
DPTR FM NORMAL:  -4.6   DPTR FM NORMAL:   -3.20    2 = FOG REDUCING VISIBILITY
HIGHEST:    93 ON 22    GRTST 24HR  1.66 ON 30- 1      TO 1/4 MILE OR LESS
LOWEST:     46 ON  3                               3 = THUNDER
                        SNOW, ICE PELLETS, HAIL    4 = ICE PELLETS
                        TOTAL MONTH:   0.0 INCH    5 = HAIL
                        GRTST 24HR     0.0         6 = FREEZING RAIN OR DRIZZLE
                        GRTST DEPTH:   0           7 = DUSTSTORM OR SANDSTORM:
                                                       VSBY 1/2 MILE OR LESS
                                                   8 = SMOKE OR HAZE
[NO. OF DAYS WITH]      [WEATHER - DAYS WITH]      9 = BLOWING SNOW
                                                   X = TORNADO
MAX 32 OR BELOW:   0    0.01 INCH OR MORE:   6
MAX 90 OR ABOVE:   1    0.10 INCH OR MORE:   2
MIN 32 OR BELOW:   0    0.50 INCH OR MORE:   1
MIN  0 OR BELOW:   0    1.00 INCH OR MORE:   0

[HDD (BASE 65) ]
TOTAL THIS MO.    17    CLEAR  (SCALE 0-3)  13
DPTR FM NORMAL    17    PTCLDY (SCALE 4-7)  13
TOTAL FM JUL 1    17    CLOUDY (SCALE 8-10)  1
DPTR FM NORMAL    17

[CDD (BASE 65) ]
TOTAL THIS MO.   139
DPTR FM NORMAL  -100    [PRESSURE DATA]
TOTAL FM JAN 1   377    HIGHEST SLP M ON M
DPTR FM NORMAL   -95    LOWEST  SLP 29.67 ON  7

[REMARKS]




U.S. Dept. of Commerce
NOAA National Weather Service
1325 East West Highway
Silver Spring, MD 20910
E-mail: w-nws.webmaster@noaa.gov
Page last modified: May 16, 2007
NATIONAL WEATHER SERVICE: for Safety, for Work, for Fun - FOR LIFE