888
CXUS53 KDMX 011640
CF6ALO
PRELIMINARY LOCAL CLIMATOLOGICAL DATA (WS FORM: F-6)

                                          STATION:   WATERLOO IA
                                          MONTH:     SEPTEMBER
                                          YEAR:      2014
                                          LATITUDE:   42 32 N
                                          LONGITUDE:  92 24 W

  TEMPERATURE IN F:       :PCPN:    SNOW:  WIND      :SUNSHINE: SKY     :PK WND
================================================================================
1   2   3   4   5  6A  6B    7    8   9   10  11  12  13   14  15   16   17  18
                                     12Z  AVG MX 2MIN
DY MAX MIN AVG DEP HDD CDD  WTR  SNW DPTH SPD SPD DIR MIN PSBL S-S WX    SPD DR
================================================================================

 1  79  62  71   2   0   6 0.09  0.0    0 10.5 30 120   M    M   6 13     36 120
 2  79  57  68   0   0   3 0.13  0.0    0  4.8 26 280   M    M   1 13     31 280
 3  84  55  70   2   0   5    T  0.0    0 11.9 26 180   M    M   1        33 170
 4  91  72  82  14   0  17 0.00  0.0    0 14.7 26 200   M    M   4        32 190
 5  76  53  65  -2   0   0 0.02  0.0    0 10.9 22 350   M    M   6 3      29 300
 6  76  47  62  -5   3   0 0.00  0.0    0  4.4 13 300   M    M   0        16 320
 7  76  47  62  -5   3   0 0.00  0.0    0  4.2 15 170   M    M   1 12     20 160
 8  72  50  61  -5   4   0 0.14  0.0    0  9.2 45 190   M    M   3 13     57 180
 9  76  63  70   4   0   5 0.55  0.0    0 14.8 28 160   M    M   7 138    38 140
10  71  49  60  -6   5   0 0.04  0.0    0 15.3 26 320   M    M  10 1      37 150
11  62  43  53 -12  12   0    T  0.0    0 10.6 18  20   M    M   6 1      22  10
12  53  38  46 -19  19   0 0.30  0.0    0  7.1 16 340   M    M   8 1      20 360
13  59  32  46 -18  19   0 0.00  0.0    0  4.5 14 170   M    M   1 1      17 170
14  68  44  56  -8   9   0 0.00  0.0    0  8.1 20 220   M    M   5        27 200
15  62  38  50 -14  15   0 0.02  0.0    0  7.5 21  10   M    M   7 1      24 360
16  67  34  51 -12  14   0 0.00  0.0    0  3.0 13 210   M    M   1 12     17 200
17  73  45  59  -4   6   0 0.00  0.0    0  3.1  8 110   M    M   2        11 180
18  73  43  58  -4   7   0 0.00  0.0    0  6.5 15 160   M    M   0 18     21 140
19  77  52  65   3   0   0 0.00  0.0    0 16.1 29 180   M    M   1        36 200
20  82  55  69   8   0   4 0.24  0.0    0 10.8 43 160   M    M   2 13     53 150
21  67  47  57  -4   8   0 0.00  0.0    0 12.1 24 330   M    M   4        33 320
22  73  38  56  -4   9   0 0.00  0.0    0  3.6 10 230   M    M   1 12     15 260
23  73  43  58  -2   7   0 0.00  0.0    0  7.7 16 160   M    M   0        21 150
24  64  56  60   1   5   0 0.13  0.0    0  5.7 13 180   M    M   8 1      16 180
25  77  55  66   7   0   1 0.00  0.0    0  4.8 13 160   M    M   5        16 140
26  81  52  67   9   0   2 0.00  0.0    M  6.5 17 160   M    M   2        20 160
27  82  56  69  11   0   4 0.00  0.0    M  6.1 16 140   M    M   1 1      19 150
28  82  52  67   9   0   2 0.00  0.0    0  1.9  9 230   M    M   1 1      12 220
29  83  51  67  10   0   2 0.00  0.0    0  5.9 20 340   M    M   2 18     24 340
30  66  51  59   2   6   0 0.00  0.0    0 11.6 17 110   M    M   6        23 120
================================================================================
SM 2204 1480       151  51  1.66     0.0 243.9          M      102
================================================================================
AV 73.5 49.3                               8.1 FASTST   M    M   3    MAX(MPH)
                                 MISC ---->  # 45 190               # 57  180
================================================================================
NOTES:
# LAST OF SEVERAL OCCURRENCES

COLUMN 17 PEAK WIND IN M.P.H.

PRELIMINARY LOCAL CLIMATOLOGICAL DATA (WS FORM: F-6) , PAGE 2

                                          STATION:  WATERLOO IA
                                          MONTH:    SEPTEMBER
                                          YEAR:     2014
                                          LATITUDE:   42 32 N
                                          LONGITUDE:  92 24 W

[TEMPERATURE DATA]      [PRECIPITATION DATA]       SYMBOLS USED IN COLUMN 16

AVERAGE MONTHLY: 61.4   TOTAL FOR MONTH:   1.66    1 = FOG OR MIST
DPTR FM NORMAL:  -1.6   DPTR FM NORMAL:   -0.97    2 = FOG REDUCING VISIBILITY
HIGHEST:    91 ON  4    GRTST 24HR  0.58 ON 31- 1      TO 1/4 MILE OR LESS
LOWEST:     32 ON 13                               3 = THUNDER
                        SNOW, ICE PELLETS, HAIL    4 = ICE PELLETS
                        TOTAL MONTH:   0.0 INCH    5 = HAIL
                        GRTST 24HR     0.0         6 = FREEZING RAIN OR DRIZZLE
                        GRTST DEPTH:   0           7 = DUSTSTORM OR SANDSTORM:
                                                       VSBY 1/2 MILE OR LESS
                                                   8 = SMOKE OR HAZE
[NO. OF DAYS WITH]      [WEATHER - DAYS WITH]      9 = BLOWING SNOW
                                                   X = TORNADO
MAX 32 OR BELOW:   0    0.01 INCH OR MORE:  10
MAX 90 OR ABOVE:   1    0.10 INCH OR MORE:   6
MIN 32 OR BELOW:   1    0.50 INCH OR MORE:   1
MIN  0 OR BELOW:   0    1.00 INCH OR MORE:   0

[HDD (BASE 65) ]
TOTAL THIS MO.   151    CLEAR  (SCALE 0-3)  17
DPTR FM NORMAL    13    PTCLDY (SCALE 4-7)  11
TOTAL FM JUL 1   168    CLOUDY (SCALE 8-10)  2
DPTR FM NORMAL    10

[CDD (BASE 65) ]
TOTAL THIS MO.    51
DPTR FM NORMAL   -27    [PRESSURE DATA]
TOTAL FM JAN 1   658    HIGHEST SLP 30.45 ON 12
DPTR FM NORMAL  -132    LOWEST  SLP 29.51 ON 10

[REMARKS]
#FINAL-09-14#




U.S. Dept. of Commerce
NOAA National Weather Service
1325 East West Highway
Silver Spring, MD 20910
E-mail: w-nws.webmaster@noaa.gov
Page last modified: May 16, 2007
NATIONAL WEATHER SERVICE: for Safety, for Work, for Fun - FOR LIFE