491
CXUS53 KDMX 230920
CF6ALO
PRELIMINARY LOCAL CLIMATOLOGICAL DATA (WS FORM: F-6)

                                          STATION:   WATERLOO IA
                                          MONTH:     APRIL
                                          YEAR:      2014
                                          LATITUDE:   42 32 N
                                          LONGITUDE:  92 24 W

  TEMPERATURE IN F:       :PCPN:    SNOW:  WIND      :SUNSHINE: SKY     :PK WND
================================================================================
1   2   3   4   5  6A  6B    7    8   9   10  11  12  13   14  15   16   17  18
                                     12Z  AVG MX 2MIN
DY MAX MIN AVG DEP HDD CDD  WTR  SNW DPTH SPD SPD DIR MIN PSBL S-S WX    SPD DR
================================================================================

 1  45  23  34  -9  31   0 0.00  0.0    0 15.8 31 270   M    M   7        42 280
 2  51  23  37  -6  28   0 0.10  0.0    0 12.1 22  70   M    M   4 1      28  80
 3  46  35  41  -3  24   0 0.71  0.0    0 15.2 24  90   M    M  10 18     32 100
 4  41  29  35  -9  30   0 0.02    T    T 17.4 35 320   M    M   9 1      44 320
 5  52  22  37  -7  28   0 0.00  0.0    0  6.2 16 240   M    M   0 1      19 250
 6  62  39  51   6  14   0 0.06  0.0    0  6.9 17 230   M    M   8 1      22 220
 7  61  34  48   3  17   0 0.02  0.0    0  5.3 29 350   M    M   6 1      38 340
 8  57  34  46   0  19   0 0.00  0.0    0 12.7 25 320   M    M   2        31 320
 9  71  25  48   2  17   0 0.00  0.0    0 12.0 30 200   M    M   1 1      36 200
10  64  38  51   4  14   0 0.00  0.0    0 12.7 29 320   M    M   0        37 320
11  74  28  51   4  14   0 0.00  0.0    0  9.2 29 260   M    M   2        39 290
12  83  49  66  19   0   1 1.98  0.0    0 13.2 29 190   M    M   4 1      35 180
13  56  33  45  -3  20   0 1.70    T    0 17.0 36 360   M    M  10 1      45 360
14  37  26  32 -16  33   0 0.11  0.4    T 20.7 35 350   M    M   7 1      41 350
15  38  22  30 -19  35   0 0.00  0.0    0  8.1 15 120   M    M   0        21 250
16  60  33  47  -2  18   0 0.00  0.0    0 20.9 33 170   M    M   5        50 170
17  49  28  39 -11  26   0 0.00  0.0    0  9.8 22 260   M    M   6 1      27 280
18  60  24  42  -8  23   0 0.00  0.0    0  6.1 15 130   M    M   0 18     19 140
19  74  38  56   6   9   0 0.00  0.0    0 17.6 28 170   M    M   2        36 180
20  79  53  66  15   0   1 0.26  0.0    0 10.9 17 170   M    M   7 1      24 170
21  69  47  58   7   7   0 0.13  0.0    0 15.7 25 330   M    M   5 1      31 340
22  60  36  48  -4  17   0 0.00  0.0    0 10.4 25 350   M    M   0        34 350
================================================================================
SM 1289  719       424   2  5.09     0.4 275.9          M       95
================================================================================
AV 58.6 32.7                              12.5 FASTST   M    M   4    MAX(MPH)
                                 MISC ---->  # 36 360               # 50  170
================================================================================
NOTES:
# LAST OF SEVERAL OCCURRENCES

COLUMN 17 PEAK WIND IN M.P.H.

PRELIMINARY LOCAL CLIMATOLOGICAL DATA (WS FORM: F-6) , PAGE 2

                                          STATION:  WATERLOO IA
                                          MONTH:    APRIL
                                          YEAR:     2014
                                          LATITUDE:   42 32 N
                                          LONGITUDE:  92 24 W

[TEMPERATURE DATA]      [PRECIPITATION DATA]       SYMBOLS USED IN COLUMN 16

AVERAGE MONTHLY: 45.6   TOTAL FOR MONTH:   5.09    1 = FOG OR MIST
DPTR FM NORMAL:  -1.6   DPTR FM NORMAL:    2.52    2 = FOG REDUCING VISIBILITY
HIGHEST:    83 ON 12    GRTST 24HR  3.58 ON 12-13      TO 1/4 MILE OR LESS
LOWEST:     22 ON 15, 5                            3 = THUNDER
                        SNOW, ICE PELLETS, HAIL    4 = ICE PELLETS
                        TOTAL MONTH:   0.4 INCH    5 = HAIL
                        GRTST 24HR   0.4 ON   M    6 = FREEZING RAIN OR DRIZZLE
                        GRTST DEPTH:   0           7 = DUSTSTORM OR SANDSTORM:
                                                       VSBY 1/2 MILE OR LESS
                                                   8 = SMOKE OR HAZE
[NO. OF DAYS WITH]      [WEATHER - DAYS WITH]      9 = BLOWING SNOW
                                                   X = TORNADO
MAX 32 OR BELOW:   0    0.01 INCH OR MORE:  10
MAX 90 OR ABOVE:   0    0.10 INCH OR MORE:   7
MIN 32 OR BELOW:  10    0.50 INCH OR MORE:   3
MIN  0 OR BELOW:   0    1.00 INCH OR MORE:   2

[HDD (BASE 65) ]
TOTAL THIS MO.   424    CLEAR  (SCALE 0-3)   9
DPTR FM NORMAL    28    PTCLDY (SCALE 4-7)  10
TOTAL FM JUL 1  7964    CLOUDY (SCALE 8-10)  3
DPTR FM NORMAL  1243

[CDD (BASE 65) ]
TOTAL THIS MO.     2
DPTR FM NORMAL     2    [PRESSURE DATA]
TOTAL FM JAN 1     2    HIGHEST SLP M ON M
DPTR FM NORMAL     2    LOWEST  SLP 29.48 ON 12

[REMARKS]




U.S. Dept. of Commerce
NOAA National Weather Service
1325 East West Highway
Silver Spring, MD 20910
E-mail: w-nws.webmaster@noaa.gov
Page last modified: May 16, 2007
NATIONAL WEATHER SERVICE: for Safety, for Work, for Fun - FOR LIFE