492
CXUS54 KEPZ 311200
CF6ALM
PRELIMINARY LOCAL CLIMATOLOGICAL DATA (WS FORM: F-6)

                                          STATION:   ALAMOGORDO
                                          MONTH:     JULY
                                          YEAR:      2014
                                          LATITUDE:   32 49 N
                                          LONGITUDE: 106  0 W

  TEMPERATURE IN F:       :PCPN:    SNOW:  WIND      :SUNSHINE: SKY     :PK WND
================================================================================
1   2   3   4   5  6A  6B    7    8   9   10  11  12  13   14  15   16   17  18
                                     12Z  AVG MX 2MIN
DY MAX MIN AVG DEP HDD CDD  WTR  SNW DPTH SPD SPD DIR MIN PSBL S-S WX    SPD DR
================================================================================

 1  99  73  86   M   0  21 0.00  0.0    0  9.4 18 120   M    M   0 38     25 180
 2  93  64  79   M   0  14 0.01  0.0    0  9.7 23  20   M    M   2 3      33  20
 3  93  64  79   M   0  14 0.00  0.0    0  7.6 23  20   M    M   1        39  20
 4  93  66  80   M   0  15 0.00  0.0    0  9.8 17 150   M    M   1 3      24 200
 5  95  64  80   M   0  15 0.00  0.0    0  6.7 17 190   M    M   2        22 200
 6  90  73  82   M   0  17    M    M    M  8.0 17 180   M    M   3 3      25 180
 7  93  63  78   M   0  13 0.00  0.0    0  8.5 15 150   M    M   1        22 170
 8  95  68  82   M   0  17 0.02  0.0    0  7.3 14 160   M    M   1        18 180
 9  91  64  78   M   0  13 0.02  0.0    0  6.1 21 180   M    M   2 3      30 180
10  90  64  77   M   0  12 0.00  0.0    0  5.8 13  80   M    M   1 3      21  80
11  95  68  82   M   0  17 0.14  0.0    0  7.8 30  40   M    M   2 3      43  40
12  90  63  77   M   0  12 0.00  0.0    0  5.5 17 170   M    M   1 3      28 170
13  86  66  76   M   0  11 0.01  0.0    0  5.8 12  80   M    M   1 3      17  80
14  86  64  75   M   0  10 0.07  0.0    0  5.0 18  30   M    M   1 3      25  30
15  90  66  78   M   0  13 0.23  0.0    0  7.2 21 120   M    M   2 3      24 190
16  90  66  78   M   0  13 0.00  0.0    0  5.2 12 170   M    M   4 3      16 170
17  93  64  79   M   0  14 0.00  0.0    0  8.5 22  50   M    M   2 38     39  50
18  93  63  78   M   0  13 0.00  0.0    0  7.0 14 200   M    M   0        23 190
19  99  72  86   M   0  21 0.00  0.0    0  6.8 12 240   M    M   0 3      16 190
20 100  72  86   M   0  21 0.00  0.0    0  6.6 15 320   M    M   1 3      16 280
21  99  72  86   M   0  21 0.00  0.0    0  5.5 14  50   M    M   1 3      22 270
22  93  68  81   M   0  16 0.01  0.0    0  5.6 15  90   M    M   1 3      25  90
23  95  70  83   M   0  18 0.00  0.0    0  7.3 16 140   M    M   2        21 150
24  97  68  83   M   0  18 0.00  0.0    0  8.1 22 190   M    M   1        29 200
25  99  66  83   M   0  18 0.00  0.0    0  6.0 14 210   M    M   0         M  M
26 100  66  83   M   0  18 0.00  0.0    0  7.3 14 210   M    M   0        22 160
27 102  72  87   M   0  22 0.00  0.0    0 10.0 22  90   M    M   1 3      29  90
28  90  66  78   M   0  13 0.06  0.0    0  7.8 16 300   M    M   5 3      20  50
29  86  66  76   M   0  11 0.01  0.0    0  6.2 15  20   M    M   3        20 340
30  97  66  82   M   0  17 0.00  0.0    0  5.4 16 130   M    M   2 3      22 130
================================================================================
SM 2812 2007         0 468  0.58     0.0 213.5          M       44
================================================================================
AV 93.7 66.9                               7.1 FASTST   M    M   1    MAX(MPH)
                                 MISC ---->    30   M                 43    M
================================================================================
NOTES:
# LAST OF SEVERAL OCCURRENCES

COLUMN 17 PEAK WIND IN M.P.H.

PRELIMINARY LOCAL CLIMATOLOGICAL DATA (WS FORM: F-6) , PAGE 2

                                          STATION:  ALAMOGORDO
                                          MONTH:    JULY
                                          YEAR:     2014
                                          LATITUDE:   32 49 N
                                          LONGITUDE: 106  0 W

[TEMPERATURE DATA]      [PRECIPITATION DATA]       SYMBOLS USED IN COLUMN 16

AVERAGE MONTHLY: 80.3   TOTAL FOR MONTH:   0.58    1 = FOG OR MIST
DPTR FM NORMAL:     M   DPTR FM NORMAL:       M    2 = FOG REDUCING VISIBILITY
HIGHEST:   102 ON 27    GRTST 24HR  0.23 ON 15-15      TO 1/4 MILE OR LESS
LOWEST:     63 ON 18,12                            3 = THUNDER
                        SNOW, ICE PELLETS, HAIL    4 = ICE PELLETS
                        TOTAL MONTH:   0.0 INCH    5 = HAIL
                        GRTST 24HR     0.0         6 = FREEZING RAIN OR DRIZZLE
                        GRTST DEPTH:   0           7 = DUSTSTORM OR SANDSTORM:
                                                       VSBY 1/2 MILE OR LESS
                                                   8 = SMOKE OR HAZE
[NO. OF DAYS WITH]      [WEATHER - DAYS WITH]      9 = BLOWING SNOW
                                                   X = TORNADO
MAX 32 OR BELOW:   0    0.01 INCH OR MORE:  10
MAX 90 OR ABOVE:  27    0.10 INCH OR MORE:   2
MIN 32 OR BELOW:   0    0.50 INCH OR MORE:   0
MIN  0 OR BELOW:   0    1.00 INCH OR MORE:   0

[HDD (BASE 65) ]
TOTAL THIS MO.     0    CLEAR  (SCALE 0-3)  27
DPTR FM NORMAL     M    PTCLDY (SCALE 4-7)   3
TOTAL FM JUL 1     0    CLOUDY (SCALE 8-10)  0
DPTR FM NORMAL     M

[CDD (BASE 65) ]
TOTAL THIS MO.   468
DPTR FM NORMAL     M    [PRESSURE DATA]
TOTAL FM JAN 1  1168    HIGHEST SLP M ON M
DPTR FM NORMAL     M    LOWEST  SLP M ON M

[REMARKS]




U.S. Dept. of Commerce
NOAA National Weather Service
1325 East West Highway
Silver Spring, MD 20910
E-mail: w-nws.webmaster@noaa.gov
Page last modified: May 16, 2007
NATIONAL WEATHER SERVICE: for Safety, for Work, for Fun - FOR LIFE