307
CXUS54 KEPZ 301200
CF6ALM
PRELIMINARY LOCAL CLIMATOLOGICAL DATA (WS FORM: F-6)

                                          STATION:   ALAMOGORDO
                                          MONTH:     AUGUST
                                          YEAR:      2014
                                          LATITUDE:   32 49 N
                                          LONGITUDE: 106  0 W

  TEMPERATURE IN F:       :PCPN:    SNOW:  WIND      :SUNSHINE: SKY     :PK WND
================================================================================
1   2   3   4   5  6A  6B    7    8   9   10  11  12  13   14  15   16   17  18
                                     12Z  AVG MX 2MIN
DY MAX MIN AVG DEP HDD CDD  WTR  SNW DPTH SPD SPD DIR MIN PSBL S-S WX    SPD DR
================================================================================

 1  75  64  70   M   0   5 0.14  0.0    0  5.8 17 360   M    M   7 3      28 360
 2  77  66  72   M   0   7 0.00  0.0    0  3.6  8 320   M    M   7         M  M
 3  82  66  74   M   0   9 0.00  0.0    0  3.9  8  50   M    M   6         M  M
 4  88  66  77   M   0  12 0.00  0.0    0  7.0 16 110   M    M   3        23 110
 5  91  64  78   M   0  13 0.00  0.0    0  4.9 10 150   M    M   1         M  M
 6  95  66  81   M   0  16 0.00  0.0    0  5.3 16 150   M    M   1 3       M  M
 7  90  70  80   M   0  15 0.03  0.0    0 10.5 21 170   M    M   2 3      32 170
 8  84  66  75   M   0  10    T  0.0    0  3.5  9 170   M    M   3 3       M  M
 9  86  64  75   M   0  10 0.00  0.0    0  5.6 13 180   M    M   2 3      17 180
10  86  66  76   M   0  11 0.00  0.0    0  6.8 18  50   M    M   3 3      27  50
11  88  66  77   M   0  12 0.00  0.0    0  5.7 14 130   M    M   4         M  M
12  86  66  76   M   0  11 0.00  0.0    0  6.6 15 180   M    M   3 3      20 120
13  91  66  79   M   0  14 0.00  0.0    0  7.6 14 180   M    M   1 3      25 180
14  90  68  79   M   0  14 0.00  0.0    0  6.5 14 160   M    M   2        23 160
15  91  68  80   M   0  15 0.00  0.0    0  6.1 10 290   M    M   0 3       M  M
16  93  68  81   M   0  16 0.00  0.0    0  7.1 25  20   M    M   1 38     36 120
17  91  66  79   M   0  14 0.06  0.0    0  5.7 22  80   M    M   0 3      32  80
18  91  63  77   M   0  12 0.00  0.0    0  5.5 20 190   M    M   1         M  M
19  93  66  80   M   0  15 0.00  0.0    0  7.7 14 160   M    M   0        17 200
20  90  66  78   M   0  13 0.00  0.0    0  8.2 14 170   M    M   1        17 250
21  91  64  78   M   0  13 0.00  0.0    0  8.6 17 170   M    M   1        29 190
22  81  64  73   M   0   8 0.13  0.0    0  8.2 25 160   M    M   3 1      30 160
23  86  59  73   M   0   8 0.00  0.0    0  5.3 10 170   M    M   1        16 170
24  91  64  78   M   0  13 0.00  0.0    0  6.7 14 180   M    M   1        18 180
25  84  64  74   M   0   9 0.01  0.0    0  8.2 20 180   M    M   4        27 160
26  86  64  75   M   0  10 0.09  0.0    0  7.1 21 270   M    M   4 3      27 270
27  84  64  74   M   0   9 0.00  0.0    0  4.9 14  10   M    M   4         M  M
28  90  59  75   M   0  10 0.00  0.0    0  6.4 10 320   M    M   0        17 320
29  91  57  74   M   0   9 0.00  0.0    0  5.4 15 280   M    M   0        21 250
================================================================================
SM 2542 1880         0 333  0.46     0.0 184.4          M       66
================================================================================
AV 87.7 64.8                               6.4 FASTST   M    M   2    MAX(MPH)
                                 MISC ---->    25   M                 36    M
================================================================================
NOTES:
# LAST OF SEVERAL OCCURRENCES

COLUMN 17 PEAK WIND IN M.P.H.

PRELIMINARY LOCAL CLIMATOLOGICAL DATA (WS FORM: F-6) , PAGE 2

                                          STATION:  ALAMOGORDO
                                          MONTH:    AUGUST
                                          YEAR:     2014
                                          LATITUDE:   32 49 N
                                          LONGITUDE: 106  0 W

[TEMPERATURE DATA]      [PRECIPITATION DATA]       SYMBOLS USED IN COLUMN 16

AVERAGE MONTHLY: 76.2   TOTAL FOR MONTH:   0.46    1 = FOG OR MIST
DPTR FM NORMAL:     M   DPTR FM NORMAL:       M    2 = FOG REDUCING VISIBILITY
HIGHEST:    95 ON  6    GRTST 24HR  0.14 ON  1- 1      TO 1/4 MILE OR LESS
LOWEST:     57 ON 29                               3 = THUNDER
                        SNOW, ICE PELLETS, HAIL    4 = ICE PELLETS
                        TOTAL MONTH:   0.0 INCH    5 = HAIL
                        GRTST 24HR     0.0         6 = FREEZING RAIN OR DRIZZLE
                        GRTST DEPTH:   0           7 = DUSTSTORM OR SANDSTORM:
                                                       VSBY 1/2 MILE OR LESS
                                                   8 = SMOKE OR HAZE
[NO. OF DAYS WITH]      [WEATHER - DAYS WITH]      9 = BLOWING SNOW
                                                   X = TORNADO
MAX 32 OR BELOW:   0    0.01 INCH OR MORE:   6
MAX 90 OR ABOVE:  15    0.10 INCH OR MORE:   2
MIN 32 OR BELOW:   0    0.50 INCH OR MORE:   0
MIN  0 OR BELOW:   0    1.00 INCH OR MORE:   0

[HDD (BASE 65) ]
TOTAL THIS MO.     0    CLEAR  (SCALE 0-3)  21
DPTR FM NORMAL     M    PTCLDY (SCALE 4-7)   8
TOTAL FM JUL 1     0    CLOUDY (SCALE 8-10)  0
DPTR FM NORMAL     M

[CDD (BASE 65) ]
TOTAL THIS MO.   333
DPTR FM NORMAL     M    [PRESSURE DATA]
TOTAL FM JAN 1  1513    HIGHEST SLP M ON M
DPTR FM NORMAL     M    LOWEST  SLP M ON M

[REMARKS]




U.S. Dept. of Commerce
NOAA National Weather Service
1325 East West Highway
Silver Spring, MD 20910
E-mail: w-nws.webmaster@noaa.gov
Page last modified: May 16, 2007
NATIONAL WEATHER SERVICE: for Safety, for Work, for Fun - FOR LIFE