218
CXUS54 KEPZ 011200
CF6ALM
PRELIMINARY LOCAL CLIMATOLOGICAL DATA (WS FORM: F-6)

                                          STATION:   ALAMOGORDO
                                          MONTH:     JANUARY
                                          YEAR:      2015
                                          LATITUDE:   32 49 N
                                          LONGITUDE: 106  0 W

  TEMPERATURE IN F:       :PCPN:    SNOW:  WIND      :SUNSHINE: SKY     :PK WND
================================================================================
1   2   3   4   5  6A  6B    7    8   9   10  11  12  13   14  15   16   17  18
                                     12Z  AVG MX 2MIN
DY MAX MIN AVG DEP HDD CDD  WTR  SNW DPTH SPD SPD DIR MIN PSBL S-S WX    SPD DR
================================================================================

 1  45  19  32   M  33   0 0.00  0.0    0  4.2 10 360   M    M   7         M  M
 2  48  25  37   M  28   0 0.00  0.0    0  4.4 15 110   M    M   5 1      21 110
 3  45  25  35   M  30   0 0.00  0.0    0  6.6 16 160   M    M   2         M  M
 4  50  21  36   M  29   0 0.00  0.0    0  4.3  9  40   M    M   0         M  M
 5  55  21  38   M  27   0 0.00  0.0    0  3.8  9 360   M    M   0         M  M
 6  61  25  43   M  22   0 0.00  0.0    0  3.3  9 160   M    M   0         M  M
 7  59  28  44   M  21   0 0.00  0.0    0  6.0 14 210   M    M   0         M  M
 8  45  28  37   M  28   0 0.00  0.0    0  5.0  8  30   M    M   6         M  M
 9  43  36  40   M  25   0 0.00  0.0    0  4.7 10  30   M    M   9         M  M
10  46  28  37   M  28   0 0.00  0.0    0  3.5  7 140   M    M   6         M  M
11  54  28  41   M  24   0 0.00  0.0    0  4.8 13 180   M    M   3 12     16 180
12  54  32  43   M  22   0    T  0.0    0  5.4 16 350   M    M   8 2      20 350
13  41  32  37   M  28   0    T  0.0    0  3.3  9  30   M    M  10 1       M  M
14  39  32  36   M  29   0    T  0.0    0  4.4 12 360   M    M   9         M  M
15  52  25  39   M  26   0 0.00  0.0    0  3.5  8 130   M    M   4 12      M  M
16  55  23  39   M  26   0 0.00  0.0    0  2.7 10  50   M    M   0         M  M
17  61  25  43   M  22   0 0.00  0.0    0  4.9 20 330   M    M   0        16 330
18  63  28  46   M  19   0 0.00  0.0    0  5.3 12 350   M    M   0         M  M
19  68  30  49   M  16   0 0.00  0.0    0  5.5 14 360   M    M   0         M  M
20  66  34  50   M  15   0 0.00  0.0    0  4.5 12 330   M    M   0        17 340
21  52  36  44   M  21   0    T  0.0    0  7.3 14  10   M    M   4        16 330
22  41  25  33   M  32   0 0.00  0.0    0  6.6 13 180   M    M   7         M  M
23  43  19  31   M  34   0 0.00  0.0    0  5.3 13 320   M    M   3 12     17 320
24  54  18  36   M  29   0 0.00  0.0    0  4.1 13 310   M    M   0         M  M
25  57  23  40   M  25   0 0.00  0.0    0  3.9  9  60   M    M   0 8       M  M
26  59  28  44   M  21   0 0.00  0.0    0  5.0  8  20   M    M   0         M  M
27  66  32  49   M  16   0 0.00  0.0    0  3.0  8  70   M    M   1         M  M
28  68  37  53   M  12   0 0.00  0.0    0  5.5 13 340   M    M   0        16 340
29  59  39  49   M  16   0 0.00  0.0    0  4.9  9 360   M    M   4         M  M
30  48  39  44   M  21   0 0.00  0.0    0  5.4  9 320   M    M  10 1       M  M
31  50  41  46   M  19   0 0.00  0.0    0  4.4 12 340   M    M   9 1       M  M
================================================================================
SM 1647  882       744   0    T      0.0 145.5          M      107
================================================================================
AV 53.1 28.5                               4.7 FASTST   M    M   3    MAX(MPH)
                                 MISC ---->    20   M                 21    M
================================================================================
NOTES:
# LAST OF SEVERAL OCCURRENCES

COLUMN 17 PEAK WIND IN M.P.H.

PRELIMINARY LOCAL CLIMATOLOGICAL DATA (WS FORM: F-6) , PAGE 2

                                          STATION:  ALAMOGORDO
                                          MONTH:    JANUARY
                                          YEAR:     2015
                                          LATITUDE:   32 49 N
                                          LONGITUDE: 106  0 W

[TEMPERATURE DATA]      [PRECIPITATION DATA]       SYMBOLS USED IN COLUMN 16

AVERAGE MONTHLY: 40.8   TOTAL FOR MONTH:      T    1 = FOG OR MIST
DPTR FM NORMAL:     M   DPTR FM NORMAL:       M    2 = FOG REDUCING VISIBILITY
HIGHEST:    68 ON 28,19 GRTST 24HR    T  ON 21-21      TO 1/4 MILE OR LESS
LOWEST:     18 ON 24                               3 = THUNDER
                        SNOW, ICE PELLETS, HAIL    4 = ICE PELLETS
                        TOTAL MONTH:   0.0 INCH    5 = HAIL
                        GRTST 24HR     0.0         6 = FREEZING RAIN OR DRIZZLE
                        GRTST DEPTH:   0           7 = DUSTSTORM OR SANDSTORM:
                                                       VSBY 1/2 MILE OR LESS
                                                   8 = SMOKE OR HAZE
[NO. OF DAYS WITH]      [WEATHER - DAYS WITH]      9 = BLOWING SNOW
                                                   X = TORNADO
MAX 32 OR BELOW:   0    0.01 INCH OR MORE:   0
MAX 90 OR ABOVE:   0    0.10 INCH OR MORE:   0
MIN 32 OR BELOW:  24    0.50 INCH OR MORE:   0
MIN  0 OR BELOW:   0    1.00 INCH OR MORE:   0

[HDD (BASE 65) ]
TOTAL THIS MO.   744    CLEAR  (SCALE 0-3)  16
DPTR FM NORMAL     M    PTCLDY (SCALE 4-7)  10
TOTAL FM JUL 1  1844    CLOUDY (SCALE 8-10)  5
DPTR FM NORMAL     M

[CDD (BASE 65) ]
TOTAL THIS MO.     0
DPTR FM NORMAL     M    [PRESSURE DATA]
TOTAL FM JAN 1     0    HIGHEST SLP M ON M
DPTR FM NORMAL     M    LOWEST  SLP M ON M

[REMARKS]
#FINAL-01-15#




U.S. Dept. of Commerce
NOAA National Weather Service
1325 East West Highway
Silver Spring, MD 20910
E-mail: w-nws.webmaster@noaa.gov
Page last modified: May 16, 2007
NATIONAL WEATHER SERVICE: for Safety, for Work, for Fun - FOR LIFE