308
CXUS54 KEPZ 221200
CF6ALM
PRELIMINARY LOCAL CLIMATOLOGICAL DATA (WS FORM: F-6)

                                          STATION:   ALAMOGORDO
                                          MONTH:     APRIL
                                          YEAR:      2014
                                          LATITUDE:   32 49 N
                                          LONGITUDE: 106  0 W

  TEMPERATURE IN F:       :PCPN:    SNOW:  WIND      :SUNSHINE: SKY     :PK WND
================================================================================
1   2   3   4   5  6A  6B    7    8   9   10  11  12  13   14  15   16   17  18
                                     12Z  AVG MX 2MIN
DY MAX MIN AVG DEP HDD CDD  WTR  SNW DPTH SPD SPD DIR MIN PSBL S-S WX    SPD DR
================================================================================

 1  77  45  61   M   4   0 0.00  0.0    0  9.2 22 220   M    M   0        29 220
 2  77  41  59   M   6   0 0.00  0.0    0 13.3 29 230   M    M   0        40 230
 3  64  41  53   M  12   0 0.00  0.0    0  9.3 18 280   M    M   0        25 280
 4  66  32  49   M  16   0 0.00  0.0    0 10.0 23 160   M    M   0        32 160
 5  72  37  55   M  10   0 0.00  0.0    0 10.4 22 210   M    M   2        31 200
 6  68  41  55   M  10   0 0.00  0.0    0  9.3 21 310   M    M   1        25 260
 7  70  41  56   M   9   0 0.00  0.0    0 12.0 22 320   M    M   0        33 350
 8  75  36  56   M   9   0 0.00  0.0    0  7.4 14 340   M    M   0         M  M
 9  82  46  64   M   1   0 0.00  0.0    0  6.9 10 150   M    M   0        23 230
10  84  48  66   M   0   1 0.00  0.0    0  7.0 14 280   M    M   0        20 290
11  82  46  64   M   1   0 0.00  0.0    0  7.6 16 210   M    M   0        24 210
12  81  59  70   M   0   5 0.00  0.0    0 14.8 28 140   M    M   1        38 200
13  79  45  62   M   3   0 0.00  0.0    0 11.1 23 240   M    M   0        35 230
14  61  39  50   M  15   0 0.00  0.0    0 11.3 22 340   M    M   1        31 340
15  68  32  50   M  15   0 0.00  0.0    0  7.9 14 180   M    M   0        22 210
16  81  39  60   M   5   0 0.00  0.0    0  7.1 17 300   M    M   0        22 300
17  77  43  60   M   5   0 0.00  0.0    0  6.3 14 330   M    M   0        17 330
18  79  43  61   M   4   0 0.00  0.0    0 10.6 22 150   M    M   1        33 240
19  70  46  58   M   7   0 0.07  0.0    0  7.6 23 140   M    M   4 3      39 140
20  75  43  59   M   6   0 0.00  0.0    0  3.9  8  50   M    M   1         M  M
21  84  50  67   M   0   2 0.00  0.0    0  4.1 15 210   M    M   1        20 210
================================================================================
SM 1572  893       138   8  0.07     0.0 187.1          M       12
================================================================================
AV 74.9 42.5                               8.9 FASTST   M    M   1    MAX(MPH)
                                 MISC ---->    29   M                 40    M
================================================================================
NOTES:
# LAST OF SEVERAL OCCURRENCES

COLUMN 17 PEAK WIND IN M.P.H.

PRELIMINARY LOCAL CLIMATOLOGICAL DATA (WS FORM: F-6) , PAGE 2

                                          STATION:  ALAMOGORDO
                                          MONTH:    APRIL
                                          YEAR:     2014
                                          LATITUDE:   32 49 N
                                          LONGITUDE: 106  0 W

[TEMPERATURE DATA]      [PRECIPITATION DATA]       SYMBOLS USED IN COLUMN 16

AVERAGE MONTHLY: 58.7   TOTAL FOR MONTH:   0.07    1 = FOG OR MIST
DPTR FM NORMAL:     M   DPTR FM NORMAL:       M    2 = FOG REDUCING VISIBILITY
HIGHEST:    84 ON 21,10 GRTST 24HR  0.07 ON 19-19      TO 1/4 MILE OR LESS
LOWEST:     32 ON 15, 4                            3 = THUNDER
                        SNOW, ICE PELLETS, HAIL    4 = ICE PELLETS
                        TOTAL MONTH:   0.0 INCH    5 = HAIL
                        GRTST 24HR     0.0         6 = FREEZING RAIN OR DRIZZLE
                        GRTST DEPTH:   0           7 = DUSTSTORM OR SANDSTORM:
                                                       VSBY 1/2 MILE OR LESS
                                                   8 = SMOKE OR HAZE
[NO. OF DAYS WITH]      [WEATHER - DAYS WITH]      9 = BLOWING SNOW
                                                   X = TORNADO
MAX 32 OR BELOW:   0    0.01 INCH OR MORE:   1
MAX 90 OR ABOVE:   0    0.10 INCH OR MORE:   0
MIN 32 OR BELOW:   2    0.50 INCH OR MORE:   0
MIN  0 OR BELOW:   0    1.00 INCH OR MORE:   0

[HDD (BASE 65) ]
TOTAL THIS MO.   138    CLEAR  (SCALE 0-3)  20
DPTR FM NORMAL     M    PTCLDY (SCALE 4-7)   1
TOTAL FM JUL 1  2923    CLOUDY (SCALE 8-10)  0
DPTR FM NORMAL     M

[CDD (BASE 65) ]
TOTAL THIS MO.     8
DPTR FM NORMAL     M    [PRESSURE DATA]
TOTAL FM JAN 1     8    HIGHEST SLP M ON M
DPTR FM NORMAL     M    LOWEST  SLP M ON M

[REMARKS]




U.S. Dept. of Commerce
NOAA National Weather Service
1325 East West Highway
Silver Spring, MD 20910
E-mail: w-nws.webmaster@noaa.gov
Page last modified: May 16, 2007
NATIONAL WEATHER SERVICE: for Safety, for Work, for Fun - FOR LIFE