992
CXUS54 KCRP 231300
CF6ALI
PRELIMINARY LOCAL CLIMATOLOGICAL DATA (WS FORM: F-6)

                                          STATION:   ALICE
                                          MONTH:     NOVEMBER
                                          YEAR:      2014
                                          LATITUDE:   27 44 N
                                          LONGITUDE:  98  1 W

  TEMPERATURE IN F:       :PCPN:    SNOW:  WIND      :SUNSHINE: SKY     :PK WND
================================================================================
1   2   3   4   5  6A  6B    7    8   9   10  11  12  13   14  15   16   17  18
                                     12Z  AVG MX 2MIN
DY MAX MIN AVG DEP HDD CDD  WTR  SNW DPTH SPD SPD DIR MIN PSBL S-S WX    SPD DR
================================================================================

 1  76  52  64  -7   1   0 0.00  0.0    0  8.9 15 100   M    M   1        27 340
 2  80  56  68  -2   0   3 0.00  0.0    0  8.8 18 130   M    M   5        26 130
 3  85  63  74   4   0   9    T  0.0    0 11.3 25 150   M    M   7        34 160
 4  85  70  78   8   0  13 0.00  0.0    0 10.1 21 160   M    M   6        27 170
 5  73  62  68  -2   0   3 0.70  0.0    0 10.4 18 130   M    M   9 1      25  20
 6  65  58  62  -7   3   0 1.83  0.0    0 11.4 18  30   M    M  10 1      30 350
 7  67  58  63  -6   2   0 0.08  0.0    0  6.3 14  30   M    M   5        23 340
 8  77  53  65  -3   0   0 0.00  0.0    0  5.4 13 350   M    M   3 8      18 350
 9  77  51  64  -4   1   0 0.00  0.0    0  5.4 12  10   M    M   0 8      14  10
10  83  50  67  -1   0   2 0.00  0.0    0 10.9 20 180   M    M   0        26 170
11  80  54  67  -1   0   2 0.00  0.0    0 10.0 24 360   M    M   6 12     30 360
12  54  43  49 -18  16   0    T    M    0 12.9 22 350   M    M  10        32  10
13  48  36  42 -25  23   0    T    M    0 13.1 22 360   M    M   9 1      29 360
14  52  40  46 -20  19   0 0.00  0.0    0  7.8 14  40   M    M  10        20  10
15  53  44  49 -17  16   0    T    M    0  7.1 14 120   M    M  10 1      19 350
16  62  48  55 -11  10   0 0.00  0.0    0  9.0 31 360   M    M  10 18     39  10
17  56  37  47 -18  18   0 0.00  0.0    0 14.4 28 350   M    M   2        37 350
18  52  36  44 -21  21   0 0.00  0.0    0  8.2 12  70   M    M   5         M  M
19   M   M   M   M   M   M    M    M    M   M   M   M   M    M   M         M  M
20  74  56  65   1   0   0 0.01  0.0    M  4.5 15 160   M    M   9 1      18 160
21  80  65  73   9   0   8 0.04  0.0    0 11.4 25 150   M    M  10 1      43 110
22  82  61  72   8   0   7 0.38  0.0    0 11.8 24 160   M    M   7 13     35 120
================================================================================
SM 1461 1093       130  47  3.04     0.0 199.1          M      134
================================================================================
AV 69.6 52.0                               9.5 FASTST   M    M   6    MAX(MPH)
                                 MISC ---->  # 31 360               # 43  110
================================================================================
NOTES:
# LAST OF SEVERAL OCCURRENCES

COLUMN 17 PEAK WIND IN M.P.H.

PRELIMINARY LOCAL CLIMATOLOGICAL DATA (WS FORM: F-6) , PAGE 2

                                          STATION:  ALICE
                                          MONTH:    NOVEMBER
                                          YEAR:     2014
                                          LATITUDE:   27 44 N
                                          LONGITUDE:  98  1 W

[TEMPERATURE DATA]      [PRECIPITATION DATA]       SYMBOLS USED IN COLUMN 16

AVERAGE MONTHLY: 60.8   TOTAL FOR MONTH:   3.04    1 = FOG OR MIST
DPTR FM NORMAL:  -6.5   DPTR FM NORMAL:    1.67    2 = FOG REDUCING VISIBILITY
HIGHEST:    85 ON  4, 3 GRTST 24HR  2.13 ON  5- 6      TO 1/4 MILE OR LESS
LOWEST:     36 ON 18,13                            3 = THUNDER
                        SNOW, ICE PELLETS, HAIL    4 = ICE PELLETS
                        TOTAL MONTH:   0.0 INCH    5 = HAIL
                        GRTST 24HR     0.0         6 = FREEZING RAIN OR DRIZZLE
                        GRTST DEPTH:   0           7 = DUSTSTORM OR SANDSTORM:
                                                       VSBY 1/2 MILE OR LESS
                                                   8 = SMOKE OR HAZE
[NO. OF DAYS WITH]      [WEATHER - DAYS WITH]      9 = BLOWING SNOW
                                                   X = TORNADO
MAX 32 OR BELOW:   0    0.01 INCH OR MORE:   6
MAX 90 OR ABOVE:   0    0.10 INCH OR MORE:   3
MIN 32 OR BELOW:   0    0.50 INCH OR MORE:   2
MIN  0 OR BELOW:   0    1.00 INCH OR MORE:   1

[HDD (BASE 65) ]
TOTAL THIS MO.   130    CLEAR  (SCALE 0-3)   5
DPTR FM NORMAL    87    PTCLDY (SCALE 4-7)   7
TOTAL FM JUL 1   130    CLOUDY (SCALE 8-10)  9
DPTR FM NORMAL    81

[CDD (BASE 65) ]
TOTAL THIS MO.    47
DPTR FM NORMAL   -45    [PRESSURE DATA]
TOTAL FM JAN 1  3722    HIGHEST SLP M ON M
DPTR FM NORMAL    83    LOWEST  SLP 29.69 ON 22

[REMARKS]




U.S. Dept. of Commerce
NOAA National Weather Service
1325 East West Highway
Silver Spring, MD 20910
E-mail: w-nws.webmaster@noaa.gov
Page last modified: May 16, 2007
NATIONAL WEATHER SERVICE: for Safety, for Work, for Fun - FOR LIFE