621
CXUS54 KCRP 311300
CF6ALI
PRELIMINARY LOCAL CLIMATOLOGICAL DATA (WS FORM: F-6)

                                          STATION:   ALICE
                                          MONTH:     JULY
                                          YEAR:      2014
                                          LATITUDE:   27 44 N
                                          LONGITUDE:  98  1 W

  TEMPERATURE IN F:       :PCPN:    SNOW:  WIND      :SUNSHINE: SKY     :PK WND
================================================================================
1   2   3   4   5  6A  6B    7    8   9   10  11  12  13   14  15   16   17  18
                                     12Z  AVG MX 2MIN
DY MAX MIN AVG DEP HDD CDD  WTR  SNW DPTH SPD SPD DIR MIN PSBL S-S WX    SPD DR
================================================================================

 1  96  75  86   1   0  21 0.00  0.0    0 15.9 28 150   M    M   2 1      37 150
 2  97  73  85   0   0  20 0.00  0.0    0 10.2 22 120   M    M   2 12     29  90
 3  97  69  83  -2   0  18 0.00  0.0    0 10.0 22  80   M    M   1 12     28  80
 4  97  70  84  -1   0  19 0.00  0.0    0 10.6 22 120   M    M   2 1      31 150
 5  96  73  85   0   0  20 0.00  0.0    0 10.1 28 160   M    M   2 13     34 150
 6  99  70  85   0   0  20 0.00  0.0    0 16.5 25 160   M    M   0        34 150
 7   M   M   M   M   M   M 0.00  0.0    0 16.1 21 130   M    M   0 13     32 160
 8  97  74  86   1   0  21 0.21  0.0    M 14.5 33 180   M    M   3 3      42 180
 9  96  73  85   0   0  20 0.00  0.0    0 13.1 28 150   M    M   2 18     35 150
10  90  71  81  -4   0  16 0.11  0.0    0 10.4 32 160   M    M   4 1      40 160
11  94  73  84  -1   0  19 0.00  0.0    0 13.6 29 160   M    M   3 1      34 150
12  98  72  85   0   0  20 0.00  0.0    0 10.1 22 140   M    M   5 12     29 150
13 100  71  86   1   0  21 0.00  0.0    0 10.4 22 150   M    M   3 12     28 160
14 101  70  86   1   0  21 0.00  0.0    0 11.6 25 150   M    M   1 12     31 150
15 102  74  88   2   0  23 0.00  0.0    0 12.2 30  70   M    M   1 13     39  90
16 101  75  88   2   0  23 0.00  0.0    0 14.4 23 150   M    M   2 1      32 150
17 101  78  90   4   0  25 0.00  0.0    0 19.2 29 140   M    M   3        44 130
18  86  74  80  -6   0  15 0.84  0.0    0 10.7 22 160   M    M   4 13     26 160
19  95  74  85  -1   0  20    T  0.0    0 10.2 30 170   M    M   4 13     36 160
20  99  78  89   3   0  24 0.00  0.0    0 12.2 23 140   M    M   5 18     32 150
21  99  77  88   2   0  23 0.00  0.0    0 13.3 23 150   M    M   3 1      29 160
22 102  75  89   3   0  24 0.00  0.0    0 11.5 23 130   M    M   2 1      30 170
23 103  75  89   3   0  24 0.00  0.0    0 10.7 23 130   M    M   3 1      30 150
24 100  75  88   2   0  23    T  0.0    0  9.1 28 120   M    M   1 18     38 120
25 101  74  88   2   0  23    T  0.0    0  8.2 24  90   M    M   1 13     32  90
26 103  74  89   3   0  24    T  0.0    0 13.0 26 140   M    M   1 1      35 150
27 101  75  88   2   0  23 0.00  0.0    0 13.8 25 140   M    M   2        34 120
28 102  75  89   3   0  24 0.00  0.0    0  9.6 22 130   M    M   3 1      28 140
29 103  70  87   1   0  22 0.00  0.0    0  8.1 21 130   M    M   2 12     29 130
30 103  72  88   2   0  23 0.00  0.0    0 11.7 24 130   M    M   2 128    30 160
================================================================================
SM 2859 2129         0 619  1.16     0.0 361.0          M       69
================================================================================
AV 98.6 73.4                              12.0 FASTST   M    M   2    MAX(MPH)
                                 MISC ---->    33   M               # 44  130
================================================================================
NOTES:
# LAST OF SEVERAL OCCURRENCES

COLUMN 17 PEAK WIND IN M.P.H.

PRELIMINARY LOCAL CLIMATOLOGICAL DATA (WS FORM: F-6) , PAGE 2

                                          STATION:  ALICE
                                          MONTH:    JULY
                                          YEAR:     2014
                                          LATITUDE:   27 44 N
                                          LONGITUDE:  98  1 W

[TEMPERATURE DATA]      [PRECIPITATION DATA]       SYMBOLS USED IN COLUMN 16

AVERAGE MONTHLY: 86.0   TOTAL FOR MONTH:   1.16    1 = FOG OR MIST
DPTR FM NORMAL:   0.5   DPTR FM NORMAL:   -1.27    2 = FOG REDUCING VISIBILITY
HIGHEST:   103 ON 30,29 GRTST 24HR  0.84 ON 18-18      TO 1/4 MILE OR LESS
LOWEST:     69 ON  3                               3 = THUNDER
                        SNOW, ICE PELLETS, HAIL    4 = ICE PELLETS
                        TOTAL MONTH:   0.0 INCH    5 = HAIL
                        GRTST 24HR     0.0         6 = FREEZING RAIN OR DRIZZLE
                        GRTST DEPTH:   0           7 = DUSTSTORM OR SANDSTORM:
                                                       VSBY 1/2 MILE OR LESS
                                                   8 = SMOKE OR HAZE
[NO. OF DAYS WITH]      [WEATHER - DAYS WITH]      9 = BLOWING SNOW
                                                   X = TORNADO
MAX 32 OR BELOW:   0    0.01 INCH OR MORE:   3
MAX 90 OR ABOVE:  28    0.10 INCH OR MORE:   3
MIN 32 OR BELOW:   0    0.50 INCH OR MORE:   1
MIN  0 OR BELOW:   0    1.00 INCH OR MORE:   0

[HDD (BASE 65) ]
TOTAL THIS MO.     0    CLEAR  (SCALE 0-3)  21
DPTR FM NORMAL     0    PTCLDY (SCALE 4-7)   9
TOTAL FM JUL 1     0    CLOUDY (SCALE 8-10)  0
DPTR FM NORMAL     0

[CDD (BASE 65) ]
TOTAL THIS MO.   619
DPTR FM NORMAL     5    [PRESSURE DATA]
TOTAL FM JAN 1  2050    HIGHEST SLP M ON M
DPTR FM NORMAL   -46    LOWEST  SLP 29.68 ON 17

[REMARKS]




U.S. Dept. of Commerce
NOAA National Weather Service
1325 East West Highway
Silver Spring, MD 20910
E-mail: w-nws.webmaster@noaa.gov
Page last modified: May 16, 2007
NATIONAL WEATHER SERVICE: for Safety, for Work, for Fun - FOR LIFE