460
CXUS54 KCRP 311300
CF6ALI
PRELIMINARY LOCAL CLIMATOLOGICAL DATA (WS FORM: F-6)

                                          STATION:   ALICE
                                          MONTH:     JANUARY
                                          YEAR:      2015
                                          LATITUDE:   27 44 N
                                          LONGITUDE:  98  1 W

  TEMPERATURE IN F:       :PCPN:    SNOW:  WIND      :SUNSHINE: SKY     :PK WND
================================================================================
1   2   3   4   5  6A  6B    7    8   9   10  11  12  13   14  15   16   17  18
                                     12Z  AVG MX 2MIN
DY MAX MIN AVG DEP HDD CDD  WTR  SNW DPTH SPD SPD DIR MIN PSBL S-S WX    SPD DR
================================================================================

 1  43  41  42 -14  23   0 0.02    M    0 10.1 17 330   M    M  10 1      32 300
 2  50  43  47  -9  18   0 0.09    M    0  7.1 14 310   M    M  10 1      22 330
 3  62  42  52  -4  13   0 0.00  0.0    0  5.6 14 320   M    M   5 1      21 130
 4  60  39  50  -6  15   0 0.00  0.0    0 10.6 24  20   M    M   0        33  30
 5  54  36  45 -11  20   0 0.00  0.0    0  6.0 15  30   M    M   0        41 330
 6  69  38  54  -2  11   0 0.00  0.0    0  3.6 26 340   M    M   0        27 340
 7  63  44  54  -2  11   0 0.00  0.0    0 12.8 26  10   M    M   6 1      34  20
 8  44  35  40 -16  25   0 0.00  0.0    0  7.7 23  10   M    M  10        31 340
 9  44  37  41 -15  24   0 0.38    M    0 13.0 22  10   M    M  10 1      29  20
10  39  36  38 -18  27   0 0.35    M    0 12.5 22  20   M    M  10 1      30 350
11  50  38  44 -12  21   0 0.03    M    0  7.4 16 340   M    M  10 1      23 360
12  57  42  50  -6  15   0 0.00  0.0    0  9.2 21  40   M    M  10 12     26  20
13  48  43  46 -10  19   0 0.03    M    0  8.8 23  20   M    M  10 1      31  20
14  45  42  44 -12  21   0 0.01    M    0  8.6 13 360   M    M  10 18     28  10
15  56  41  49  -7  16   0 0.01    M    0  8.5 16 340   M    M   6 1      37 280
16  65  42  54  -2  11   0 0.00  0.0    0  4.5 10 150   M    M   0        40 330
17  71  40  56   0   9   0 0.00  0.0    0  5.1 15 220   M    M   0        23 260
18  72  46  59   3   6   0 0.00  0.0    0  7.7 16  70   M    M   0        21  80
19  77  43  60   4   5   0 0.00  0.0    0  5.7 13 190   M    M   0 1      17 160
20  85  41  63   7   2   0 0.00  0.0    0  3.8 14 110   M    M   3 12     31 110
21  78  48  63   7   2   0    T    M    0 10.1 22 140   M    M   9 12     27 140
22  70  46  58   1   7   0 0.24    M    0 13.3 24 360   M    M  10 13     37  10
23  52  38  45 -12  20   0    T    M    0 13.1 23 320   M    M   8        35 350
24  67  34  51  -6  14   0 0.00  0.0    0  7.7 16 280   M    M   0        20 280
25  77  43  60   3   5   0 0.00  0.0    0  8.0 17 350   M    M   0        25 310
26  78  44  61   4   4   0 0.00  0.0    0  5.4 12  80   M    M   0        22  70
27  84  46  65   8   0   0 0.00  0.0    0  5.9 13 240   M    M   0        17 220
28  84  43  64   6   1   0 0.00  0.0    0  6.6 18 150   M    M   0 12     37 110
29  81  51  66   8   0   1 0.00  0.0    0  5.0 17 110   M    M   5 12     22 120
30  71  55  63   5   2   0 0.00  0.0    0 11.9 20  40   M    M   6 12     27 350
================================================================================
SM 1896 1257       367   1  1.16     0.0 245.2          M      148
================================================================================
AV 63.2 41.9                               8.2 FASTST   M    M   5    MAX(MPH)
                                 MISC ---->  # 26 340                 41    M
================================================================================
NOTES:
# LAST OF SEVERAL OCCURRENCES

COLUMN 17 PEAK WIND IN M.P.H.

PRELIMINARY LOCAL CLIMATOLOGICAL DATA (WS FORM: F-6) , PAGE 2

                                          STATION:  ALICE
                                          MONTH:    JANUARY
                                          YEAR:     2015
                                          LATITUDE:   27 44 N
                                          LONGITUDE:  98  1 W

[TEMPERATURE DATA]      [PRECIPITATION DATA]       SYMBOLS USED IN COLUMN 16

AVERAGE MONTHLY: 52.6   TOTAL FOR MONTH:   1.16    1 = FOG OR MIST
DPTR FM NORMAL:  -3.8   DPTR FM NORMAL:   -0.09    2 = FOG REDUCING VISIBILITY
HIGHEST:    85 ON 20    GRTST 24HR  0.57 ON  9-10      TO 1/4 MILE OR LESS
LOWEST:     34 ON 24                               3 = THUNDER
                        SNOW, ICE PELLETS, HAIL    4 = ICE PELLETS
                        TOTAL MONTH:   0.0 INCH    5 = HAIL
                        GRTST 24HR     0.0         6 = FREEZING RAIN OR DRIZZLE
                        GRTST DEPTH:   0           7 = DUSTSTORM OR SANDSTORM:
                                                       VSBY 1/2 MILE OR LESS
                                                   8 = SMOKE OR HAZE
[NO. OF DAYS WITH]      [WEATHER - DAYS WITH]      9 = BLOWING SNOW
                                                   X = TORNADO
MAX 32 OR BELOW:   0    0.01 INCH OR MORE:   9
MAX 90 OR ABOVE:   0    0.10 INCH OR MORE:   3
MIN 32 OR BELOW:   0    0.50 INCH OR MORE:   0
MIN  0 OR BELOW:   0    1.00 INCH OR MORE:   0

[HDD (BASE 65) ]
TOTAL THIS MO.   367    CLEAR  (SCALE 0-3)  13
DPTR FM NORMAL    84    PTCLDY (SCALE 4-7)   6
TOTAL FM JUL 1   681    CLOUDY (SCALE 8-10) 11
DPTR FM NORMAL    51

[CDD (BASE 65) ]
TOTAL THIS MO.     1
DPTR FM NORMAL   -29    [PRESSURE DATA]
TOTAL FM JAN 1     1    HIGHEST SLP M ON M
DPTR FM NORMAL   -29    LOWEST  SLP 29.83 ON 20

[REMARKS]




U.S. Dept. of Commerce
NOAA National Weather Service
1325 East West Highway
Silver Spring, MD 20910
E-mail: w-nws.webmaster@noaa.gov
Page last modified: May 16, 2007
NATIONAL WEATHER SERVICE: for Safety, for Work, for Fun - FOR LIFE