409
CXUS55 KALY 220800
CF6ALB
PRELIMINARY LOCAL CLIMATOLOGICAL DATA (WS FORM: F-6)

                                          STATION:   ALBANY NY
                                          MONTH:     AUGUST
                                          YEAR:      2014
                                          LATITUDE:   42 45 N
                                          LONGITUDE:  73 48 W

  TEMPERATURE IN F:       :PCPN:    SNOW:  WIND      :SUNSHINE: SKY     :PK WND
================================================================================
1   2   3   4   5  6A  6B    7    8   9   10  11  12  13   14  15   16   17  18
                                     12Z  AVG MX 2MIN
DY MAX MIN AVG DEP HDD CDD  WTR  SNW DPTH SPD SPD DIR MIN PSBL S-S WX    SPD DR
================================================================================

 1  84  59  72   0   0   7    T  0.0    0  6.5 21 170   M    M   7 1      26 180
 2  81  64  73   1   0   8    T  0.0    0  5.0 12 170   M    M   8 18     16 160
 3  81  63  72   0   0   7 0.00  0.0    0  3.3  9 170   M    M   7 1      13 160
 4  82  66  74   2   0   9 0.07  0.0    0  3.0 10 360   M    M   6 1      12 360
 5  86  61  74   2   0   9 0.46  0.0    0  4.4 38 100   M    M   5 1358   53  90
 6  81  62  72   0   0   7    T  0.0    0  6.3 15 360   M    M   6 1      19 350
 7  79  57  68  -3   0   3 0.08  0.0    0  4.3 21 280   M    M   6 3      26 280
 8  81  53  67  -4   0   2 0.00  0.0    0  3.1 12 340   M    M   3 1      14 340
 9  83  56  70  -1   0   5 0.00  0.0    0  1.4  8 350   M    M   2 1      14  70
10  84  59  72   1   0   7 0.00  0.0    0  2.3  8 350   M    M   2 1      11 350
11  86  58  72   1   0   7 0.00  0.0    0  4.9 14 180   M    M   4 12     18 180
12  75  66  71   0   0   6 0.02  0.0    0  7.0 15 170   M    M   9        20 150
13  73  62  68  -3   0   3 0.17  0.0    0  6.5 18 170   M    M   9 1      24 170
14  73  55  64  -7   1   0 0.00  0.0    0  6.6 17 320   M    M   6        23 300
15  68  53  61 -10   4   0    T  0.0    0  4.6 20 280   M    M  10        26 280
16  75  53  64  -6   1   0 0.02  0.0    0  6.4 13 160   M    M   7        18 200
17  77  61  69  -1   0   4 0.01  0.0    0  8.8 21 280   M    M   6        25 270
18  76  56  66  -4   0   1 0.00  0.0    0  6.3 15 330   M    M   6        19 330
19  79  51  65  -5   0   0 0.00  0.0    0  1.2 10  60   M    M   3 12     14  70
20  84  59  72   2   0   7    T  0.0    0  4.5 13 170   M    M   8        15 170
21  77  65  71   1   0   6 0.49  0.0    0  6.5 15 170   M    M   9 1      20 170
================================================================================
SM 1665 1239         6  98  1.32     0.0 102.9          M      129
================================================================================
AV 79.3 59.0                               4.9 FASTST   M    M   6    MAX(MPH)
                                 MISC ---->  # 38 100               # 53   90
================================================================================
NOTES:
# LAST OF SEVERAL OCCURRENCES

COLUMN 17 PEAK WIND IN M.P.H.

PRELIMINARY LOCAL CLIMATOLOGICAL DATA (WS FORM: F-6) , PAGE 2

                                          STATION:  ALBANY NY
                                          MONTH:    AUGUST
                                          YEAR:     2014
                                          LATITUDE:   42 45 N
                                          LONGITUDE:  73 48 W

[TEMPERATURE DATA]      [PRECIPITATION DATA]       SYMBOLS USED IN COLUMN 16

AVERAGE MONTHLY: 69.1   TOTAL FOR MONTH:   1.32    1 = FOG OR MIST
DPTR FM NORMAL:  -1.9   DPTR FM NORMAL:   -1.14    2 = FOG REDUCING VISIBILITY
HIGHEST:    86 ON 11, 5 GRTST 24HR  0.49 ON 21-21      TO 1/4 MILE OR LESS
LOWEST:     51 ON 19                               3 = THUNDER
                        SNOW, ICE PELLETS, HAIL    4 = ICE PELLETS
                        TOTAL MONTH:   0.0 INCH    5 = HAIL
                        GRTST 24HR     0.0         6 = FREEZING RAIN OR DRIZZLE
                        GRTST DEPTH:   0           7 = DUSTSTORM OR SANDSTORM:
                                                       VSBY 1/2 MILE OR LESS
                                                   8 = SMOKE OR HAZE
[NO. OF DAYS WITH]      [WEATHER - DAYS WITH]      9 = BLOWING SNOW
                                                   X = TORNADO
MAX 32 OR BELOW:   0    0.01 INCH OR MORE:   8
MAX 90 OR ABOVE:   0    0.10 INCH OR MORE:   3
MIN 32 OR BELOW:   0    0.50 INCH OR MORE:   0
MIN  0 OR BELOW:   0    1.00 INCH OR MORE:   0

[HDD (BASE 65) ]
TOTAL THIS MO.     6    CLEAR  (SCALE 0-3)   3
DPTR FM NORMAL     2    PTCLDY (SCALE 4-7)  13
TOTAL FM JUL 1     6    CLOUDY (SCALE 8-10)  5
DPTR FM NORMAL    -3

[CDD (BASE 65) ]
TOTAL THIS MO.    98
DPTR FM NORMAL   -35    [PRESSURE DATA]
TOTAL FM JAN 1   518    HIGHEST SLP M ON M
DPTR FM NORMAL    19    LOWEST  SLP 29.68 ON 13

[REMARKS]




U.S. Dept. of Commerce
NOAA National Weather Service
1325 East West Highway
Silver Spring, MD 20910
E-mail: w-nws.webmaster@noaa.gov
Page last modified: May 16, 2007
NATIONAL WEATHER SERVICE: for Safety, for Work, for Fun - FOR LIFE