896
CXUS55 KALY 280800
CF6ALB
PRELIMINARY LOCAL CLIMATOLOGICAL DATA (WS FORM: F-6)

                                          STATION:   ALBANY NY
                                          MONTH:     JANUARY
                                          YEAR:      2015
                                          LATITUDE:   42 45 N
                                          LONGITUDE:  73 48 W

  TEMPERATURE IN F:       :PCPN:    SNOW:  WIND      :SUNSHINE: SKY     :PK WND
================================================================================
1   2   3   4   5  6A  6B    7    8   9   10  11  12  13   14  15   16   17  18
                                     12Z  AVG MX 2MIN
DY MAX MIN AVG DEP HDD CDD  WTR  SNW DPTH SPD SPD DIR MIN PSBL S-S WX    SPD DR
================================================================================

 1  32  18  25   1  40   0 0.00  0.0    0  8.8 20 190   M    M   6        26 190
 2  37  26  32   9  33   0    T    T    0  9.5 23 310   M    M   9        30 250
 3  33  20  27   4  38   0 0.57  1.6    0  4.3 15 160   M    M  10 146    21 170
 4  45  33  39  16  26   0 0.22  0.0    1 10.0 24 290   M    M   8 16     33 290
 5  41  13  27   4  38   0    T    T    0 16.8 32 290   M    M   6        42 280
 6  18   8  13 -10  52   0 0.05  0.5    0  5.0 13 200   M    M   8 8      17 300
 7  21  -3   9 -14  56   0    T    T    0 12.9 33 310   M    M   5 8      47 300
 8  20  -6   7 -15  58   0    T    T    0  8.6 21 170   M    M   4        27 180
 9  28  11  20  -2  45   0 0.05  1.5    1 12.4 26 300   M    M   7 9      33 170
10  20   3  12 -10  53   0    T    T    1  7.5 21 280   M    M   3        27 290
11  31   5  18  -4  47   0 0.00  0.0    1  8.0 16 180   M    M   8        19 180
12  35  28  32  10  33   0 0.20  2.6    2  8.5 18 300   M    M  10 18     23 300
13  31  -2  15  -7  50   0    T    T    3 10.0 21  10   M    M   3        26  10
14  19 -10   5 -17  60   0    T    T    3  1.8  8  90   M    M   5 1       9 100
15  26   4  15  -7  50   0 0.00  0.0    3  3.2 10 170   M    M   5 1      14 170
16  34   7  21  -1  44   0    T  0.1    3 11.9 31 300   M    M   6 9      41 290
17  24  -2  11 -11  54   0 0.00  0.0    2  6.0 26 170   M    M   4        36 170
18  40  24  32  10  33   0 0.59  0.0    1  9.7 21 170   M    M   8 12     30 160
19  38  29  34  12  31   0    T    T    0 14.4 29 280   M    M   7        38 260
20  31  17  24   2  41   0    T    T    0 10.9 21 280   M    M   6        26 290
21  24   8  16  -6  49   0 0.00  0.0    0  2.0  8 290   M    M   6 8      11 290
22  32  17  25   3  40   0 0.00  0.0    0  4.8 20 280   M    M   7 1      25 290
23  34  15  25   3  40   0    T    T    0  3.2 15 290   M    M   5        19 270
24  34  22  28   6  37   0 0.06  0.8    0  7.0 28 290   M    M  10 18     34 290
25  36  13  25   3  40   0    T    T    1 13.8 31 290   M    M   7        43 300
26  18  10  14  -8  51   0 0.02  0.2    0  8.3 14 360   M    M  10        18  20
27  17  11  14  -9  51   0 0.23  5.6    1 10.9 20  10   M    M  10        24 360
================================================================================
SM  799  319      1190   0  1.99    12.9 230.2          M      183
================================================================================
AV 29.6 11.8                               8.5 FASTST   M    M   7    MAX(MPH)
                                 MISC ---->  # 33 310               # 47  300
================================================================================
NOTES:
# LAST OF SEVERAL OCCURRENCES

COLUMN 17 PEAK WIND IN M.P.H.

PRELIMINARY LOCAL CLIMATOLOGICAL DATA (WS FORM: F-6) , PAGE 2

                                          STATION:  ALBANY NY
                                          MONTH:    JANUARY
                                          YEAR:     2015
                                          LATITUDE:   42 45 N
                                          LONGITUDE:  73 48 W

[TEMPERATURE DATA]      [PRECIPITATION DATA]       SYMBOLS USED IN COLUMN 16

AVERAGE MONTHLY: 20.7   TOTAL FOR MONTH:   1.99    1 = FOG OR MIST
DPTR FM NORMAL:  -1.6   DPTR FM NORMAL:   -0.27    2 = FOG REDUCING VISIBILITY
HIGHEST:    45 ON  4    GRTST 24HR  0.79 ON  3- 4      TO 1/4 MILE OR LESS
LOWEST:    -10 ON 14                               3 = THUNDER
                        SNOW, ICE PELLETS, HAIL    4 = ICE PELLETS
                        TOTAL MONTH:  12.9 INCHES  5 = HAIL
                        GRTST 24HR   5.6 ON   M    6 = FREEZING RAIN OR DRIZZLE
                        GRTST DEPTH:   3 ON 16,15  7 = DUSTSTORM OR SANDSTORM:
                                                       VSBY 1/2 MILE OR LESS
                                                   8 = SMOKE OR HAZE
[NO. OF DAYS WITH]      [WEATHER - DAYS WITH]      9 = BLOWING SNOW
                                                   X = TORNADO
MAX 32 OR BELOW:  16    0.01 INCH OR MORE:   9
MAX 90 OR ABOVE:   0    0.10 INCH OR MORE:   5
MIN 32 OR BELOW:  26    0.50 INCH OR MORE:   2
MIN  0 OR BELOW:   5    1.00 INCH OR MORE:   0

[HDD (BASE 65) ]
TOTAL THIS MO.  1190    CLEAR  (SCALE 0-3)   2
DPTR FM NORMAL    40    PTCLDY (SCALE 4-7)  17
TOTAL FM JUL 1  3463    CLOUDY (SCALE 8-10)  8
DPTR FM NORMAL  -222

[CDD (BASE 65) ]
TOTAL THIS MO.     0
DPTR FM NORMAL     0    [PRESSURE DATA]
TOTAL FM JAN 1     0    HIGHEST SLP M ON M
DPTR FM NORMAL     0    LOWEST  SLP 29.32 ON 24

[REMARKS]




U.S. Dept. of Commerce
NOAA National Weather Service
1325 East West Highway
Silver Spring, MD 20910
E-mail: w-nws.webmaster@noaa.gov
Page last modified: May 16, 2007
NATIONAL WEATHER SERVICE: for Safety, for Work, for Fun - FOR LIFE