138
CXUS55 KALY 010800
CF6ALB
PRELIMINARY LOCAL CLIMATOLOGICAL DATA (WS FORM: F-6)

                                          STATION:   ALBANY NY
                                          MONTH:     JULY
                                          YEAR:      2014
                                          LATITUDE:   42 45 N
                                          LONGITUDE:  73 48 W

  TEMPERATURE IN F:       :PCPN:    SNOW:  WIND      :SUNSHINE: SKY     :PK WND
================================================================================
1   2   3   4   5  6A  6B    7    8   9   10  11  12  13   14  15   16   17  18
                                     12Z  AVG MX 2MIN
DY MAX MIN AVG DEP HDD CDD  WTR  SNW DPTH SPD SPD DIR MIN PSBL S-S WX    SPD DR
================================================================================

 1  91  71  81  10   0  16    T  0.0    0  9.5 22 170   M    M   5 3      30 140
 2  90  70  80   9   0  15 0.85  0.0    0  7.9 24 330   M    M   7 13     30 200
 3  88  67  78   7   0  13 0.63  0.0    0  4.7 22 290   M    M   7 13     29 300
 4  73  63  68  -3   0   3 0.44  0.0    0  8.6 17 290   M    M   8 1      22 280
 5  80  58  69  -2   0   4 0.00  0.0    0 13.3 28 280   M    M   2        36 270
 6  85  55  70  -2   0   5 0.00  0.0    0  6.7 17 270   M    M   3        22 270
 7  85  68  77   5   0  12 0.56  0.0    0  7.7 35 230   M    M   8 13     43 230
 8  87  69  78   6   0  13 0.22  0.0    0 11.1 21 210   M    M   8 13     29 180
 9  83  63  73   1   0   8 0.78  0.0    0  6.9 33 280   M    M   6 13     45 280
10  80  58  69  -3   0   4 0.00  0.0    0  5.0 14 280   M    M   4        18 280
11  81  56  69  -3   0   4 0.00  0.0    0  2.3  9 330   M    M   2        13 350
12  87  58  73   1   0   8    T  0.0    0  7.2 18 180   M    M   5 1      25 170
13  79  70  75   3   0  10 0.10  0.0    0 12.2 23 160   M    M   8 18     29 160
14  87  68  78   6   0  13    T  0.0    0  6.0 15 170   M    M   8 12     20 150
15  81  70  76   4   0  11 0.35  0.0    0  6.7 15 170   M    M   9 1      22 170
16  80  62  71  -1   0   6    T  0.0    0  7.4 14 290   M    M   8 1      19 320
17  78  55  67  -5   0   2 0.00  0.0    0  5.3 17 290   M    M   5        22 310
18  80  53  67  -5   0   2 0.00  0.0    0  1.7  9 300   M    M   2        14 280
19  78  60  69  -3   0   4 0.00  0.0    0  3.4 10 170   M    M   9 1      14 180
20  80  62  71  -1   0   6    T  0.0    0  2.3 12 190   M    M   6 8      15 110
21  84  63  74   2   0   9 0.00  0.0    0  5.0 12 190   M    M   5        13 190
22  87  68  78   6   0  13 0.00  0.0    0  5.8 14 180   M    M   4        17 180
23  91  70  81   9   0  16 0.21  0.0    0  8.4 25 300   M    M   6 138    37 300
24  79  61  70  -2   0   5 0.00  0.0    0  7.0 14  10   M    M   7        18  10
25  81  54  68  -4   0   3 0.00  0.0    0  3.2 13 270   M    M   1        16 270
26  82  61  72   0   0   7    T  0.0    0  4.3 13 190   M    M   6 1      16 190
27  83  68  76   4   0  11 1.42  0.0    0  5.4 22 330   M    M   7 138    31 330
28  75  62  69  -3   0   4 1.29  0.0    0  6.7 21 310   M    M   9 13     27 320
29  74  58  66  -6   0   1 0.00  0.0    0  7.9 17 320   M    M   7        26 290
30  77  60  69  -3   0   4 0.00  0.0    0  3.4 13 210   M    M   7        17 210
31  78  62  70  -2   0   5 0.02  0.0    0  6.2 15 200   M    M   7 1      17 180
================================================================================
SM 2544 1943         0 237  6.87     0.0 199.2          M      186
================================================================================
AV 82.1 62.7                               6.4 FASTST   M    M   6    MAX(MPH)
                                 MISC ---->  # 35 230               # 45  280
================================================================================
NOTES:
# LAST OF SEVERAL OCCURRENCES

COLUMN 17 PEAK WIND IN M.P.H.

PRELIMINARY LOCAL CLIMATOLOGICAL DATA (WS FORM: F-6) , PAGE 2

                                          STATION:  ALBANY NY
                                          MONTH:    JULY
                                          YEAR:     2014
                                          LATITUDE:   42 45 N
                                          LONGITUDE:  73 48 W

[TEMPERATURE DATA]      [PRECIPITATION DATA]       SYMBOLS USED IN COLUMN 16

AVERAGE MONTHLY: 72.4   TOTAL FOR MONTH:   6.87    1 = FOG OR MIST
DPTR FM NORMAL:   0.6   DPTR FM NORMAL:    2.75    2 = FOG REDUCING VISIBILITY
HIGHEST:    91 ON 23, 1 GRTST 24HR  2.22 ON 27-28      TO 1/4 MILE OR LESS
LOWEST:     53 ON 18                               3 = THUNDER
                        SNOW, ICE PELLETS, HAIL    4 = ICE PELLETS
                        TOTAL MONTH:   0.0 INCH    5 = HAIL
                        GRTST 24HR     0.0         6 = FREEZING RAIN OR DRIZZLE
                        GRTST DEPTH:   0           7 = DUSTSTORM OR SANDSTORM:
                                                       VSBY 1/2 MILE OR LESS
                                                   8 = SMOKE OR HAZE
[NO. OF DAYS WITH]      [WEATHER - DAYS WITH]      9 = BLOWING SNOW
                                                   X = TORNADO
MAX 32 OR BELOW:   0    0.01 INCH OR MORE:  12
MAX 90 OR ABOVE:   3    0.10 INCH OR MORE:  11
MIN 32 OR BELOW:   0    0.50 INCH OR MORE:   6
MIN  0 OR BELOW:   0    1.00 INCH OR MORE:   2

[HDD (BASE 65) ]
TOTAL THIS MO.     0    CLEAR  (SCALE 0-3)   5
DPTR FM NORMAL    -5    PTCLDY (SCALE 4-7)  21
TOTAL FM JUL 1     0    CLOUDY (SCALE 8-10)  5
DPTR FM NORMAL    -5

[CDD (BASE 65) ]
TOTAL THIS MO.   237
DPTR FM NORMAL    19    [PRESSURE DATA]
TOTAL FM JAN 1   420    HIGHEST SLP 30.28 ON 19
DPTR FM NORMAL    54    LOWEST  SLP 29.46 ON 28

[REMARKS]
#FINAL-07-14#




U.S. Dept. of Commerce
NOAA National Weather Service
1325 East West Highway
Silver Spring, MD 20910
E-mail: w-nws.webmaster@noaa.gov
Page last modified: May 16, 2007
NATIONAL WEATHER SERVICE: for Safety, for Work, for Fun - FOR LIFE