099
CXUS55 KALY 020104
CF6ALB
PRELIMINARY LOCAL CLIMATOLOGICAL DATA (WS FORM: F-6)

                                          STATION:   ALBANY NY
                                          MONTH:     NOVEMBER
                                          YEAR:      2014
                                          LATITUDE:   42 45 N
                                          LONGITUDE:  73 48 W

  TEMPERATURE IN F:       :PCPN:    SNOW:  WIND      :SUNSHINE: SKY     :PK WND
================================================================================
1   2   3   4   5  6A  6B    7    8   9   10  11  12  13   14  15   16   17  18
                                     12Z  AVG MX 2MIN
DY MAX MIN AVG DEP HDD CDD  WTR  SNW DPTH SPD SPD DIR MIN PSBL S-S WX    SPD DR
================================================================================

 1  47  39  43  -1  22   0 0.04  0.0    0 11.3 23  20   M    M   9        33 360
 2  47  35  41  -3  24   0    T  0.0    0 16.2 30 360   M    M   5        42 360
 3  55  30  43  -1  22   0 0.00  0.0    0  8.1 22 280   M    M   4        29 310
 4  64  44  54  10  11   0 0.00  0.0    0  6.9 16 160   M    M   9        23 160
 5  60  37  49   6  16   0    T  0.0    0  5.8 16 300   M    M   7        20 300
 6  48  39  44   1  21   0 0.18  0.0    0  3.5 13 350   M    M  10 1      16 340
 7  48  36  42  -1  23   0 0.14    T    0 11.8 23 290   M    M   9 1      30 310
 8  47  35  41  -1  24   0    T    T    0  6.8 16 300   M    M   8        23 320
 9  50  31  41  -1  24   0    T  0.0    0  5.4 15 300   M    M   7        22 180
10  56  30  43   1  22   0 0.00  0.0    0  4.7 12 180   M    M   7        17 160
11  62  44  53  12  12   0 0.00  0.0    0 11.3 24 180   M    M   3        32 160
12  58  36  47   6  18   0    T  0.0    0 10.9 26 290   M    M   5 1      34 280
13  44  26  35  -6  30   0 0.05    T    0  2.7 13 320   M    M   7 1      16 290
14  40  29  35  -5  30   0 0.01  0.1    0 10.6 24 300   M    M   7 1      31 290
15  39  23  31  -9  34   0 0.00  0.0    0  7.6 18 330   M    M   2        24 280
16  40  22  31  -9  34   0    T    T    0  9.9 17 180   M    M   9        24 160
17  42  33  38  -1  27   0 0.84  0.9    1  4.6 16 310   M    M  10 14     23 320
18  39  20  30  -9  35   0    T    T    0 14.7 26 270   M    M   5 8      34 270
19  34  22  28 -11  37   0    T    T    0 12.4 24 190   M    M   3        34 190
20  40  20  30  -8  35   0    T  0.1    0 10.6 22 240   M    M   7 1      28 240
21  32  16  24 -14  41   0    T    T    0  9.1 24 310   M    M   3        31 290
22  40  15  28 -10  37   0 0.03    T    0  9.4 20 160   M    M   6 4      26 170
23  53  36  45   8  20   0 0.13  0.0    0  7.6 15 160   M    M   8        21 180
24  70  46  58  21   7   0 0.24  0.0    0 11.8 26 190   M    M   7 1      35 190
25  62  35  49  13  16   0 0.00  0.0    0  9.2 21 290   M    M   8        27 290
26  41  31  36   0  29   0 0.69  9.6    0  8.3 18 360   M    M  10 12     24 360
27  32  27  30  -6  35   0 0.09  1.6    8  4.8 14 360   M    M  10 1      19 360
28  31  18  25 -10  40   0    T    T    7  8.6 22 290   M    M   7 1      28 290
29  32  15  24 -11  41   0 0.00  0.0    6  8.2 22 170   M    M   7        31 160
30  43  31  37   3  28   0    T  0.0    5 15.7 23 180   M    M  10        32 180
================================================================================
SM 1396  901       795   0  2.44    12.3 268.5          M      209
================================================================================
AV 46.5 30.0                               9.0 FASTST   M    M   7    MAX(MPH)
                                 MISC ---->  # 30 360               # 42  360
================================================================================
NOTES:
# LAST OF SEVERAL OCCURRENCES

COLUMN 17 PEAK WIND IN M.P.H.

PRELIMINARY LOCAL CLIMATOLOGICAL DATA (WS FORM: F-6) , PAGE 2

                                          STATION:  ALBANY NY
                                          MONTH:    NOVEMBER
                                          YEAR:     2014
                                          LATITUDE:   42 45 N
                                          LONGITUDE:  73 48 W

[TEMPERATURE DATA]      [PRECIPITATION DATA]       SYMBOLS USED IN COLUMN 16

AVERAGE MONTHLY: 38.3   TOTAL FOR MONTH:   2.44    1 = FOG OR MIST
DPTR FM NORMAL:  -1.4   DPTR FM NORMAL:   -0.85    2 = FOG REDUCING VISIBILITY
HIGHEST:    70 ON 24    GRTST 24HR  0.84 ON 17-17      TO 1/4 MILE OR LESS
LOWEST:     15 ON 29,22                            3 = THUNDER
                        SNOW, ICE PELLETS, HAIL    4 = ICE PELLETS
                        TOTAL MONTH:  12.3 INCHES  5 = HAIL
                        GRTST 24HR   9.6 ON   M    6 = FREEZING RAIN OR DRIZZLE
                        GRTST DEPTH:   8 ON 27     7 = DUSTSTORM OR SANDSTORM:
                                                       VSBY 1/2 MILE OR LESS
                                                   8 = SMOKE OR HAZE
[NO. OF DAYS WITH]      [WEATHER - DAYS WITH]      9 = BLOWING SNOW
                                                   X = TORNADO
MAX 32 OR BELOW:   4    0.01 INCH OR MORE:  11
MAX 90 OR ABOVE:   0    0.10 INCH OR MORE:   6
MIN 32 OR BELOW:  17    0.50 INCH OR MORE:   2
MIN  0 OR BELOW:   0    1.00 INCH OR MORE:   0

[HDD (BASE 65) ]
TOTAL THIS MO.   795    CLEAR  (SCALE 0-3)   4
DPTR FM NORMAL    36    PTCLDY (SCALE 4-7)  17
TOTAL FM JUL 1  1275    CLOUDY (SCALE 8-10)  9
DPTR FM NORMAL  -129

[CDD (BASE 65) ]
TOTAL THIS MO.     0
DPTR FM NORMAL     0    [PRESSURE DATA]
TOTAL FM JAN 1   659    HIGHEST SLP 30.46 ON 21
DPTR FM NORMAL    61    LOWEST  SLP 29.44 ON 24

[REMARKS]
#FINAL-11-14#




U.S. Dept. of Commerce
NOAA National Weather Service
1325 East West Highway
Silver Spring, MD 20910
E-mail: w-nws.webmaster@noaa.gov
Page last modified: May 16, 2007
NATIONAL WEATHER SERVICE: for Safety, for Work, for Fun - FOR LIFE