656
CXUS55 KALY 240800
CF6ALB
PRELIMINARY LOCAL CLIMATOLOGICAL DATA (WS FORM: F-6)

                                          STATION:   ALBANY NY
                                          MONTH:     APRIL
                                          YEAR:      2014
                                          LATITUDE:   42 45 N
                                          LONGITUDE:  73 48 W

  TEMPERATURE IN F:       :PCPN:    SNOW:  WIND      :SUNSHINE: SKY     :PK WND
================================================================================
1   2   3   4   5  6A  6B    7    8   9   10  11  12  13   14  15   16   17  18
                                     12Z  AVG MX 2MIN
DY MAX MIN AVG DEP HDD CDD  WTR  SNW DPTH SPD SPD DIR MIN PSBL S-S WX    SPD DR
================================================================================

 1  52  28  40  -2  25   0 0.00  0.0    0  3.7 10  20   M    M   4        16 330
 2  60  30  45   3  20   0 0.00  0.0    0  6.4 16 340   M    M   4 18     20 170
 3  54  32  43   0  22   0 0.00  0.0    0  7.7 15  10   M    M   4        20  10
 4  51  34  43   0  22   0 0.10  0.0    0  9.8 22 160   M    M  10 1      33 170
 5  47  36  42  -2  23   0 0.01    T    0 12.0 29 280   M    M   9 1      39 280
 6  56  29  43  -1  22   0 0.00  0.0    0  9.5 28 290   M    M   3        37 290
 7  56  29  43  -1  22   0 0.01  0.0    0  5.5 18 150   M    M  10        28 140
 8  65  42  54   9  11   0 0.04  0.0    0 11.3 29 310   M    M   6 1      37 270
 9  54  31  43  -2  22   0 0.00  0.0    0 13.9 28 290   M    M   2        38 310
10  66  27  47   1  18   0 0.00  0.0    0 13.8 30 160   M    M   4 1      43 180
11  66  40  53   7  12   0 0.14  0.0    0  6.7 18 170   M    M   9 12     25 180
12  69  31  50   4  15   0 0.00  0.0    0  4.4 18 270   M    M   5 12     22 270
13  79  42  61  14   4   0 0.03  0.0    0 11.3 25 180   M    M   7 3      38 160
14  78  63  71  24   0   6 0.00  0.0    0 18.0 32 190   M    M   9        44 180
15  66  29  48   0  17   0 0.72  2.4    0 16.5 29 280   M    M  10 1249   38 270
16  42  26  34 -14  31   0    T    T    2 13.7 25 320   M    M   3        31 310
17  53  26  40  -9  25   0 0.00  0.0    0  4.6 14 130   M    M   5        22 120
18  50  27  39 -10  26   0 0.00  0.0    0  7.3 17 190   M    M   5        22 190
19  61  34  48  -1  17   0    T  0.0    0  9.4 21 330   M    M   5        27 340
20  63  29  46  -4  19   0 0.00  0.0    0  6.1 21 180   M    M   4        27 170
21  73  38  56   6   9   0 0.00  0.0    0  8.3 15 190   M    M   6        19 190
22  70  50  60  10   5   0 0.02  0.0    0  9.1 23 280   M    M  10        30 310
23  55  40  48  -3  17   0 0.05  0.0    0 15.8 29 290   M    M   9        37 300
================================================================================
SM 1386  793       404   6  1.12     2.4 224.8          M      143
================================================================================
AV 60.3 34.5                               9.8 FASTST   M    M   6    MAX(MPH)
                                 MISC ---->  # 32 190               # 44  180
================================================================================
NOTES:
# LAST OF SEVERAL OCCURRENCES

COLUMN 17 PEAK WIND IN M.P.H.

PRELIMINARY LOCAL CLIMATOLOGICAL DATA (WS FORM: F-6) , PAGE 2

                                          STATION:  ALBANY NY
                                          MONTH:    APRIL
                                          YEAR:     2014
                                          LATITUDE:   42 45 N
                                          LONGITUDE:  73 48 W

[TEMPERATURE DATA]      [PRECIPITATION DATA]       SYMBOLS USED IN COLUMN 16

AVERAGE MONTHLY: 47.4   TOTAL FOR MONTH:   1.12    1 = FOG OR MIST
DPTR FM NORMAL:   0.9   DPTR FM NORMAL:   -1.32    2 = FOG REDUCING VISIBILITY
HIGHEST:    79 ON 13    GRTST 24HR  0.72 ON 15-15      TO 1/4 MILE OR LESS
LOWEST:     26 ON 17,16                            3 = THUNDER
                        SNOW, ICE PELLETS, HAIL    4 = ICE PELLETS
                        TOTAL MONTH:   2.4 INCHES  5 = HAIL
                        GRTST 24HR   2.4 ON   M    6 = FREEZING RAIN OR DRIZZLE
                        GRTST DEPTH:   2 ON 16     7 = DUSTSTORM OR SANDSTORM:
                                                       VSBY 1/2 MILE OR LESS
                                                   8 = SMOKE OR HAZE
[NO. OF DAYS WITH]      [WEATHER - DAYS WITH]      9 = BLOWING SNOW
                                                   X = TORNADO
MAX 32 OR BELOW:   0    0.01 INCH OR MORE:   9
MAX 90 OR ABOVE:   0    0.10 INCH OR MORE:   3
MIN 32 OR BELOW:  13    0.50 INCH OR MORE:   1
MIN  0 OR BELOW:   0    1.00 INCH OR MORE:   0

[HDD (BASE 65) ]
TOTAL THIS MO.   404    CLEAR  (SCALE 0-3)   2
DPTR FM NORMAL   -25    PTCLDY (SCALE 4-7)  13
TOTAL FM JUL 1  6668    CLOUDY (SCALE 8-10)  8
DPTR FM NORMAL   366

[CDD (BASE 65) ]
TOTAL THIS MO.     6
DPTR FM NORMAL     6    [PRESSURE DATA]
TOTAL FM JAN 1     6    HIGHEST SLP M ON M
DPTR FM NORMAL     6    LOWEST  SLP 29.31 ON  8

[REMARKS]




U.S. Dept. of Commerce
NOAA National Weather Service
1325 East West Highway
Silver Spring, MD 20910
E-mail: w-nws.webmaster@noaa.gov
Page last modified: May 16, 2007
NATIONAL WEATHER SERVICE: for Safety, for Work, for Fun - FOR LIFE