798
CXUS55 KBOU 221104
CF6AKO
PRELIMINARY LOCAL CLIMATOLOGICAL DATA (WS FORM: F-6)

                                          STATION:   AKRON CO
                                          MONTH:     APRIL
                                          YEAR:      2014
                                          LATITUDE:   40 10 N
                                          LONGITUDE: 103 13 W

  TEMPERATURE IN F:       :PCPN:    SNOW:  WIND      :SUNSHINE: SKY     :PK WND
================================================================================
1   2   3   4   5  6A  6B    7    8   9   10  11  12  13   14  15   16   17  18
                                     12Z  AVG MX 2MIN
DY MAX MIN AVG DEP HDD CDD  WTR  SNW DPTH SPD SPD DIR MIN PSBL S-S WX    SPD DR
================================================================================

 1  57  25  41  -2  24   0 0.00    M    M 15.4 28 120   M    M   2        38 160
 2  51  28  40  -3  25   0    T    M    M 11.8 25 110   M    M   8 18     30 130
 3  46  26  36  -7  29   0 0.24    M    M 14.3 35 340   M    M   7 12     41 340
 4  55  25  40  -4  25   0 0.00    M    M 10.7 17 170   M    M   2        22 180
 5  61  34  48   4  17   0 0.00    M    M  8.0 15 150   M    M   3        20 200
 6  59  31  45   1  20   0    T    M    M 11.6 32 310   M    M   2        41 310
 7  52  29  41  -3  24   0    T    M    M 20.7 41 340   M    M   4        53 350
 8  69  32  51   6  14   0 0.00    M    M 11.4 26 330   M    M   3        33 320
 9  76  41  59  14   6   0 0.00    M    M 13.8 24 290   M    M   0        33 290
10  64  38  51   6  14   0 0.00    M    M 11.7 25  50   M    M   0        30  50
11  76  38  57  12   8   0 0.00    M    M  8.3 18 220   M    M   0        26 190
12  75  44  60  14   5   0    T    M    M 13.0 25  40   M    M   3        36 180
13  48  21  35 -11  30   0 0.30    M    M 23.2 35 360   M    M  10 12     40 360
14  35  16  26 -20  39   0    T    M    M 12.4 21 320   M    M   3 1      24 330
15  61  26  44  -3  21   0 0.00    M    M 14.4 22 190   M    M   0        28 200
16  54  34  44  -3  21   0 0.00    M    M 18.6 37 350   M    M   3        45 350
17  61  30  46  -1  19   0 0.00    M    M 17.1 26 170   M    M   4 12     37 170
18  78  37  58  10   7   0 0.00    M    M 13.6 24 160   M    M   0        29 160
19  65  43  54   6  11   0 0.00    M    M 11.8 25  20   M    M   3        29  20
20  74  42  58  10   7   0 0.00    M    M  7.8 18 280   M    M   2        28  10
21  66  41  54   5  11   0 0.00    M    M 11.0 17 170   M    M   2        24 170
================================================================================
SM 1283  681       377   0  0.54    M    280.6          M       61
================================================================================
AV 61.1 32.4                              13.4 FASTST   M    M   3    MAX(MPH)
                                 MISC ---->  # 41 340               # 53  350
================================================================================
NOTES:
# LAST OF SEVERAL OCCURRENCES

COLUMN 17 PEAK WIND IN M.P.H.

PRELIMINARY LOCAL CLIMATOLOGICAL DATA (WS FORM: F-6) , PAGE 2

                                          STATION:  AKRON CO
                                          MONTH:    APRIL
                                          YEAR:     2014
                                          LATITUDE:   40 10 N
                                          LONGITUDE: 103 13 W

[TEMPERATURE DATA]      [PRECIPITATION DATA]       SYMBOLS USED IN COLUMN 16

AVERAGE MONTHLY: 46.8   TOTAL FOR MONTH:   0.54    1 = FOG OR MIST
DPTR FM NORMAL:   1.2   DPTR FM NORMAL:   -0.49    2 = FOG REDUCING VISIBILITY
HIGHEST:    78 ON 18    GRTST 24HR  0.30 ON 13-13      TO 1/4 MILE OR LESS
LOWEST:     16 ON 14                               3 = THUNDER
                        SNOW, ICE PELLETS, HAIL    4 = ICE PELLETS
                        TOTAL MONTH:    M          5 = HAIL
                        GRTST 24HR    M  ON   M    6 = FREEZING RAIN OR DRIZZLE
                        GRTST DEPTH:  M  ON   M    7 = DUSTSTORM OR SANDSTORM:
                                                       VSBY 1/2 MILE OR LESS
                                                   8 = SMOKE OR HAZE
[NO. OF DAYS WITH]      [WEATHER - DAYS WITH]      9 = BLOWING SNOW
                                                   X = TORNADO
MAX 32 OR BELOW:   0    0.01 INCH OR MORE:   2
MAX 90 OR ABOVE:   0    0.10 INCH OR MORE:   2
MIN 32 OR BELOW:  11    0.50 INCH OR MORE:   0
MIN  0 OR BELOW:   0    1.00 INCH OR MORE:   0

[HDD (BASE 65) ]
TOTAL THIS MO.   377    CLEAR  (SCALE 0-3)  15
DPTR FM NORMAL   -31    PTCLDY (SCALE 4-7)   5
TOTAL FM JUL 1  6038    CLOUDY (SCALE 8-10)  1
DPTR FM NORMAL   179

[CDD (BASE 65) ]
TOTAL THIS MO.     0
DPTR FM NORMAL     0    [PRESSURE DATA]
TOTAL FM JAN 1     0    HIGHEST SLP M ON M
DPTR FM NORMAL     0    LOWEST  SLP 29.47 ON 12

[REMARKS]




U.S. Dept. of Commerce
NOAA National Weather Service
1325 East West Highway
Silver Spring, MD 20910
E-mail: w-nws.webmaster@noaa.gov
Page last modified: May 16, 2007
NATIONAL WEATHER SERVICE: for Safety, for Work, for Fun - FOR LIFE