487
CXUS55 KBOU 011220 RRA
CF6AKO

PRELIMINARY LOCAL CLIMATOLOGICAL DATA (WS FORM: F-6)

                                          STATION:   AKRON CO
                                          MONTH:     NOVEMBER
                                          YEAR:      2014
                                          LATITUDE:   40 10 N
                                          LONGITUDE: 103 13 W

  TEMPERATURE IN F:       :PCPN:    SNOW:  WIND      :SUNSHINE: SKY     :PK WND
================================================================================
1   2   3   4   5  6A  6B    7    8   9   10  11  12  13   14  15   16   17  18
                                     12Z  AVG MX 2MIN
DY MAX MIN AVG DEP HDD CDD  WTR  SNW DPTH SPD SPD DIR MIN PSBL S-S WX    SPD DR
================================================================================

 1  65  25  45   1  20   0 0.00    M    M  8.9 22 210   M    M   0        28 210
 2  66  42  54  10  11   0 0.00    M    M  9.3 20 230   M    M   0        24 220
 3  45  31  38  -6  27   0 0.19    M    M 13.7 26 330   M    M   5 1      33  10
 4  57  29  43   0  22   0 0.00    M    M 11.1 21 230   M    M   0        25 210
 5  61  33  47   4  18   0 0.00    M    M 11.0 28 330   M    M   0        33 340
 6  64  33  49   7  16   0 0.00    M    M 10.1 18 230   M    M   0        24 210
 7  68  41  55  13  10   0 0.02    M    M 17.0 41 350   M    M   2        50 350
 8  64  32  48   7  17   0 0.00    M    M 12.6 21 210   M    M   0        25 210
 9  74  36  55  14  10   0 0.00    M    M 10.7 18 250   M    M   0        22 250
10  53  13  33  -7  32   0    T    M    M 20.3 40 350   M    M   5 1      48 350
11  17   3  10 -30  55   0    T    M    M 10.2 17  10   M    M  10 1      22 350
12   8 -10  -1 -40  66   0    T    M    M 13.0 20 340   M    M   8 1      24 350
13  16 -10   3 -36  62   0 0.00    M    M 11.1 20 170   M    M   3        25 170
14  34   5  20 -18  45   0 0.00    M    M 12.7 22 150   M    M   2        26 140
15  19   2  11 -27  54   0    T    M    M 14.8 31 350   M    M   7 1      37 360
16  33  -1  16 -21  49   0 0.00    M    M 15.1 33 320   M    M   1        40 310
17  35   7  21 -16  44   0 0.00    M    M 11.7 25 340   M    M   0        34 360
18  51  13  32  -4  33   0 0.00    M    M 12.2 21 280   M    M   0        28 280
19  47  19  33  -3  32   0 0.00    M    M  7.3 15 360   M    M   3        18 360
20  55  20  38   3  27   0 0.00    M    M  9.8 15 150   M    M   1        18 160
21  58  26  42   7  23   0 0.00    M    M  9.3 16 220   M    M   3        21  20
22  63  37  50  16  15   0 0.00    M    M 10.4 22 230   M    M   1        28 220
23  46  20  33  -1  32   0 0.00    M    M 20.4 36 340   M    M   3        42 340
24  44  19  32  -1  33   0    T    M    M 18.4 38 340   M    M   3        49 340
25  47  18  33   0  32   0 0.05    M    M 13.0 25  10   M    M   6 1      31 360
26  31  21  26  -7  39   0 0.09    M    M  9.8 20 320   M    M   7 1      25 320
27  54  21  38   6  27   0 0.00    M    M 12.4 21 250   M    M   0        24 240
28  67  38  53  21  12   0 0.00    M    M 10.7 18 230   M    M   0        22 230
29  68  41  55  24  10   0 0.00    M    M 13.1 22 240   M    M   0        27 240
30  44  13  29  -2  36   0    T    M    M 10.9 20  30   M    M   6 12     24  40
================================================================================
SM 1454  617       909   0  0.35    M    371.0          M       76
================================================================================
AV 48.5 20.6                              12.4 FASTST   M    M   3    MAX(MPH)
                                 MISC ---->  # 41 350               # 50  350
================================================================================
NOTES:
# LAST OF SEVERAL OCCURRENCES

COLUMN 17 PEAK WIND IN M.P.H.

PRELIMINARY LOCAL CLIMATOLOGICAL DATA (WS FORM: F-6) , PAGE 2

                                          STATION:  AKRON CO
                                          MONTH:    NOVEMBER
                                          YEAR:     2014
                                          LATITUDE:   40 10 N
                                          LONGITUDE: 103 13 W

[TEMPERATURE DATA]      [PRECIPITATION DATA]       SYMBOLS USED IN COLUMN 16

AVERAGE MONTHLY: 34.5   TOTAL FOR MONTH:   0.35    1 = FOG OR MIST
DPTR FM NORMAL:  -3.1   DPTR FM NORMAL:   -0.23    2 = FOG REDUCING VISIBILITY
HIGHEST:    74 ON  9    GRTST 24HR  0.19 ON  3- 3      TO 1/4 MILE OR LESS
LOWEST:    -10 ON 13,12                            3 = THUNDER
                        SNOW, ICE PELLETS, HAIL    4 = ICE PELLETS
                        TOTAL MONTH:    M          5 = HAIL
                        GRTST 24HR    M  ON   M    6 = FREEZING RAIN OR DRIZZLE
                        GRTST DEPTH:  M  ON   M    7 = DUSTSTORM OR SANDSTORM:
                                                       VSBY 1/2 MILE OR LESS
                                                   8 = SMOKE OR HAZE
[NO. OF DAYS WITH]      [WEATHER - DAYS WITH]      9 = BLOWING SNOW
                                                   X = TORNADO
MAX 32 OR BELOW:   5    0.01 INCH OR MORE:   4
MAX 90 OR ABOVE:   0    0.10 INCH OR MORE:   1
MIN 32 OR BELOW:  22    0.50 INCH OR MORE:   0
MIN  0 OR BELOW:   3    1.00 INCH OR MORE:   0

[HDD (BASE 65) ]
TOTAL THIS MO.   909    CLEAR  (SCALE 0-3)  21
DPTR FM NORMAL    87    PTCLDY (SCALE 4-7)   8
TOTAL FM JUL 1  1359    CLOUDY (SCALE 8-10)  1
DPTR FM NORMAL   -84

[CDD (BASE 65) ]
TOTAL THIS MO.     0
DPTR FM NORMAL     0    [PRESSURE DATA]
TOTAL FM JAN 1   696    HIGHEST SLP M ON M
DPTR FM NORMAL   -60    LOWEST  SLP 29.28 ON 10

[REMARKS]
#FINAL-11-14#




U.S. Dept. of Commerce
NOAA National Weather Service
1325 East West Highway
Silver Spring, MD 20910
E-mail: w-nws.webmaster@noaa.gov
Page last modified: May 16, 2007
NATIONAL WEATHER SERVICE: for Safety, for Work, for Fun - FOR LIFE