114
CXUS55 KBOU 011109 RRA
CF6AKO

PRELIMINARY LOCAL CLIMATOLOGICAL DATA (WS FORM: F-6)

                                          STATION:   AKRON CO
                                          MONTH:     AUGUST
                                          YEAR:      2014
                                          LATITUDE:   40 10 N
                                          LONGITUDE: 103 13 W

  TEMPERATURE IN F:       :PCPN:    SNOW:  WIND      :SUNSHINE: SKY     :PK WND
================================================================================
1   2   3   4   5  6A  6B    7    8   9   10  11  12  13   14  15   16   17  18
                                     12Z  AVG MX 2MIN
DY MAX MIN AVG DEP HDD CDD  WTR  SNW DPTH SPD SPD DIR MIN PSBL S-S WX    SPD DR
================================================================================

 1  84  58  71  -3   0   6    T    M    M  7.6 13 160   M    M   1        17 150
 2  87  60  74   0   0   9 0.00    M    M  9.9 17 190   M    M   2        28 190
 3  89  63  76   2   0  11 0.00    M    M 11.8 23 180   M    M   0        29 150
 4  90  64  77   3   0  12 0.00    M    M 12.3 23 180   M    M   0        27 200
 5  84  62  73  -1   0   8 0.05    M    M  9.5 17 300   M    M   1 3      24 300
 6  86  60  73  -1   0   8 0.03    M    M 11.1 30 330   M    M   2 3      36 330
 7  84  59  72  -1   0   7 0.26    M    M  8.2 51 280   M    M   1 138    65 270
 8  86  56  71  -2   0   6    T    M    M  7.3 32 200   M    M   0 3      48 190
 9  88  58  73   0   0   8    T    M    M  9.8 33 330   M    M   1 3      44 340
10  82  53  68  -5   0   3 0.00    M    M  8.1 16  70   M    M   0        23 300
11  86  56  71  -2   0   6 0.00    M    M  7.8 18  70   M    M   2        23  70
12  90  53  72  -1   0   7 0.00    M    M  9.7 17 270   M    M   0        25 190
13  94  63  79   6   0  14 0.00    M    M 11.9 23 130   M    M   0        30 160
14  92  59  76   3   0  11 0.66    M    M  8.6 37 250   M    M   2 13     44 250
15  86  61  74   2   0   9    T    M    M 10.3 28 280   M    M   1 3      40 290
16  90  61  76   4   0  11 0.00    M    M 11.2 24 320   M    M   0        31 300
17  95  61  78   6   0  13 0.00    M    M 11.6 24 250   M    M   0        31 270
18  92  56  74   2   0   9    T    M    M 10.4 37 360   M    M   0        49  10
19  92  56  74   2   0   9 0.15    M    M  8.4 36 190   M    M   0 3      55 170
20  88  63  76   4   0  11 0.10    M    M  9.0 32 240   M    M   1 3      56 270
21  87  62  75   3   0  10 0.05    M    M  9.6 23 300   M    M   2 3      30 300
22  76  60  68  -3   0   3 1.55    M    M 11.4 28  20   M    M   8 13     34  20
23  80  57  69  -2   0   4 0.25    M    M  7.0 32 330   M    M   6 13     43 300
24  82  54  68  -3   0   3    T    M    M  8.3 24 180   M    M   1 3      29 150
25  78  53  66  -5   0   1 0.16    M    M 10.1 26 260   M    M   2 3      31 260
26  78  59  69  -1   0   4 0.28    M    M 10.6 29 160   M    M   3 13     36 160
27  79  56  68  -2   0   3 1.24    M    M 11.1 39 270   M    M   7 138    49 270
28  72  54  63  -7   2   0 0.03    M    M 11.7 25 330   M    M   2 3      31 320
29  81  53  67  -3   0   2 0.00    M    M  9.3 20 280   M    M   0        32 280
30  86  56  71   1   0   6    T    M    M 10.1 37 290   M    M   1        49 290
31  76  51  64  -5   1   0    T    M    M 10.8 31 330   M    M   1 3      35 320
================================================================================
SM 2640 1797         3 214  4.81    M    304.5          M       47
================================================================================
AV 85.2 58.0                               9.8 FASTST   M    M   2    MAX(MPH)
                                 MISC ---->  # 51 280               # 65  270
================================================================================
NOTES:
# LAST OF SEVERAL OCCURRENCES

COLUMN 17 PEAK WIND IN M.P.H.

PRELIMINARY LOCAL CLIMATOLOGICAL DATA (WS FORM: F-6) , PAGE 2

                                          STATION:  AKRON CO
                                          MONTH:    AUGUST
                                          YEAR:     2014
                                          LATITUDE:   40 10 N
                                          LONGITUDE: 103 13 W

[TEMPERATURE DATA]      [PRECIPITATION DATA]       SYMBOLS USED IN COLUMN 16

AVERAGE MONTHLY: 71.6   TOTAL FOR MONTH:   4.81    1 = FOG OR MIST
DPTR FM NORMAL:  -0.5   DPTR FM NORMAL:    2.51    2 = FOG REDUCING VISIBILITY
HIGHEST:    95 ON 17    GRTST 24HR  1.55 ON 22-22      TO 1/4 MILE OR LESS
LOWEST:     51 ON 31                               3 = THUNDER
                        SNOW, ICE PELLETS, HAIL    4 = ICE PELLETS
                        TOTAL MONTH:    M          5 = HAIL
                        GRTST 24HR    M  ON   M    6 = FREEZING RAIN OR DRIZZLE
                        GRTST DEPTH:  M  ON   M    7 = DUSTSTORM OR SANDSTORM:
                                                       VSBY 1/2 MILE OR LESS
                                                   8 = SMOKE OR HAZE
[NO. OF DAYS WITH]      [WEATHER - DAYS WITH]      9 = BLOWING SNOW
                                                   X = TORNADO
MAX 32 OR BELOW:   0    0.01 INCH OR MORE:  13
MAX 90 OR ABOVE:   8    0.10 INCH OR MORE:   9
MIN 32 OR BELOW:   0    0.50 INCH OR MORE:   3
MIN  0 OR BELOW:   0    1.00 INCH OR MORE:   2

[HDD (BASE 65) ]
TOTAL THIS MO.     3    CLEAR  (SCALE 0-3)  27
DPTR FM NORMAL   -10    PTCLDY (SCALE 4-7)   4
TOTAL FM JUL 1    18    CLOUDY (SCALE 8-10)  0
DPTR FM NORMAL    -2

[CDD (BASE 65) ]
TOTAL THIS MO.   214
DPTR FM NORMAL   -19    [PRESSURE DATA]
TOTAL FM JAN 1   614    HIGHEST SLP M ON M
DPTR FM NORMAL   -60    LOWEST  SLP 29.62 ON 20

[REMARKS]
FINAL-#08-14#




U.S. Dept. of Commerce
NOAA National Weather Service
1325 East West Highway
Silver Spring, MD 20910
E-mail: w-nws.webmaster@noaa.gov
Page last modified: May 16, 2007
NATIONAL WEATHER SERVICE: for Safety, for Work, for Fun - FOR LIFE