853
CXUS55 KBOU 291105
CF6AKO
PRELIMINARY LOCAL CLIMATOLOGICAL DATA (WS FORM: F-6)

                                          STATION:   AKRON CO
                                          MONTH:     JULY
                                          YEAR:      2014
                                          LATITUDE:   40 10 N
                                          LONGITUDE: 103 13 W

  TEMPERATURE IN F:       :PCPN:    SNOW:  WIND      :SUNSHINE: SKY     :PK WND
================================================================================
1   2   3   4   5  6A  6B    7    8   9   10  11  12  13   14  15   16   17  18
                                     12Z  AVG MX 2MIN
DY MAX MIN AVG DEP HDD CDD  WTR  SNW DPTH SPD SPD DIR MIN PSBL S-S WX    SPD DR
================================================================================

 1  77  55  66  -6   0   1 0.00    M    M 11.1 20 350   M    M   7 8      25 330
 2  77  54  66  -7   0   1 0.00    M    M 10.6 22 170   M    M   5        27 160
 3  88  56  72  -1   0   7 0.00    M    M 12.3 23 190   M    M   0        29 160
 4  93  61  77   4   0  12 0.04    M    M 10.4 25 160   M    M   1 3      33 150
 5  94  61  78   5   0  13 0.00    M    M 10.6 18 300   M    M   0        26 290
 6  95  67  81   8   0  16 0.00    M    M 12.1 22  60   M    M   0        25  60
 7  94  60  77   3   0  12 0.47    M    M 13.6 26 230   M    M   1 13     33 240
 8  78  60  69  -5   0   4 0.02    M    M  8.3 15 130   M    M   5 1      25 190
 9  91  60  76   2   0  11 0.07    M    M 15.5 39 290   M    M   0 3      50 330
10  93  60  77   3   0  12 0.00    M    M 14.2 23 160   M    M   0        28 210
11  91  63  77   3   0  12 0.08    M    M 10.9 36 340   M    M   3 13     44 340
12  83  62  73  -1   0   8 0.00    M    M  9.2 21 350   M    M   5 12     25 350
13  83  60  72  -2   0   7 0.34    M    M  6.9 33 220   M    M   3 13     45 220
14  80  58  69  -5   0   4 0.00    M    M 11.7 21  40   M    M   2        26  60
15  69  53  61 -13   4   0 0.03    M    M 16.1 28 140   M    M   5 1      35 160
16  66  55  61 -13   4   0 0.07    M    M  8.7 21  90   M    M  10 1      25  80
17  71  55  63 -12   2   0    T    M    M  6.9 15 150   M    M   6 1      24 180
18  89  55  72  -3   0   7    T    M    M 10.9 33 320   M    M   0 13     54 310
19  93  63  78   3   0  13 0.00    M    M 11.1 21 220   M    M   0        29 220
20  99  67  83   8   0  18 0.00    M    M 13.1 26 280   M    M   0        34 290
21  98  67  83   8   0  18 0.00    M    M  9.4 21 340   M    M   0        25 200
22  92  68  80   5   0  15 0.00    M    M 13.4 25  20   M    M   0        30  30
23  92  66  79   5   0  14    T    M    M 18.5 30 150   M    M   4 1      40 160
24 101  68  85  11   0  20 0.00    M    M 12.4 29 320   M    M   0        37 320
25  95  68  82   8   0  17 0.00    M    M  9.3 23 300   M    M   0        29 270
26  92  65  79   5   0  14 0.00    M    M 10.1 21 330   M    M   0        30 310
27  86  61  74   0   0   9 0.00    M    M 12.0 21 160   M    M   2 1      27 160
28  88  58  73  -1   0   8 0.00    M    M 10.9 24 170   M    M   3 3      28 200
================================================================================
SM 2448 1706        10 273  1.12    M    320.2          M       62
================================================================================
AV 87.4 60.9                              11.4 FASTST   M    M   2    MAX(MPH)
                                 MISC ---->  # 39 290               # 54  310
================================================================================
NOTES:
# LAST OF SEVERAL OCCURRENCES

COLUMN 17 PEAK WIND IN M.P.H.

PRELIMINARY LOCAL CLIMATOLOGICAL DATA (WS FORM: F-6) , PAGE 2

                                          STATION:  AKRON CO
                                          MONTH:    JULY
                                          YEAR:     2014
                                          LATITUDE:   40 10 N
                                          LONGITUDE: 103 13 W

[TEMPERATURE DATA]      [PRECIPITATION DATA]       SYMBOLS USED IN COLUMN 16

AVERAGE MONTHLY: 74.2   TOTAL FOR MONTH:   1.12    1 = FOG OR MIST
DPTR FM NORMAL:   0.2   DPTR FM NORMAL:   -1.17    2 = FOG REDUCING VISIBILITY
HIGHEST:   101 ON 24    GRTST 24HR  0.49 ON  7- 8      TO 1/4 MILE OR LESS
LOWEST:     53 ON 15                               3 = THUNDER
                        SNOW, ICE PELLETS, HAIL    4 = ICE PELLETS
                        TOTAL MONTH:    M          5 = HAIL
                        GRTST 24HR    M  ON   M    6 = FREEZING RAIN OR DRIZZLE
                        GRTST DEPTH:  M  ON   M    7 = DUSTSTORM OR SANDSTORM:
                                                       VSBY 1/2 MILE OR LESS
                                                   8 = SMOKE OR HAZE
[NO. OF DAYS WITH]      [WEATHER - DAYS WITH]      9 = BLOWING SNOW
                                                   X = TORNADO
MAX 32 OR BELOW:   0    0.01 INCH OR MORE:   8
MAX 90 OR ABOVE:  15    0.10 INCH OR MORE:   2
MIN 32 OR BELOW:   0    0.50 INCH OR MORE:   0
MIN  0 OR BELOW:   0    1.00 INCH OR MORE:   0

[HDD (BASE 65) ]
TOTAL THIS MO.    10    CLEAR  (SCALE 0-3)  20
DPTR FM NORMAL    10    PTCLDY (SCALE 4-7)   7
TOTAL FM JUL 1    10    CLOUDY (SCALE 8-10)  1
DPTR FM NORMAL    10

[CDD (BASE 65) ]
TOTAL THIS MO.   273
DPTR FM NORMAL     9    [PRESSURE DATA]
TOTAL FM JAN 1   387    HIGHEST SLP M ON M
DPTR FM NORMAL   -30    LOWEST  SLP 29.68 ON 10

[REMARKS]




U.S. Dept. of Commerce
NOAA National Weather Service
1325 East West Highway
Silver Spring, MD 20910
E-mail: w-nws.webmaster@noaa.gov
Page last modified: May 16, 2007
NATIONAL WEATHER SERVICE: for Safety, for Work, for Fun - FOR LIFE