972
CXUS55 KBOU 241857
CF6AKO
PRELIMINARY LOCAL CLIMATOLOGICAL DATA (WS FORM: F-6)

                                          STATION:   AKRON CO
                                          MONTH:     JANUARY
                                          YEAR:      2015
                                          LATITUDE:   40 10 N
                                          LONGITUDE: 103 13 W

  TEMPERATURE IN F:       :PCPN:    SNOW:  WIND      :SUNSHINE: SKY     :PK WND
================================================================================
1   2   3   4   5  6A  6B    7    8   9   10  11  12  13   14  15   16   17  18
                                     12Z  AVG MX 2MIN
DY MAX MIN AVG DEP HDD CDD  WTR  SNW DPTH SPD SPD DIR MIN PSBL S-S WX    SPD DR
================================================================================

 1  19   0  10 -18  55   0 0.00    M    M 14.4 22 270   M    M   5 1      26 280
 2  26   9  18 -10  47   0 0.00    M    M 10.6 18 230   M    M   3 12     30 310
 3  24  -6   9 -19  56   0 0.03    M    M 19.1 38 360   M    M   5 129    44  10
 4  20  -8   6 -22  59   0 0.00    M    M  8.1 15  60   M    M   1        17  60
 5  40  -5  18 -10  47   0 0.00    M    M 10.4 21 260   M    M   0        24 260
 6  38  11  25  -3  40   0    T    M    M 13.1 33  30   M    M   2 1      37  30
 7  20   8  14 -14  51   0    T    M    M 12.3 24 250   M    M   7 1      29 230
 8  40  16  28   0  37   0    T    M    M 18.1 40 360   M    M   4 1      47  10
 9  27   6  17 -11  48   0    T    M    M  9.7 20 340   M    M   4 1      24 350
10  44   9  27  -1  38   0 0.00    M    M 11.2 21 270   M    M   1 128    26 280
11  41  17  29   0  36   0    T    M    M 13.8 23  10   M    M   5 18     27 280
12  23  16  20  -9  45   0    T    M    M 14.1 25 150   M    M  10 1      31 150
13  26  16  21  -8  44   0 0.00    M    M 11.3 23 170   M    M   8 1      28 170
14  33  13  23  -6  42   0 0.00    M    M  8.9 20 280   M    M   1        22 280
15  40  20  30   1  35   0 0.00    M    M 12.9 20 290   M    M   0 1      22 220
16  47  28  38   9  27   0 0.00    M    M 12.8 28 320   M    M   0        37 320
17  45  27  36   7  29   0 0.00    M    M 15.7 38 310   M    M   0        50 310
18  55  29  42  13  23   0 0.00    M    M  9.2 18 230   M    M   1        22 220
19  48  32  40  11  25   0    T    M    M  8.3 22 320   M    M   1        29 320
20  39  22  31   2  34   0 0.13    M    M  5.8 14 270   M    M   6 12     16 280
21  33  16  25  -4  40   0 0.00    M    M  7.4 14  10   M    M   7        17 340
22  36  14  25  -4  40   0 0.00    M    M 10.6 15 250   M    M   0        17 230
23  44  18  31   2  34   0 0.00    M    M 14.1 26 350   M    M   3        32 360
================================================================================
SM  808  308       932   0  0.16    M    271.9          M       74
================================================================================
AV 35.1 13.4                              11.8 FASTST   M    M   3    MAX(MPH)
                                 MISC ---->  # 40 360               # 50  310
================================================================================
NOTES:
# LAST OF SEVERAL OCCURRENCES

COLUMN 17 PEAK WIND IN M.P.H.

PRELIMINARY LOCAL CLIMATOLOGICAL DATA (WS FORM: F-6) , PAGE 2

                                          STATION:  AKRON CO
                                          MONTH:    JANUARY
                                          YEAR:     2015
                                          LATITUDE:   40 10 N
                                          LONGITUDE: 103 13 W

[TEMPERATURE DATA]      [PRECIPITATION DATA]       SYMBOLS USED IN COLUMN 16

AVERAGE MONTHLY: 24.3   TOTAL FOR MONTH:   0.16    1 = FOG OR MIST
DPTR FM NORMAL:  -4.3   DPTR FM NORMAL:   -0.04    2 = FOG REDUCING VISIBILITY
HIGHEST:    55 ON 18    GRTST 24HR  0.13 ON 20-20      TO 1/4 MILE OR LESS
LOWEST:     -8 ON  4                               3 = THUNDER
                        SNOW, ICE PELLETS, HAIL    4 = ICE PELLETS
                        TOTAL MONTH:    M          5 = HAIL
                        GRTST 24HR    M  ON   M    6 = FREEZING RAIN OR DRIZZLE
                        GRTST DEPTH:  M  ON   M    7 = DUSTSTORM OR SANDSTORM:
                                                       VSBY 1/2 MILE OR LESS
                                                   8 = SMOKE OR HAZE
[NO. OF DAYS WITH]      [WEATHER - DAYS WITH]      9 = BLOWING SNOW
                                                   X = TORNADO
MAX 32 OR BELOW:   8    0.01 INCH OR MORE:   2
MAX 90 OR ABOVE:   0    0.10 INCH OR MORE:   1
MIN 32 OR BELOW:  23    0.50 INCH OR MORE:   0
MIN  0 OR BELOW:   4    1.00 INCH OR MORE:   0

[HDD (BASE 65) ]
TOTAL THIS MO.   932    CLEAR  (SCALE 0-3)  13
DPTR FM NORMAL    95    PTCLDY (SCALE 4-7)   8
TOTAL FM JUL 1  3422    CLOUDY (SCALE 8-10)  2
DPTR FM NORMAL     5

[CDD (BASE 65) ]
TOTAL THIS MO.     0
DPTR FM NORMAL     0    [PRESSURE DATA]
TOTAL FM JAN 1     0    HIGHEST SLP M ON M
DPTR FM NORMAL     0    LOWEST  SLP 29.74 ON 16

[REMARKS]




U.S. Dept. of Commerce
NOAA National Weather Service
1325 East West Highway
Silver Spring, MD 20910
E-mail: w-nws.webmaster@noaa.gov
Page last modified: May 16, 2007
NATIONAL WEATHER SERVICE: for Safety, for Work, for Fun - FOR LIFE