675
CXAK56 PAKN 231023
CF6AKN

PRELIMINARY LOCAL CLIMATOLOGICAL DATA (WS FORM: F-6)

                                          STATION:   KING SALMON
                                          MONTH:     11
                                          YEAR:      2014
                                          LATITUDE:   58 41 N
                                          LONGITUDE: 156 39 W

  TEMPERATURE IN F:       :PCPN:    SNOW:  WIND      :SUNSHINE: SKY     :PK WND
================================================================================
1   2   3   4   5  6A  6B    7     8   9   10  11  12  13   14  15   16  17  18
                                      12Z  AVG MX 2MIN
DY MAX MIN AVG DEP HDD CDD  WTR   SNW DPTH SPD SPD DIR MIN PSBL S-S WX   SPD DR
================================================================================

 1  45  34  40  13  25   0     T  0.0   0  7.1 16  110   M    M   M       21 110
 2  35  21  28   2  37   0     T    T   T  7.4 16  360   M    M   M 1     18 360
 3  34  19  27   1  38   0  0.00  0.0   0  9.9 14  360   M    M   M 1     18 350
 4  23  10  17  -9  48   0  0.00  0.0   0  9.5 18  350   M    M   M 1     24 340
 5  28  14  21  -4  44   0  0.00  0.0   0  7.5 15   10   M    M   M 12    18  10
 6  39  11  25   0  40   0  0.00  0.0   0  8.8 20   30   M    M   M       28  30
 7  47  31  39  14  26   0  0.06  0.0   0  7.9 23   20   M    M   M       32  30
 8  45  32  39  15  26   0  0.10  0.0   0 11.9 32  140   M    M   M 12    42 140
 9  46  36  41  17  24   0  0.16  0.0   0 16.3 33  140   M    M   M 1     44 140
10  47  39  43  19  22   0  0.00  0.0   0 16.3 29  150   M    M   M       37 130
11  48  38  43  19  22   0  0.58  0.0   0  9.3 26  100   M    M   M 1     35 110
12  50  45  48  25  17   0  0.59  0.0   0 17.6 33  100   M    M   M 1     45 100
13  51  44  48  25  17   0  0.00  0.0   0 25.4 38   90   M    M   M       50  90
14  50  43  47  24  18   0     T  0.0   0 22.3 32  100   M    M   M       46  80
15  50  45  48  25  17   0  0.00  0.0   0 22.9 38  100   M    M   M       52  90
16  50  40  45  22  20   0  0.03  0.0   0 14.3 32   90   M    M   M       43  90
17  48  35  42  20  23   0  0.09  0.0   0  9.9 26   90   M    M   M       37 100
18  49  38  44  22  21   0  0.31  0.0   0 13.1 38   90   M    M   M       50  70
19  44  38  41  19  24   0  0.01  0.0   0 14.2 23   90   M    M   M       29 100
20  50  39  45  23  20   0     T  0.0   0 19.8 35   80   M    M   M       46  80
21  46  34  40  18  25   0  0.00  0.0   0 11.9 28   80   M    M   M       40  90
22  43  26  35  14  30   0  0.01  0.0   0  4.0 12   80   M    M   M 16    15  90
================================================================================
SM  968  712       584   0  1.94     T    287.3           M        M
================================================================================
AV 44.0 32.4                             13.1 FASTST  PSBL  %   M    MAX(MPH)
                                 MISC ---->  #  38   90                 52  90
================================================================================
NOTES:
# LAST OF SEVERAL OCCURRENCES

COLUMN 17 PEAK WIND IN M.P.H.

PRELIMINARY LOCAL CLIMATOLOGICAL DATA (WS FORM: F-6) , PAGE 2

                                          STATION:   KING SALMON
                                          MONTH:     11
                                          YEAR:      2014
                                          LATITUDE:  58 41 N
                                          LONGITUDE: 156 39 W

[TEMPERATURE DATA]      [PRECIPITATION DATA]       SYMBOLS USED IN COLUMN 16

AVERAGE MONTHLY:38.2   TOTAL FOR MONTH: 1.94       1 = FOG
DPTR FM NORMAL: 14.5   DPTR FM NORMAL: 0.90       2 = FOG REDUCING VISIBILITY
HIGHEST:    51 ON 13    GRTST 24HR   0.59 ON 12        TO 1/4 MILE OR LESS
LOWEST:     10 ON  4                               3 = THUNDER
                        SNOW, ICE PELLETS, HAIL    4 = ICE PELLETS
                        TOTAL MONTH:     T         5 = HAIL
                        GRTST 24HR     T ON  2     6 = GLAZE OR RIME
                        GRTST DEPTH:   T ON  2    7 = BLOWING DUST OR SAND:
                                                       VSBY 1/2 MILE OR LESS
                                                   8 = SMOKE OR HAZE
[NO. OF DAYS WITH]      [WEATHER - DAYS WITH]      9 = BLOWING SNOW
                                                   X = TORNADO
MAX 32 OR BELOW:   2    0.01 INCH OR MORE:  10
MAX 70 OR ABOVE:   0    0.10 INCH OR MORE:   5
MIN 32 OR BELOW:   8    0.50 INCH OR MORE:   2
MIN  0 OR BELOW:   0    1.00 INCH OR MORE:   0

[HDD (BASE 65) ]
TOTAL THIS MO.   584    CLEAR  (SCALE 0-3)   M
DPTR FM NORMAL  -325    PTCLDY (SCALE 4-7)   M
SEASONAL TOTAL  2488    CLOUDY (SCALE 8-10)  M
DPTR FM NORMAL  -533

[CDD (BASE 65) ]
TOTAL THIS MO.     0
DPTR FM NORMAL     0    [PRESSURE DATA]
SEASONAL TOTAL     0    HIGHEST SLP     M
DPTR FM NORMAL     0    LOWEST  SLP     M

[REMARKS]






U.S. Dept. of Commerce
NOAA National Weather Service
1325 East West Highway
Silver Spring, MD 20910
E-mail: w-nws.webmaster@noaa.gov
Page last modified: May 16, 2007
NATIONAL WEATHER SERVICE: for Safety, for Work, for Fun - FOR LIFE