930
CXUS56 KSGX 011445
CF6AJO
PRELIMINARY LOCAL CLIMATOLOGICAL DATA (WS FORM: F-6)

                                          STATION:   CORONA AIRPORT CA
                                          MONTH:     NOVEMBER
                                          YEAR:      2014
                                          LATITUDE:   33 53 N
                                          LONGITUDE: 117 36 W

  TEMPERATURE IN F:       :PCPN:    SNOW:  WIND      :SUNSHINE: SKY     :PK WND
================================================================================
1   2   3   4   5  6A  6B    7    8   9   10  11  12  13   14  15   16   17  18
                                     12Z  AVG MX 2MIN
DY MAX MIN AVG DEP HDD CDD  WTR  SNW DPTH SPD SPD DIR MIN PSBL S-S WX    SPD DR
================================================================================

 1  65  45  55   M  10   0 0.25    M    0  3.5 10 260   M    M   4 1      20 250
 2  68  38  53   M  12   0 0.00  0.0    0  2.2 12 290   M    M   0 1       M  M
 3  75  38  57   M   8   0 0.00  0.0    0  4.1 15  80   M    M   0        27  30
 4  83  46  65   M   0   0 0.00    M    0  8.2 18  60   M    M   0        30  50
 5  91  51  71   M   0   6 0.00  0.0    0  8.2 15  50   M    M   0        31 130
 6  91  40  66   M   0   1 0.00  0.0    0  1.2  8 120   M    M   0         M  M
 7  91  42  67   M   0   2 0.00  0.0    0  0.3  8 270   M    M   0         M  M
 8  90  39  65   M   0   0 0.00  0.0    0  0.6 10 280   M    M   0         M  M
 9  83  40  62   M   3   0 0.00  0.0    0  2.5 10 280   M    M   0 1      17 270
10  72  49  61   M   4   0 0.00  0.0    0  2.1 12 290   M    M   5 18      M  M
11  67  52  60   M   5   0 0.00  0.0    0  0.8  6 300   M    M  10         M  M
12  71  51  61   M   4   0 0.00  0.0    0  2.4 10 260   M    M   8        17 260
13  72  50  61   M   4   0    T  0.0    0  0.9  9 270   M    M   6         M  M
14  73  55  64   M   1   0 0.00  0.0    0  1.1 10 260   M    M   7         M  M
15  73  49  61   M   4   0 0.00  0.0    0  2.7 13 280   M    M   4        18 260
16  73  52  63   M   2   0 0.00  0.0    0 11.4 25  60   M    M   1 8      46  60
17  78  57  68   M   0   3 0.00  0.0    0 11.1 16 130   M    M   0        24 130
18  80  39  60   M   5   0 0.00  0.0    0  5.5 12 100   M    M   0        16 130
19  74  36  55   M  10   0 0.00  0.0    0  1.9  9 280   M    M   1         M  M
20  69  35  52   M  13   0 0.00  0.0    0  1.3  8 280   M    M   1         M  M
21  71  43  57   M   8   0    T  0.0    0  1.0 10 260   M    M   2        16 260
22  73  37  55   M  10   0 0.00  0.0    0  1.9 12 300   M    M   0        18 280
23  79  40  60   M   5   0 0.00  0.0    0  8.5 25  50   M    M   0        37  50
24  79  43  61   M   4   0 0.00  0.0    0 10.1 25  40   M    M   0        35  20
25  82  38  60   M   5   0 0.00    M    0  3.0 10 130   M    M   0         M  M
26  92  32  62   M   3   0 0.00  0.0    0  0.4  6 110   M    M   0         M  M
27  89  34  62   M   3   0 0.00  0.0    0  0.4  6 260   M    M   0         M  M
28  83  33  58   M   7   0 0.00  0.0    0  0.7  8 280   M    M   0         M  M
29  77  32  55   M  10   0 0.00  0.0    0  1.3  9 260   M    M   0 1       M  M
30  63  40  52   M  13   0 0.02    M    0  0.0  0   0   M    M   7 18      M  M
================================================================================
SM 2327 1276       153  12  0.27     0.0  99.3          M       56
================================================================================
AV 77.6 42.5                               3.3 FASTST   M    M   2    MAX(MPH)
                                 MISC ---->    25   M               # 46   60
================================================================================
NOTES:
# LAST OF SEVERAL OCCURRENCES

COLUMN 17 PEAK WIND IN M.P.H.

PRELIMINARY LOCAL CLIMATOLOGICAL DATA (WS FORM: F-6) , PAGE 2

                                          STATION:  CORONA AIRPORT CA
                                          MONTH:    NOVEMBER
                                          YEAR:     2014
                                          LATITUDE:   33 53 N
                                          LONGITUDE: 117 36 W

[TEMPERATURE DATA]      [PRECIPITATION DATA]       SYMBOLS USED IN COLUMN 16

AVERAGE MONTHLY: 60.0   TOTAL FOR MONTH:   0.27    1 = FOG OR MIST
DPTR FM NORMAL:     M   DPTR FM NORMAL:       M    2 = FOG REDUCING VISIBILITY
HIGHEST:    92 ON 26    GRTST 24HR  0.25 ON  1- 1      TO 1/4 MILE OR LESS
LOWEST:     32 ON 29,26                            3 = THUNDER
                        SNOW, ICE PELLETS, HAIL    4 = ICE PELLETS
                        TOTAL MONTH:   0.0 INCH    5 = HAIL
                        GRTST 24HR     0.0         6 = FREEZING RAIN OR DRIZZLE
                        GRTST DEPTH:   0           7 = DUSTSTORM OR SANDSTORM:
                                                       VSBY 1/2 MILE OR LESS
                                                   8 = SMOKE OR HAZE
[NO. OF DAYS WITH]      [WEATHER - DAYS WITH]      9 = BLOWING SNOW
                                                   X = TORNADO
MAX 32 OR BELOW:   0    0.01 INCH OR MORE:   2
MAX 90 OR ABOVE:   5    0.10 INCH OR MORE:   1
MIN 32 OR BELOW:   2    0.50 INCH OR MORE:   0
MIN  0 OR BELOW:   0    1.00 INCH OR MORE:   0

[HDD (BASE 65) ]
TOTAL THIS MO.   153    CLEAR  (SCALE 0-3)  22
DPTR FM NORMAL     M    PTCLDY (SCALE 4-7)   7
TOTAL FM JUL 1   168    CLOUDY (SCALE 8-10)  1
DPTR FM NORMAL     M

[CDD (BASE 65) ]
TOTAL THIS MO.    12
DPTR FM NORMAL     M    [PRESSURE DATA]
TOTAL FM JAN 1  1429    HIGHEST SLP M ON M
DPTR FM NORMAL     M    LOWEST  SLP M ON M

[REMARKS]
#FINAL-11-14#




U.S. Dept. of Commerce
NOAA National Weather Service
1325 East West Highway
Silver Spring, MD 20910
E-mail: w-nws.webmaster@noaa.gov
Page last modified: May 16, 2007
NATIONAL WEATHER SERVICE: for Safety, for Work, for Fun - FOR LIFE