328
CXUS56 KSGX 231445
CF6AJO
PRELIMINARY LOCAL CLIMATOLOGICAL DATA (WS FORM: F-6)

                                          STATION:   CORONA AIRPORT CA
                                          MONTH:     APRIL
                                          YEAR:      2014
                                          LATITUDE:   33 53 N
                                          LONGITUDE: 117 36 W

  TEMPERATURE IN F:       :PCPN:    SNOW:  WIND      :SUNSHINE: SKY     :PK WND
================================================================================
1   2   3   4   5  6A  6B    7    8   9   10  11  12  13   14  15   16   17  18
                                     12Z  AVG MX 2MIN
DY MAX MIN AVG DEP HDD CDD  WTR  SNW DPTH SPD SPD DIR MIN PSBL S-S WX    SPD DR
================================================================================

 1  64  50  57   M   8   0    T  0.0    0  9.2 14 230   M    M   4 18     21 240
 2  62  41  52   M  13   0    T  0.0    0  6.2 16 240   M    M   4 1      24 240
 3  70  35  53   M  12   0 0.00  0.0    0  5.3 14 270   M    M   0 8      21 270
 4  66  42  54   M  11   0 0.00    M    0  4.9 14 270   M    M   1 8      22 250
 5  69  38  54   M  11   0 0.00    M    0  4.9 14 260   M    M   1 8      24 260
 6  85  38  62   M   3   0 0.00    M    0  5.4 20  50   M    M   0        31  50
 7  91  41  66   M   0   1 0.00  0.0    0  4.8 15 270   M    M   0 8      21 260
 8  94  43  69   M   0   4 0.00  0.0    0  3.2 10 280   M    M   0         M  M
 9  95  44  70   M   0   5 0.00  0.0    0  3.5 14 280   M    M   0         M  M
10  88  38  63   M   2   0 0.00  0.0    0  3.4 14 260   M    M   1 8       M  M
11  85  49  67   M   0   2 0.00  0.0    0  7.5 16 290   M    M   0 8      24 240
12  71  45  58   M   7   0 0.00  0.0    0  7.0 17 270   M    M   3 8      28 270
13  70  48  59   M   6   0 0.00  0.0    0  6.8 14 270   M    M   4        20 300
14  92  41  67   M   0   2 0.00  0.0    0  4.9 17 120   M    M   0        20 270
15  82  47  65   M   0   0 0.00  0.0    0  6.0 16 270   M    M   0        22 270
16  78  47  63   M   2   0 0.00  0.0    0  5.8 15 290   M    M   1 1      21 290
17  75  49  62   M   3   0 0.00  0.0    0  5.5 15 270   M    M   2 18     21 270
18  73  54  64   M   1   0 0.00  0.0    0  5.8 15 260   M    M   4 8      20 260
19  78  47  63   M   2   0 0.00  0.0    0  5.8 16 280   M    M   0        24 280
20  83  47  65   M   0   0 0.00  0.0    0  5.7 17 270   M    M   0 18     24 280
21  85  51  68   M   0   3 0.00  0.0    0  6.0 16 270   M    M   1 128    23 270
22  74  48  61   M   4   0 0.00  0.0    0  6.1 16 270   M    M   3 8      20 270
================================================================================
SM 1730  983        85  17    T      0.0 123.7          M       29
================================================================================
AV 78.6 44.7                               5.6 FASTST   M    M   1    MAX(MPH)
                                 MISC ---->    20   M                 31    M
================================================================================
NOTES:
# LAST OF SEVERAL OCCURRENCES

COLUMN 17 PEAK WIND IN M.P.H.

PRELIMINARY LOCAL CLIMATOLOGICAL DATA (WS FORM: F-6) , PAGE 2

                                          STATION:  CORONA AIRPORT CA
                                          MONTH:    APRIL
                                          YEAR:     2014
                                          LATITUDE:   33 53 N
                                          LONGITUDE: 117 36 W

[TEMPERATURE DATA]      [PRECIPITATION DATA]       SYMBOLS USED IN COLUMN 16

AVERAGE MONTHLY: 61.7   TOTAL FOR MONTH:      T    1 = FOG OR MIST
DPTR FM NORMAL:     M   DPTR FM NORMAL:       M    2 = FOG REDUCING VISIBILITY
HIGHEST:    95 ON  9    GRTST 24HR    T  ON  2- 2      TO 1/4 MILE OR LESS
LOWEST:     35 ON  3                               3 = THUNDER
                        SNOW, ICE PELLETS, HAIL    4 = ICE PELLETS
                        TOTAL MONTH:   0.0 INCH    5 = HAIL
                        GRTST 24HR     0.0         6 = FREEZING RAIN OR DRIZZLE
                        GRTST DEPTH:   0           7 = DUSTSTORM OR SANDSTORM:
                                                       VSBY 1/2 MILE OR LESS
                                                   8 = SMOKE OR HAZE
[NO. OF DAYS WITH]      [WEATHER - DAYS WITH]      9 = BLOWING SNOW
                                                   X = TORNADO
MAX 32 OR BELOW:   0    0.01 INCH OR MORE:   0
MAX 90 OR ABOVE:   4    0.10 INCH OR MORE:   0
MIN 32 OR BELOW:   0    0.50 INCH OR MORE:   0
MIN  0 OR BELOW:   0    1.00 INCH OR MORE:   0

[HDD (BASE 65) ]
TOTAL THIS MO.    85    CLEAR  (SCALE 0-3)  17
DPTR FM NORMAL     M    PTCLDY (SCALE 4-7)   5
TOTAL FM JUL 1  1468    CLOUDY (SCALE 8-10)  0
DPTR FM NORMAL     M

[CDD (BASE 65) ]
TOTAL THIS MO.    17
DPTR FM NORMAL     M    [PRESSURE DATA]
TOTAL FM JAN 1    61    HIGHEST SLP M ON M
DPTR FM NORMAL     M    LOWEST  SLP M ON M

[REMARKS]




U.S. Dept. of Commerce
NOAA National Weather Service
1325 East West Highway
Silver Spring, MD 20910
E-mail: w-nws.webmaster@noaa.gov
Page last modified: May 16, 2007
NATIONAL WEATHER SERVICE: for Safety, for Work, for Fun - FOR LIFE