777
CXUS56 KSGX 011445
CF6AJO
PRELIMINARY LOCAL CLIMATOLOGICAL DATA (WS FORM: F-6)

                                          STATION:   CORONA AIRPORT CA
                                          MONTH:     JULY
                                          YEAR:      2014
                                          LATITUDE:   33 53 N
                                          LONGITUDE: 117 36 W

  TEMPERATURE IN F:       :PCPN:    SNOW:  WIND      :SUNSHINE: SKY     :PK WND
================================================================================
1   2   3   4   5  6A  6B    7    8   9   10  11  12  13   14  15   16   17  18
                                     12Z  AVG MX 2MIN
DY MAX MIN AVG DEP HDD CDD  WTR  SNW DPTH SPD SPD DIR MIN PSBL S-S WX    SPD DR
================================================================================

 1  87  58  73   M   0   8 0.00  0.0    0  5.6 16 290   M    M   1 1      21 260
 2  86  60  73   M   0   8 0.00  0.0    0  5.3 15 290   M    M   1 18     22 290
 3  95  58  77   M   0  12 0.00  0.0    0  0.3  7 260   M    M   0         M  M
 4  94  63  79   M   0  14 0.00  0.0    0  0.0  M   M   M    M   0         M  M
 5  94  63  79   M   0  14 0.00  0.0    0  0.0  M   M   M    M   1         M  M
 6  94  60  77   M   0  12 0.00  0.0    0  0.0  M   M   M    M   0         M  M
 7  94  63  79   M   0  14 0.00  0.0    0  0.0  M   M   M    M   0         M  M
 8  91  62  77   M   0  12 0.00  0.0    0  0.0  0   0   M    M   0 8       M  M
 9  89  59  74   M   0   9 0.00  0.0    0  0.0  0   0   M    M   0 18      M  M
10  89  58  74   M   0   9 0.00  0.0    0  0.0  0   0   M    M   1 18      M  M
11  87  57  72   M   0   7 0.00  0.0    0  0.0  0   0   M    M   0 8       M  M
12  86  57  72   M   0   7 0.00  0.0    0  0.0  0   0   M    M   0 8       M  M
13  90  60  75   M   0  10 0.00  0.0    0  0.0  0   0   M    M   0 8       M  M
14  88  67  78   M   0  13 0.00  0.0    0  0.0  0   0   M    M   1 8       M  M
15  84  65  75   M   0  10 0.00  0.0    0  0.0  M   M   M    M   0         M  M
16  85  65  75   M   0  10 0.00  0.0    0   M   M   M   M    M   4 8       M  M
17  83  58  71   M   0   6 0.00  0.0    0   M   M   M   M    M   3 8       M  M
18  85  54  70   M   0   5 0.00  0.0    0   M   M   M   M    M   1 8       M  M
19  82  59  71   M   0   6    T  0.0    0   M   M   M   M    M   1 8       M  M
20  85  60  73   M   0   8 0.00  0.0    0   M   M   M   M    M   2 8       M  M
21  87  57  72   M   0   7 0.00  0.0    0   M   M   M   M    M   0 8       M  M
22  91  56  74   M   0   9 0.00  0.0    0   M   M   M   M    M   0         M  M
23  96  53  75   M   0  10 0.00  0.0    0   M   M   M   M    M   0         M  M
24 101  56  79   M   0  14 0.00  0.0    0 10.9 17 280   M    M   0 8      24 290
25  94  67  81   M   0  16 0.00  0.0    0  7.0 15 280   M    M   0 8      22 280
26  90  64  77   M   0  12 0.00  0.0    0  7.9 18 300   M    M   0 8      27 300
27  95  69  82   M   0  17 0.00  0.0    0  6.9 15 290   M    M   0 8      21 290
28  94  67  81   M   0  16    T  0.0    0  6.0 12 280   M    M   1 8      20 280
29  92  59  76   M   0  11 0.00  0.0    0  4.4 13 290   M    M   0         M  M
30  95  61  78   M   0  13 0.00  0.0    0  5.0 15 280   M    M   0 8       M  M
31  95  65  80   M   0  15 0.00  0.0    0  6.5 15 280   M    M   0 8      21 280
================================================================================
SM 2798 1880         0 334    T      0.0  65.8          M       17
================================================================================
AV 90.3 60.6                               2.9 FASTST   M    M   1    MAX(MPH)
                                 MISC ---->    18   M               # 27  300
================================================================================
NOTES:
# LAST OF SEVERAL OCCURRENCES

COLUMN 17 PEAK WIND IN M.P.H.

PRELIMINARY LOCAL CLIMATOLOGICAL DATA (WS FORM: F-6) , PAGE 2

                                          STATION:  CORONA AIRPORT CA
                                          MONTH:    JULY
                                          YEAR:     2014
                                          LATITUDE:   33 53 N
                                          LONGITUDE: 117 36 W

[TEMPERATURE DATA]      [PRECIPITATION DATA]       SYMBOLS USED IN COLUMN 16

AVERAGE MONTHLY: 75.5   TOTAL FOR MONTH:      T    1 = FOG OR MIST
DPTR FM NORMAL:     M   DPTR FM NORMAL:       M    2 = FOG REDUCING VISIBILITY
HIGHEST:   101 ON 24    GRTST 24HR    T  ON 28-28      TO 1/4 MILE OR LESS
LOWEST:     53 ON 23                               3 = THUNDER
                        SNOW, ICE PELLETS, HAIL    4 = ICE PELLETS
                        TOTAL MONTH:   0.0 INCH    5 = HAIL
                        GRTST 24HR     0.0         6 = FREEZING RAIN OR DRIZZLE
                        GRTST DEPTH:   0           7 = DUSTSTORM OR SANDSTORM:
                                                       VSBY 1/2 MILE OR LESS
                                                   8 = SMOKE OR HAZE
[NO. OF DAYS WITH]      [WEATHER - DAYS WITH]      9 = BLOWING SNOW
                                                   X = TORNADO
MAX 32 OR BELOW:   0    0.01 INCH OR MORE:   0
MAX 90 OR ABOVE:  17    0.10 INCH OR MORE:   0
MIN 32 OR BELOW:   0    0.50 INCH OR MORE:   0
MIN  0 OR BELOW:   0    1.00 INCH OR MORE:   0

[HDD (BASE 65) ]
TOTAL THIS MO.     0    CLEAR  (SCALE 0-3)  30
DPTR FM NORMAL     M    PTCLDY (SCALE 4-7)   1
TOTAL FM JUL 1     0    CLOUDY (SCALE 8-10)  0
DPTR FM NORMAL     M

[CDD (BASE 65) ]
TOTAL THIS MO.   334
DPTR FM NORMAL     M    [PRESSURE DATA]
TOTAL FM JAN 1   677    HIGHEST SLP M ON M
DPTR FM NORMAL     M    LOWEST  SLP M ON M

[REMARKS]
#FINAL-07-14#




U.S. Dept. of Commerce
NOAA National Weather Service
1325 East West Highway
Silver Spring, MD 20910
E-mail: w-nws.webmaster@noaa.gov
Page last modified: May 16, 2007
NATIONAL WEATHER SERVICE: for Safety, for Work, for Fun - FOR LIFE