443
CXUS56 KSGX 311445
CF6AJO
PRELIMINARY LOCAL CLIMATOLOGICAL DATA (WS FORM: F-6)

                                          STATION:   CORONA AIRPORT CA
                                          MONTH:     AUGUST
                                          YEAR:      2014
                                          LATITUDE:   33 53 N
                                          LONGITUDE: 117 36 W

  TEMPERATURE IN F:       :PCPN:    SNOW:  WIND      :SUNSHINE: SKY     :PK WND
================================================================================
1   2   3   4   5  6A  6B    7    8   9   10  11  12  13   14  15   16   17  18
                                     12Z  AVG MX 2MIN
DY MAX MIN AVG DEP HDD CDD  WTR  SNW DPTH SPD SPD DIR MIN PSBL S-S WX    SPD DR
================================================================================

 1  93  65  79   M   0  14 0.00  0.0    0  6.9 14 280   M    M   0 8      23 290
 2  91  64  78   M   0  13 0.03  0.0    0  4.9 10 260   M    M   0 18      M  M
 3  90  71  81   M   0  16 0.13  0.0    0  4.3 15 260   M    M   4 138    21 270
 4  90  64  77   M   0  12 0.01  0.0    0  6.1 15 280   M    M   1 8      20 280
 5  89  58  74   M   0   9 0.00  0.0    0  6.4 17 270   M    M   0 8      21 280
 6  83  56  70   M   0   5 0.00  0.0    0  6.4 16 300   M    M   1 18     22 300
 7  84  55  70   M   0   5 0.00  0.0    0  5.2 16 300   M    M   1 18     18 280
 8  86  59  73   M   0   8 0.00  0.0    0  5.8 16 280   M    M   2 18     23 280
 9  87  58  73   M   0   8 0.00  0.0    0  5.8 16 270   M    M   0 18     24 270
10  92  57  75   M   0  10 0.00  0.0    0  5.8 16 310   M    M   0 128    23 310
11  93  64  79   M   0  14 0.00  0.0    0  7.4 16 290   M    M   0        22 290
12  91  63  77   M   0  12 0.00  0.0    0  7.0 18 280   M    M   0        23 280
13  89  62  76   M   0  11 0.00  0.0    0  7.0 15 290   M    M   0        23 280
14  92  57  75   M   0  10 0.00  0.0    0  5.8 16 290   M    M   0        24 280
15  96  56  76   M   0  11 0.00  0.0    0  5.5 16 280   M    M   0        22 280
16  96  61  79   M   0  14 0.00  0.0    0  5.5 16 280   M    M   0        24 280
17  96  57  77   M   0  12 0.00  0.0    0  5.3 16 280   M    M   0        20 280
18  93  60  77   M   0  12 0.00  0.0    0  7.8 16 270   M    M   0        28 270
19  84  62  73   M   0   8 0.00  0.0    0  7.0 16 260   M    M   3        23 260
20  89  58  74   M   0   9 0.00  0.0    0  4.6 13 270   M    M   3        17 270
21  88  60  74   M   0   9    M  0.0    M  4.6  5 280   M    M   0         M  M
22  88  62  75   M   0  10 0.00  0.0    M  9.2 14 270   M    M   0        24 270
23  88  54  71   M   0   6 0.00  0.0    0  5.8 15 270   M    M   0 1      23 270
24  89  55  72   M   0   7 0.00  0.0    0  4.8 15 300   M    M   2 1      21 290
25  87  60  74   M   0   9 0.00  0.0    0  5.9 15 280   M    M   0        21 280
26  91  59  75   M   0  10 0.00  0.0    0  5.8 16 290   M    M   0         M  M
27  96  57  77   M   0  12 0.00  0.0    0  4.9 16 280   M    M   0        22 270
28  98  57  78   M   0  13 0.00  0.0    0  5.1 16 270   M    M   0        28 270
29  94  55  75   M   0  10 0.00  0.0    0  4.9 15 270   M    M   0        22 270
30  96  56  76   M   0  11 0.00  0.0    0  4.7 13 290   M    M   0         M  M
================================================================================
SM 2719 1782         0 310  0.17     0.0 176.2          M       17
================================================================================
AV 90.6 59.4                               5.9 FASTST   M    M   1    MAX(MPH)
                                 MISC ---->    18   M                 28    M
================================================================================
NOTES:
# LAST OF SEVERAL OCCURRENCES

COLUMN 17 PEAK WIND IN M.P.H.

PRELIMINARY LOCAL CLIMATOLOGICAL DATA (WS FORM: F-6) , PAGE 2

                                          STATION:  CORONA AIRPORT CA
                                          MONTH:    AUGUST
                                          YEAR:     2014
                                          LATITUDE:   33 53 N
                                          LONGITUDE: 117 36 W

[TEMPERATURE DATA]      [PRECIPITATION DATA]       SYMBOLS USED IN COLUMN 16

AVERAGE MONTHLY: 75.0   TOTAL FOR MONTH:   0.17    1 = FOG OR MIST
DPTR FM NORMAL:     M   DPTR FM NORMAL:       M    2 = FOG REDUCING VISIBILITY
HIGHEST:    98 ON 28    GRTST 24HR  0.13 ON  3- 3      TO 1/4 MILE OR LESS
LOWEST:     54 ON 23                               3 = THUNDER
                        SNOW, ICE PELLETS, HAIL    4 = ICE PELLETS
                        TOTAL MONTH:   0.0 INCH    5 = HAIL
                        GRTST 24HR     0.0         6 = FREEZING RAIN OR DRIZZLE
                        GRTST DEPTH:   0           7 = DUSTSTORM OR SANDSTORM:
                                                       VSBY 1/2 MILE OR LESS
                                                   8 = SMOKE OR HAZE
[NO. OF DAYS WITH]      [WEATHER - DAYS WITH]      9 = BLOWING SNOW
                                                   X = TORNADO
MAX 32 OR BELOW:   0    0.01 INCH OR MORE:   3
MAX 90 OR ABOVE:  17    0.10 INCH OR MORE:   1
MIN 32 OR BELOW:   0    0.50 INCH OR MORE:   0
MIN  0 OR BELOW:   0    1.00 INCH OR MORE:   0

[HDD (BASE 65) ]
TOTAL THIS MO.     0    CLEAR  (SCALE 0-3)  29
DPTR FM NORMAL     M    PTCLDY (SCALE 4-7)   1
TOTAL FM JUL 1     0    CLOUDY (SCALE 8-10)  0
DPTR FM NORMAL     M

[CDD (BASE 65) ]
TOTAL THIS MO.   310
DPTR FM NORMAL     M    [PRESSURE DATA]
TOTAL FM JAN 1   987    HIGHEST SLP M ON M
DPTR FM NORMAL     M    LOWEST  SLP M ON M

[REMARKS]




U.S. Dept. of Commerce
NOAA National Weather Service
1325 East West Highway
Silver Spring, MD 20910
E-mail: w-nws.webmaster@noaa.gov
Page last modified: May 16, 2007
NATIONAL WEATHER SERVICE: for Safety, for Work, for Fun - FOR LIFE