427
CXUS56 KSGX 011445
CF6AJO
PRELIMINARY LOCAL CLIMATOLOGICAL DATA (WS FORM: F-6)

                                          STATION:   CORONA AIRPORT CA
                                          MONTH:     SEPTEMBER
                                          YEAR:      2014
                                          LATITUDE:   33 53 N
                                          LONGITUDE: 117 36 W

  TEMPERATURE IN F:       :PCPN:    SNOW:  WIND      :SUNSHINE: SKY     :PK WND
================================================================================
1   2   3   4   5  6A  6B    7    8   9   10  11  12  13   14  15   16   17  18
                                     12Z  AVG MX 2MIN
DY MAX MIN AVG DEP HDD CDD  WTR  SNW DPTH SPD SPD DIR MIN PSBL S-S WX    SPD DR
================================================================================

 1  92  57  75   M   0  10 0.00  0.0    0  5.7 15 260   M    M   0 12     18 270
 2  91  59  75   M   0  10 0.00  0.0    0  6.2 15 270   M    M   2 1      20 270
 3  87  59  73   M   0   8 0.00  0.0    0  6.2 17 290   M    M   3        23 290
 4  87  60  74   M   0   9 0.00  0.0    0  5.0 15 280   M    M   3        20 280
 5  92  56  74   M   0   9 0.00  0.0    0  5.6 14 280   M    M   0 1      23 270
 6  98  62  80   M   0  15 0.00  0.0    0  5.5 16 270   M    M   0        21 260
 7 100  63  82   M   0  17    T  0.0    0  4.6 14 280   M    M   0        20 260
 8  89  73  81   M   0  16    T  0.0    0  3.6  8 300   M    M   2         M  M
 9  92  58  75   M   0  10 0.00  0.0    0  4.6 15 280   M    M   0        20 280
10  96  52  74   M   0   9 0.00  0.0    0  4.2 14 300   M    M   0        18 260
11  97  58  78   M   0  13 0.00  0.0    0  4.7 15 270   M    M   0        23 270
12  98  59  79   M   0  14 0.00  0.0    0  4.2 14 260   M    M   0        22 260
13 101  58  80   M   0  15 0.00  0.0    0  3.8 14 270   M    M   0        20 270
14 107  61  84   M   0  19 0.00  0.0    0  3.6 12 280   M    M   0        21 280
15 105  67  86   M   0  21 0.00  0.0    0  4.9 15 270   M    M   0        22 270
16 107  66  87   M   0  22 0.00  0.0    0  4.5 14 270   M    M   0 3      23 270
17  99  71  85   M   0  20 0.00  0.0    0  5.8 16 270   M    M   0        24 280
18  85  62  74   M   0   9 0.00  0.0    0  6.5 15 280   M    M   0        21 280
19  85  63  74   M   0   9 0.00  0.0    0  4.2 13 270   M    M   4        21 270
20  81  59  70   M   0   5 0.00  0.0    0  5.9 15 280   M    M   2        21 280
21  83  58  71   M   0   6 0.00  0.0    0  3.8 13 280   M    M   4        16 270
22  87  52  70   M   0   5 0.00  0.0    0  4.5 14 300   M    M   0        21 280
23  95  53  74   M   0   9 0.00  0.0    0  4.7 14 280   M    M   0        12 300
24  97  55  76   M   0  11 0.00  0.0    0  4.2 14 270   M    M   0         M  M
25  95  60  78   M   0  13 0.00  0.0    0  4.9 16 260   M    M   0        25 260
26  86  56  71   M   0   6 0.00  0.0    0  6.1 20 240   M    M   0        29 250
27  78  53  66   M   0   1 0.00  0.0    0  4.9 15 250   M    M   1        20 280
28  80  51  66   M   0   1 0.00  0.0    0  4.7 15 270   M    M   1        21 270
29  83  51  67   M   0   2 0.00  0.0    0  4.2 12 270   M    M   1        16 250
30  89  49  69   M   0   4 0.00  0.0    0  3.5 13 280   M    M   0        18 260
================================================================================
SM 2762 1761         0 318    T      0.0 144.8          M       23
================================================================================
AV 92.1 58.7                               4.8 FASTST   M    M   1    MAX(MPH)
                                 MISC ---->    20   M                 29    M
================================================================================
NOTES:
# LAST OF SEVERAL OCCURRENCES

COLUMN 17 PEAK WIND IN M.P.H.

PRELIMINARY LOCAL CLIMATOLOGICAL DATA (WS FORM: F-6) , PAGE 2

                                          STATION:  CORONA AIRPORT CA
                                          MONTH:    SEPTEMBER
                                          YEAR:     2014
                                          LATITUDE:   33 53 N
                                          LONGITUDE: 117 36 W

[TEMPERATURE DATA]      [PRECIPITATION DATA]       SYMBOLS USED IN COLUMN 16

AVERAGE MONTHLY: 75.4   TOTAL FOR MONTH:      T    1 = FOG OR MIST
DPTR FM NORMAL:     M   DPTR FM NORMAL:       M    2 = FOG REDUCING VISIBILITY
HIGHEST:   107 ON 16,14 GRTST 24HR    T  ON  8- 8      TO 1/4 MILE OR LESS
LOWEST:     49 ON 30                               3 = THUNDER
                        SNOW, ICE PELLETS, HAIL    4 = ICE PELLETS
                        TOTAL MONTH:   0.0 INCH    5 = HAIL
                        GRTST 24HR     0.0         6 = FREEZING RAIN OR DRIZZLE
                        GRTST DEPTH:   0           7 = DUSTSTORM OR SANDSTORM:
                                                       VSBY 1/2 MILE OR LESS
                                                   8 = SMOKE OR HAZE
[NO. OF DAYS WITH]      [WEATHER - DAYS WITH]      9 = BLOWING SNOW
                                                   X = TORNADO
MAX 32 OR BELOW:   0    0.01 INCH OR MORE:   0
MAX 90 OR ABOVE:  17    0.10 INCH OR MORE:   0
MIN 32 OR BELOW:   0    0.50 INCH OR MORE:   0
MIN  0 OR BELOW:   0    1.00 INCH OR MORE:   0

[HDD (BASE 65) ]
TOTAL THIS MO.     0    CLEAR  (SCALE 0-3)  27
DPTR FM NORMAL     M    PTCLDY (SCALE 4-7)   3
TOTAL FM JUL 1     0    CLOUDY (SCALE 8-10)  0
DPTR FM NORMAL     M

[CDD (BASE 65) ]
TOTAL THIS MO.   318
DPTR FM NORMAL     M    [PRESSURE DATA]
TOTAL FM JAN 1  1318    HIGHEST SLP M ON M
DPTR FM NORMAL     M    LOWEST  SLP M ON M

[REMARKS]
#FINAL-09-14#




U.S. Dept. of Commerce
NOAA National Weather Service
1325 East West Highway
Silver Spring, MD 20910
E-mail: w-nws.webmaster@noaa.gov
Page last modified: May 16, 2007
NATIONAL WEATHER SERVICE: for Safety, for Work, for Fun - FOR LIFE