678
CXAK56 PAJK 311245
CF6AJN
PRELIMINARY LOCAL CLIMATOLOGICAL DATA (WS FORM: F-6)

                                          STATION:   JUNEAU
                                          MONTH:     JULY
                                          YEAR:      2014
                                          LATITUDE:   58 22 N
                                          LONGITUDE: 134 35 W

  TEMPERATURE IN F:       :PCPN:    SNOW:  WIND      :SUNSHINE: SKY     :PK WND
================================================================================
1   2   3   4   5  6A  6B    7    8   9   10  11  12  13   14  15   16   17  18
                                     12Z  AVG MX 2MIN
DY MAX MIN AVG DEP HDD CDD  WTR  SNW DPTH SPD SPD DIR MIN PSBL S-S WX    SPD DR
================================================================================

 1  65  47  56   0   9   0 0.00  0.0    0  4.1  9 270   M    M   8 1      14 240
 2  66  48  57   1   8   0 0.28  0.0    0  3.7 14  70   M    M   9 1      19  90
 3  63  52  58   2   7   0 0.54  0.0    0  3.5 13  90   M    M  10 1      16  90
 4  60  52  56   0   9   0 0.37  0.0    0  4.1 12  90   M    M  10 1      14  60
 5  64  50  57   1   8   0 0.14  0.0    0  5.4 16 100   M    M   9 1      21 110
 6  72  53  63   7   2   0    T  0.0    0  8.1 20 120   M    M   8        25 110
 7  65  53  59   3   6   0 0.30  0.0    0  5.5 18 120   M    M  10 1      24 130
 8  56  52  54  -2  11   0 0.99  0.0    0 10.1 18 120   M    M   9 1      25 120
 9  63  51  57   1   8   0 0.04  0.0    0  8.1 14 120   M    M   8 1      16  90
10  65  51  58   1   7   0 0.00  0.0    0  2.5  7 280   M    M   9 1      12 300
11  59  47  53  -4  12   0 1.25  0.0    0  7.6 18 120   M    M   9 1      22 120
12  63  54  59   2   6   0 0.55  0.0    0 12.9 22 130   M    M  10 1      32 140
13  61  55  58   1   7   0 0.68  0.0    0  2.6  9 250   M    M  10 1      12 110
14  63  54  59   2   6   0 0.59  0.0    0  2.7  9 240   M    M  10 1      10 240
15  67  53  60   3   5   0    T  0.0    0  6.3 14 300   M    M   9 1      21 360
16  66  53  60   3   5   0 0.00  0.0    0  5.9 14 250   M    M   8        17 260
17  60  52  56  -1   9   0    T  0.0    0  3.2 12  80   M    M  10        21  40
18  70  50  60   3   5   0 0.14  0.0    0  6.1 14 230   M    M   7 1      15 240
19  64  53  59   2   6   0 0.22  0.0    0  3.5  9 110   M    M  10 1      11  70
20  58  52  55  -2  10   0 0.20  0.0    0  7.4 15 120   M    M  10 1      19 110
21  71  48  60   3   5   0    T  0.0    0  5.8 15 240   M    M   8 1      16 240
22  67  52  60   3   5   0 0.00  0.0    0 10.4 24 110   M    M   8        30 110
23  65  55  60   3   5   0    T  0.0    0  6.0 18 120   M    M   9        22 120
24  61  53  57  -1   8   0 0.28  0.0    0  6.0 18 120   M    M   8 1      25 110
25  57  53  55  -3  10   0 0.27  0.0    0 12.4 18 120   M    M  10 1      22 130
26  60  53  57  -1   8   0 0.10  0.0    0  8.6 20  90   M    M  10        22  90
27  62  53  58   0   7   0 0.15  0.0    0 11.6 20 110   M    M   9 1      23 110
28  58  51  55  -3  10   0 0.47  0.0    0  4.3 13  80   M    M  10 1      15 110
29  58  52  55  -3  10   0 0.63  0.0    0  5.2 17 120   M    M  10 1      23 120
30  62  50  56  -2   9   0 0.07  0.0    0  6.2 14 100   M    M   9 1      16 100
================================================================================
SM 1891 1552       223   0  8.26     0.0 189.8          M      274
================================================================================
AV 63.0 51.7                               6.3 FASTST   M    M   9    MAX(MPH)
                                 MISC ---->  # 24 110               # 32  140
================================================================================
NOTES:
# LAST OF SEVERAL OCCURRENCES

COLUMN 17 PEAK WIND IN M.P.H.

PRELIMINARY LOCAL CLIMATOLOGICAL DATA (WS FORM: F-6) , PAGE 2

                                          STATION:  JUNEAU
                                          MONTH:    JULY
                                          YEAR:     2014
                                          LATITUDE:   58 22 N
                                          LONGITUDE: 134 35 W

[TEMPERATURE DATA]      [PRECIPITATION DATA]       SYMBOLS USED IN COLUMN 16

AVERAGE MONTHLY: 57.4   TOTAL FOR MONTH:   8.26    1 = FOG OR MIST
DPTR FM NORMAL:   0.4   DPTR FM NORMAL:    3.82    2 = FOG REDUCING VISIBILITY
HIGHEST:    72 ON  6    GRTST 24HR  1.62 ON 11-12      TO 1/4 MILE OR LESS
LOWEST:     47 ON 11, 1                            3 = THUNDER
                        SNOW, ICE PELLETS, HAIL    4 = ICE PELLETS
                        TOTAL MONTH:   0.0 INCH    5 = HAIL
                        GRTST 24HR     0.0         6 = FREEZING RAIN OR DRIZZLE
                        GRTST DEPTH:   0           7 = DUSTSTORM OR SANDSTORM:
                                                       VSBY 1/2 MILE OR LESS
                                                   8 = SMOKE OR HAZE
[NO. OF DAYS WITH]      [WEATHER - DAYS WITH]      9 = BLOWING SNOW
                                                   X = TORNADO
MAX 32 OR BELOW:   0    0.01 INCH OR MORE:  21
MAX 90 OR ABOVE:   0    0.10 INCH OR MORE:  19
MIN 32 OR BELOW:   0    0.50 INCH OR MORE:   7
MIN  0 OR BELOW:   0    1.00 INCH OR MORE:   1

[HDD (BASE 65) ]
TOTAL THIS MO.   223    CLEAR  (SCALE 0-3)   0
DPTR FM NORMAL   -21    PTCLDY (SCALE 4-7)   7
TOTAL FM JUL 1   223    CLOUDY (SCALE 8-10) 23
DPTR FM NORMAL   -21

[CDD (BASE 65) ]
TOTAL THIS MO.     0
DPTR FM NORMAL     0    [PRESSURE DATA]
TOTAL FM JAN 1     0    HIGHEST SLP M ON M
DPTR FM NORMAL    -1    LOWEST  SLP 29.61 ON 18

[REMARKS]




U.S. Dept. of Commerce
NOAA National Weather Service
1325 East West Highway
Silver Spring, MD 20910
E-mail: w-nws.webmaster@noaa.gov
Page last modified: May 16, 2007
NATIONAL WEATHER SERVICE: for Safety, for Work, for Fun - FOR LIFE