204
CXAK56 PAJK 011245
CF6AJN
PRELIMINARY LOCAL CLIMATOLOGICAL DATA (WS FORM: F-6)

                                          STATION:   JUNEAU
                                          MONTH:     JANUARY
                                          YEAR:      2015
                                          LATITUDE:   58 22 N
                                          LONGITUDE: 134 35 W

  TEMPERATURE IN F:       :PCPN:    SNOW:  WIND      :SUNSHINE: SKY     :PK WND
================================================================================
1   2   3   4   5  6A  6B    7    8   9   10  11  12  13   14  15   16   17  18
                                     12Z  AVG MX 2MIN
DY MAX MIN AVG DEP HDD CDD  WTR  SNW DPTH SPD SPD DIR MIN PSBL S-S WX    SPD DR
================================================================================

 1  42  32  37   9  28   0 1.38  0.2    0  8.6 23 120   M    M  10 1      28 120
 2  36  20  28   0  37   0    T  0.0    0 18.5 30  90   M    M   4 1      39  90
 3  27  19  23  -5  42   0 0.00  0.0    0 14.3 35  80   M    M   1        45  90
 4  30  22  26  -2  39   0 0.00  0.0    0 16.8 32 100   M    M   1        45  80
 5  29  13  21  -7  44   0 0.00  0.0    0  7.1 21 120   M    M   5        30 120
 6  30  26  28   0  37   0 0.30  3.5    4  5.9 23  90   M    M  10 14     30  90
 7  32  27  30   2  35   0 0.71  5.4    6  0.9  5  40   M    M  10 146     5  50
 8  32  26  29   1  36   0    T  0.0    8  0.8  7 100   M    M   9 6       7  90
 9  33  28  31   3  34   0 0.01    T    7  0.5  5 140   M    M  10 1      10 140
10  35  32  34   6  31   0 0.02  0.0    7  0.1  5 120   M    M  10 1       4 120
11  39  31  35   7  30   0 0.28    T    7  6.2 22 100   M    M  10 126    25 100
12  41  34  38  10  27   0 0.81  0.0    5 10.1 22 110   M    M  10 1      25  90
13  46  38  42  14  23   0 0.21  0.0    1 10.7 23 110   M    M  10 1      30 120
14  46  39  43  15  22   0 0.59  0.0    0 13.0 22 120   M    M  10 1      29 120
15  46  42  44  16  21   0 0.26  0.0    0 13.2 25 130   M    M  10 1      33 120
16  45  39  42  14  23   0 0.33  0.0    0 19.0 32 110   M    M  10 1      41 110
17  45  38  42  14  23   0 0.88  0.0    0 15.9 28 120   M    M  10 1      35 120
18  41  33  37   9  28   0 0.11  0.0    0  2.2 18 110   M    M   9 12     22  90
19  42  38  40  12  25   0 0.56  0.0    0 12.7 23 130   M    M  10 1      28 120
20  45  39  42  14  23   0 1.23  0.0    0 22.9 35 120   M    M  10 1      45 120
21  47  42  45  17  20   0 1.98  0.0    0 17.9 37 120   M    M  10 1      49 110
22  48  44  46  18  19   0 0.17  0.0    0 18.2 28 120   M    M   9 1      36 120
23  46  43  45  17  20   0 0.64  0.0    0 18.7 32 120   M    M  10 1      40 110
24  45  38  42  14  23   0 0.37  0.0    0  9.2 24 120   M    M  10 1      33 120
25  44  35  40  12  25   0 0.50  0.0    0  6.8 21 270   M    M   9 1      25 130
26  37  26  32   4  33   0    T    T    0  1.8 12 280   M    M   8 1      13 280
27  31  24  28  -1  37   0    T    T    0  1.0  6 250   M    M   7 1       9 220
28  37  29  33   4  32   0 0.41  6.0    0  4.5 20 120   M    M  10 12     24 120
29  37  33  35   6  30   0 0.23    T    4  1.4 17 110   M    M  10 12     21 110
30  35  29  32   3  33   0 0.00  0.0    2  0.5  6  70   M    M  10 12      7  50
31  31  19  25  -4  40   0 0.00  0.0    2  2.2  7 260   M    M   5 12      8 260
================================================================================
SM 1200  978       920   0 11.98    15.1 281.6          M      267
================================================================================
AV 38.7 31.5                               9.1 FASTST   M    M   9    MAX(MPH)
                                 MISC ---->  # 37 120               # 49  110
================================================================================
NOTES:
# LAST OF SEVERAL OCCURRENCES

COLUMN 17 PEAK WIND IN M.P.H.

PRELIMINARY LOCAL CLIMATOLOGICAL DATA (WS FORM: F-6) , PAGE 2

                                          STATION:  JUNEAU
                                          MONTH:    JANUARY
                                          YEAR:     2015
                                          LATITUDE:   58 22 N
                                          LONGITUDE: 134 35 W

[TEMPERATURE DATA]      [PRECIPITATION DATA]       SYMBOLS USED IN COLUMN 16

AVERAGE MONTHLY: 35.1   TOTAL FOR MONTH:  11.98    1 = FOG OR MIST
DPTR FM NORMAL:   6.8   DPTR FM NORMAL:    6.63    2 = FOG REDUCING VISIBILITY
HIGHEST:    48 ON 22    GRTST 24HR  2.59 ON 20-21      TO 1/4 MILE OR LESS
LOWEST:     13 ON  5                               3 = THUNDER
                        SNOW, ICE PELLETS, HAIL    4 = ICE PELLETS
                        TOTAL MONTH:  15.1 INCHES  5 = HAIL
                        GRTST 24HR   6.0 ON 28-28  6 = FREEZING RAIN OR DRIZZLE
                        GRTST DEPTH:   8 ON  8     7 = DUSTSTORM OR SANDSTORM:
                                                       VSBY 1/2 MILE OR LESS
                                                   8 = SMOKE OR HAZE
[NO. OF DAYS WITH]      [WEATHER - DAYS WITH]      9 = BLOWING SNOW
                                                   X = TORNADO
MAX 32 OR BELOW:   8    0.01 INCH OR MORE:  22
MAX 90 OR ABOVE:   0    0.10 INCH OR MORE:  20
MIN 32 OR BELOW:  16    0.50 INCH OR MORE:  10
MIN  0 OR BELOW:   0    1.00 INCH OR MORE:   3

[HDD (BASE 65) ]
TOTAL THIS MO.   920    CLEAR  (SCALE 0-3)   2
DPTR FM NORMAL  -219    PTCLDY (SCALE 4-7)   5
TOTAL FM JUL 1  4301    CLOUDY (SCALE 8-10) 24
DPTR FM NORMAL  -559

[CDD (BASE 65) ]
TOTAL THIS MO.     0
DPTR FM NORMAL     0    [PRESSURE DATA]
TOTAL FM JAN 1     0    HIGHEST SLP 30.53 ON  3
DPTR FM NORMAL     0    LOWEST  SLP 29.07 ON 24

[REMARKS]
#FINAL-01-15#




U.S. Dept. of Commerce
NOAA National Weather Service
1325 East West Highway
Silver Spring, MD 20910
E-mail: w-nws.webmaster@noaa.gov
Page last modified: May 16, 2007
NATIONAL WEATHER SERVICE: for Safety, for Work, for Fun - FOR LIFE