716
CXUS53 KGRB 010702
CF6AIG
PRELIMINARY LOCAL CLIMATOLOGICAL DATA (WS FORM: F-6)

                                          STATION:   ANTIGO AWOS
                                          MONTH:     MARCH
                                          YEAR:      2014
                                          LATITUDE:   45  9 N
                                          LONGITUDE:  89  8 W

  TEMPERATURE IN F:       :PCPN:    SNOW:  WIND      :SUNSHINE: SKY     :PK WND
================================================================================
1   2   3   4   5  6A  6B    7    8   9   10  11  12  13   14  15   16   17  18
                                     12Z  AVG MX 2MIN
DY MAX MIN AVG DEP HDD CDD  WTR  SNW DPTH SPD SPD DIR MIN PSBL S-S WX    SPD DR
================================================================================

 1   7  -3   2 -18  63   0 0.00  0.0    0  9.8 14 340   M    M   5        17 300
 2   5 -15  -5 -25  70   0 0.00  0.0    0  9.0 15 290   M    M   2        21 300
 3  11 -29  -9 -30  74   0 0.00  0.0    0  4.5 12 240   M    M   3         M  M
 4  15  -7   4 -17  61   0 0.00  0.0    0  2.1  7  20   M    M   7         M  M
 5  17 -13   2 -20  63   0 0.00  0.0    0  7.0 10 120   M    M   0         M  M
 6  23 -12   6 -16  59   0 0.06    M    0 10.4 16 170   M    M   3         M  M
 7  33  14  24   2  41   0 0.05    M    0  8.7 18 360   M    M   8 18      M  M
 8  27  12  20  -3  45   0 0.00  0.0    0  6.9 13  20   M    M   4        18 360
 9  39   5  22  -1  43   0 0.36    M    0 11.0 22 250   M    M   2        28 250
10  51  20  36  12  29   0 0.00  0.0    0  9.0 17 300   M    M   2 12     24 290
11  41  26  34  10  31   0 0.00  0.0    0  6.6 12 350   M    M   3         M  M
12  28   0  14 -10  51   0 0.01    M    0  8.9 17  20   M    M   3        21  30
13  35  -3  16  -9  49   0 0.00  0.0    0  9.1 15 220   M    M   4        21 240
14  38  29  34   9  31   0 0.00  0.0    0 12.2 18 320   M    M   6        28 320
15  29   9  19  -7  46   0 0.00  0.0    0  9.7 16  10   M    M   4        22 320
16  21  -8   7 -19  58   0 0.00  0.0    0  3.7  8 170   M    M   0         M  M
17  23   7  15 -12  50   0 1.36    M    0 10.7 17 150   M    M  10        22 170
18  32  19  26  -1  39   0 0.70    M    0 11.7 20 140   M    M   8 1      24 140
19  35  28  32   4  33   0 1.92    M    0 11.4 16 310   M    M  10 1      24 310
20  36  21  29   1  36   0 0.23    M    0  6.1 10 300   M    M   5         M  M
21  36  13  25  -4  40   0 0.00  0.0    0  7.1 18 140   M    M   5        22 170
22  32   8  20  -9  45   0 0.70    M    0 13.2 18 330   M    M   6        25 350
23  20  -3   9 -21  56   0 0.00  0.0    0  6.9 14 300   M    M   2        17 300
24  25  -5  10 -20  55   0 0.00  0.0    0  7.5 17 260   M    M   3        24 280
25  17   6  12 -19  53   0 0.41    M    0 12.0 21 290   M    M   5        27 290
26  27  -7  10 -21  55   0 0.02    M    0  8.4 16 150   M    M   5        21 150
27  33  24  29  -3  36   0 0.90    M    0  9.7 14 150   M    M  10 1       M  M
28  35  25  30  -2  35   0 0.94    M    0 11.0 21 350   M    M   5        27 350
29  36  26  31  -2  34   0 0.03    M    0  4.7 10 140   M    M   4         M  M
30  45  22  34   1  31   0 0.00  0.0    0 10.5 18 160   M    M   1        24 170
31  46  34  40   6  25   0 0.00  0.0    0 14.6 23 140   M    M   6        33 130
================================================================================
SM  898  243      1437   0  7.69     0.0 274.1          M      141
================================================================================
AV 29.0  7.8                               8.8 FASTST   M    M   5    MAX(MPH)
                                 MISC ---->  # 23 140                 33    M
================================================================================
NOTES:
# LAST OF SEVERAL OCCURRENCES

COLUMN 17 PEAK WIND IN M.P.H.

PRELIMINARY LOCAL CLIMATOLOGICAL DATA (WS FORM: F-6) , PAGE 2

                                          STATION:  ANTIGO AWOS
                                          MONTH:    MARCH
                                          YEAR:     2014
                                          LATITUDE:   45  9 N
                                          LONGITUDE:  89  8 W

[TEMPERATURE DATA]      [PRECIPITATION DATA]       SYMBOLS USED IN COLUMN 16

AVERAGE MONTHLY: 18.4   TOTAL FOR MONTH:   7.69    1 = FOG OR MIST
DPTR FM NORMAL:  -8.1   DPTR FM NORMAL:    6.48    2 = FOG REDUCING VISIBILITY
HIGHEST:    51 ON 10    GRTST 24HR  1.92 ON 19-19      TO 1/4 MILE OR LESS
LOWEST:    -29 ON  3                               3 = THUNDER
                        SNOW, ICE PELLETS, HAIL    4 = ICE PELLETS
                        TOTAL MONTH:   0.0 INCH    5 = HAIL
                        GRTST 24HR     0.0         6 = FREEZING RAIN OR DRIZZLE
                        GRTST DEPTH:   0           7 = DUSTSTORM OR SANDSTORM:
                                                       VSBY 1/2 MILE OR LESS
                                                   8 = SMOKE OR HAZE
[NO. OF DAYS WITH]      [WEATHER - DAYS WITH]      9 = BLOWING SNOW
                                                   X = TORNADO
MAX 32 OR BELOW:  17    0.01 INCH OR MORE:  14
MAX 90 OR ABOVE:   0    0.10 INCH OR MORE:   9
MIN 32 OR BELOW:  30    0.50 INCH OR MORE:   6
MIN  0 OR BELOW:  12    1.00 INCH OR MORE:   2

[HDD (BASE 65) ]
TOTAL THIS MO.  1437    CLEAR  (SCALE 0-3)   8
DPTR FM NORMAL   244    PTCLDY (SCALE 4-7)  18
TOTAL FM JUL 1  8889    CLOUDY (SCALE 8-10)  5
DPTR FM NORMAL  1025

[CDD (BASE 65) ]
TOTAL THIS MO.     0
DPTR FM NORMAL     0    [PRESSURE DATA]
TOTAL FM JAN 1     0    HIGHEST SLP M ON M
DPTR FM NORMAL     0    LOWEST  SLP M ON M

[REMARKS]
#FINAL-03-14#




U.S. Dept. of Commerce
NOAA National Weather Service
1325 East West Highway
Silver Spring, MD 20910
E-mail: w-nws.webmaster@noaa.gov
Page last modified: May 16, 2007
NATIONAL WEATHER SERVICE: for Safety, for Work, for Fun - FOR LIFE