887
CXUS55 KCYS 070155
CF6AIA
PRELIMINARY LOCAL CLIMATOLOGICAL DATA (WS FORM: F-6)     ...CORRECTED...

                                          STATION:   ALLIANCE NEBRASKA AIRPORT
                                          MONTH:     NOVEMBER
                                          YEAR:      2014
                                          LATITUDE:   42  2 N
                                          LONGITUDE: 102 48 W

  TEMPERATURE IN F:       :PCPN:    SNOW:  WIND      :SUNSHINE: SKY     :PK WND
================================================================================
1   2   3   4   5  6A  6B    7    8   9   10  11  12  13   14  15   16   17  18
                                     12Z  AVG MX 2MIN
DY MAX MIN AVG DEP HDD CDD  WTR  SNW DPTH SPD SPD DIR MIN PSBL S-S WX    SPD DR
================================================================================

 1  56  27  42   2  23   0 0.00    M    M 13.6 22 160   M    M   0        27 160
 2  62  26  44   5  21   0 0.01    M    M  5.8 13 350   M    M   3        16 350
 3  49  26  38  -1  27   0 0.32    M    M 11.6 26  30   M    M   6 12     33  30
 4  52  21  37  -1  28   0 0.00    M    M 10.6 21 260   M    M   0        25 260
 5  59  27  43   5  22   0 0.00    M    M 13.4 29 310   M    M   0        36 310
 6  63  23  43   5  22   0 0.00    M    M  6.0 15 190   M    M   0        19 190
 7  63  36  50  13  15   0 0.00    M    M 13.8 32 330   M    M   2        40 330
 8  60  24  42   5  23   0 0.00    M    M  7.1 17 230   M    M   1        21 220
 9  66  31  49  13  16   0 0.00    M    M 10.6 23 250   M    M   0        27 270
10  58  13  36   0  29   0    T    M    M 20.8 32 360   M    M   7 1      40 360
11  13   0   7 -28  58   0 0.02    M    M 13.1 21 330   M    M   7 8      24 330
12  12  -9   2 -33  63   0 0.00    M    M 12.0 23 330   M    M   1        29 320
13  19 -13   3 -31  62   0 0.00    M    M  9.2 20 190   M    M   M        26 190
14  29  14  22 -12  43   0    T    M    M 12.7 22 170   M    M  10 1      26 170
15  24 -11   7 -26  58   0 0.05    M    M 14.9 28 360   M    M   7 18     35 360
16  31 -10  11 -22  54   0 0.00    M    M 18.9 40 320   M    M   1        51 330
17  24   3  14 -18  51   0 0.00    M    M 18.5 38 330   M    M   2        45 330
18  47   4  26  -6  39   0 0.00    M    M 14.2 28 300   M    M   2        33 280
19  41  12  27  -5  38   0 0.00    M    M 11.7 25 330   M    M   0        31 340
20  53   9  31   0  34   0 0.00    M    M  6.0 12 150   M    M   0        17 200
21  58  19  39   9  26   0 0.00    M    M  6.7 24 270   M    M   2        30 260
22  61  16  39   9  26   0    T    M    M 12.5 31 260   M    M   3        37 240
23  43  23  33   3  32   0 0.00    M    M 21.2 38 340   M    M   3        49 320
24  40  19  30   1  35   0    T    M    M 17.0 31 320   M    M   4        39 320
25  47  12  30   1  35   0 0.00    M    M 16.2 37 310   M    M   7        46 310
26  32  19  26  -2  39   0    T    M    M  8.4 30 320   M    M   9 18     38 320
27  60  14  37   9  28   0 0.00    M    M  8.7 18 270   M    M   1        23 270
28  68  25  47  20  18   0 0.00    M    M 12.2 35 280   M    M   0        39 280
29  66  15  41  14  24   0 0.00    M    M 13.2 25  20   M    M   2 1      33  10
30  19   7  13 -14  52   0    T    M    M  9.3 22 360   M    M   8 1      25 360
================================================================================
SM 1375  422      1041   0  0.40    M    369.9          M       88
================================================================================
AV 45.8 14.1                              12.3 FASTST   M    M   3    MAX(MPH)
                                 MISC ---->    40 320                 51  330
================================================================================
NOTES:
# LAST OF SEVERAL OCCURRENCES

COLUMN 17 PEAK WIND IN M.P.H.

PRELIMINARY LOCAL CLIMATOLOGICAL DATA (WS FORM: F-6) , PAGE 2

                                          STATION:  ALLIANCE NEBRASKA AIRPORT
                                          MONTH:    NOVEMBER
                                          YEAR:     2014
                                          LATITUDE:   42  2 N
                                          LONGITUDE: 102 48 W

[TEMPERATURE DATA]      [PRECIPITATION DATA]       SYMBOLS USED IN COLUMN 16

AVERAGE MONTHLY: 29.9   TOTAL FOR MONTH:   0.40    1 = FOG OR MIST
DPTR FM NORMAL:  -3.1   DPTR FM NORMAL:   -0.05    2 = FOG REDUCING VISIBILITY
HIGHEST:    68 ON 28    GRTST 24HR  0.33 ON  2- 3      TO 1/4 MILE OR LESS
LOWEST:    -13 ON 13                               3 = THUNDER
                        SNOW, ICE PELLETS, HAIL    4 = ICE PELLETS
                        TOTAL MONTH:    M          5 = HAIL
                        GRTST 24HR    M  ON   M    6 = FREEZING RAIN OR DRIZZLE
                        GRTST DEPTH:  M  ON   M    7 = DUSTSTORM OR SANDSTORM:
                                                       VSBY 1/2 MILE OR LESS
                                                   8 = SMOKE OR HAZE
[NO. OF DAYS WITH]      [WEATHER - DAYS WITH]      9 = BLOWING SNOW
                                                   X = TORNADO
MAX 32 OR BELOW:   9    0.01 INCH OR MORE:   4
MAX 90 OR ABOVE:   0    0.10 INCH OR MORE:   1
MIN 32 OR BELOW:  29    0.50 INCH OR MORE:   0
MIN  0 OR BELOW:   5    1.00 INCH OR MORE:   0

[HDD (BASE 65) ]
TOTAL THIS MO.  1041    CLEAR  (SCALE 0-3)  20
DPTR FM NORMAL    84    PTCLDY (SCALE 4-7)   6
TOTAL FM JUL 1  1708    CLOUDY (SCALE 8-10)  3
DPTR FM NORMAL   -91

[CDD (BASE 65) ]
TOTAL THIS MO.     0
DPTR FM NORMAL     0    [PRESSURE DATA]
TOTAL FM JAN 1   499    HIGHEST SLP 30.81 ON 12
DPTR FM NORMAL   -65    LOWEST  SLP 29.26 ON 10

[REMARKS]
NEW RECORD COLDEST HIGH TEMPERATURE OF 13 DEGREES SET ON THE 11TH. THE OLD
 RECORD WAS 14 DEGREES SET IN 1940.
NEW RECORD COLDEST HIGH TEMPERATURE OF 12 DEGREES SET ON THE 12TH. THE OLD
 RECORD WAS 15 DEGREES LAST SET IN 1940 AND PREVIOUSLY.
NEW RECORD LOW TEMPERATURE OF 11 DEGREES BELOW ZERO SET ON THE 15TH. THE OLD
 RECORD WAS 9 DEGREES BELOW ZERO SET IN 1955.

PRECIPITATION AMOUNTS FOR THE 11TH AND 15TH DETERMINED USING ASOS 5 MINUTE
OBSERVATIONS AND NEARBY CoCoRaHS SITES.
#FINAL-11-14#




U.S. Dept. of Commerce
NOAA National Weather Service
1325 East West Highway
Silver Spring, MD 20910
E-mail: w-nws.webmaster@noaa.gov
Page last modified: May 16, 2007
NATIONAL WEATHER SERVICE: for Safety, for Work, for Fun - FOR LIFE