602
CXUS55 KCYS 291000
CF6AIA
PRELIMINARY LOCAL CLIMATOLOGICAL DATA (WS FORM: F-6)

                                          STATION:   ALLIANCE NEBRASKA AIRPORT
                                          MONTH:     JULY
                                          YEAR:      2014
                                          LATITUDE:   42  2 N
                                          LONGITUDE: 102 48 W

  TEMPERATURE IN F:       :PCPN:    SNOW:  WIND      :SUNSHINE: SKY     :PK WND
================================================================================
1   2   3   4   5  6A  6B    7    8   9   10  11  12  13   14  15   16   17  18
                                     12Z  AVG MX 2MIN
DY MAX MIN AVG DEP HDD CDD  WTR  SNW DPTH SPD SPD DIR MIN PSBL S-S WX    SPD DR
================================================================================

 1  74  47  61  -9   4   0 0.00    M    M 15.0 28 320   M    M   1        38 340
 2  79  39  59 -11   6   0 0.00    M    M  5.6 12 150   M    M   0        20 310
 3  85  53  69  -1   0   4 0.00    M    M 11.5 20 140   M    M   0        35 130
 4  89  60  75   5   0  10 0.01    M    M  9.4 35 260   M    M   1 13     45 260
 5  98  53  76   5   0  11 0.00    M    M  5.1 10 300   M    M   0        17 320
 6  91  56  74   3   0   9 0.00    M    M  9.3 23  40   M    M   0        29  40
 7  89  55  72   1   0   7 0.00    M    M 10.2 28  20   M    M   2        35  20
 8  85  46  66  -5   0   1 0.00    M    M  8.2 16 330   M    M   1        20 320
 9  93  54  74   2   0   9 0.00    M    M  9.9 24 150   M    M   0        28 130
10  98  58  78   6   0  13 0.08    M    M 12.3 22 160   M    M   3 13     30 160
11  87  60  74   2   0   9 0.02    M    M  8.2 25  20   M    M   3 13     32  20
12  83  59  71  -1   0   6    M    M    M  6.2 13 330   M    M   5        19 350
13  88  55  72   0   0   7 0.00    M    M  3.7 14 290   M    M   0        20 300
14  77  46  62 -10   3   0 0.00    M    M  9.9 20  30   M    M   0        25  10
15  76  44  60 -13   5   0    T    M    M 11.0 21 140   M    M   6        29 170
16  66  48  57 -16   8   0 0.01    M    M  9.1 16 160   M    M   8 123    22 160
17  79  49  64  -9   1   0 0.00    M    M  9.1 16 190   M    M   3 12     21 180
18  90  54  72  -1   0   7 0.00    M    M 10.7 21 170   M    M   2 13     25 160
19  90  58  74   1   0   9 0.00    M    M 12.5 25  60   M    M   0        32  60
20 102  59  81   8   0  16 0.00    M    M  8.9 20 270   M    M   2 12     25 290
21 102  57  80   7   0  15 0.00    M    M 11.5 30 220   M    M   0 3      40 230
22  94  63  79   6   0  14 0.00    M    M 12.2 33  50   M    M   0 3      42  80
23  95  63  79   6   0  14 0.00    M    M 16.3 28 160   M    M   1 3      38  40
24 105  64  85  12   0  20    T    M    M 11.7 28 220   M    M   0 13     36 210
25  90  64  77   4   0  12    T    M    M 11.4 26 150   M    M   0 38     33 160
26  90  56  73   0   0   8 0.00    M    M 10.8 22  30   M    M   0        27  30
27  87  48  68  -5   0   3 0.00    M    M  5.9 16  80   M    M   1        19  90
28  89  52  71  -2   0   6 0.00    M    M  9.7 21 140   M    M   1        27 160
================================================================================
SM 2471 1520        27 210  0.12    M    275.3          M       40
================================================================================
AV 88.2 54.3                               9.8 FASTST   M    M   1    MAX(MPH)
                                 MISC ---->  # 35 260               # 45  260
================================================================================
NOTES:
# LAST OF SEVERAL OCCURRENCES

COLUMN 17 PEAK WIND IN M.P.H.

PRELIMINARY LOCAL CLIMATOLOGICAL DATA (WS FORM: F-6) , PAGE 2

                                          STATION:  ALLIANCE NEBRASKA AIRPORT
                                          MONTH:    JULY
                                          YEAR:     2014
                                          LATITUDE:   42  2 N
                                          LONGITUDE: 102 48 W

[TEMPERATURE DATA]      [PRECIPITATION DATA]       SYMBOLS USED IN COLUMN 16

AVERAGE MONTHLY: 71.3   TOTAL FOR MONTH:   0.12    1 = FOG OR MIST
DPTR FM NORMAL:  -0.8   DPTR FM NORMAL:   -2.00    2 = FOG REDUCING VISIBILITY
HIGHEST:   105 ON 24    GRTST 24HR  0.10 ON 10-11      TO 1/4 MILE OR LESS
LOWEST:     39 ON  2                               3 = THUNDER
                        SNOW, ICE PELLETS, HAIL    4 = ICE PELLETS
                        TOTAL MONTH:    M          5 = HAIL
                        GRTST 24HR    M  ON   M    6 = FREEZING RAIN OR DRIZZLE
                        GRTST DEPTH:  M  ON   M    7 = DUSTSTORM OR SANDSTORM:
                                                       VSBY 1/2 MILE OR LESS
                                                   8 = SMOKE OR HAZE
[NO. OF DAYS WITH]      [WEATHER - DAYS WITH]      9 = BLOWING SNOW
                                                   X = TORNADO
MAX 32 OR BELOW:   0    0.01 INCH OR MORE:   4
MAX 90 OR ABOVE:  13    0.10 INCH OR MORE:   0
MIN 32 OR BELOW:   0    0.50 INCH OR MORE:   0
MIN  0 OR BELOW:   0    1.00 INCH OR MORE:   0

[HDD (BASE 65) ]
TOTAL THIS MO.    27    CLEAR  (SCALE 0-3)  23
DPTR FM NORMAL    22    PTCLDY (SCALE 4-7)   4
TOTAL FM JUL 1    27    CLOUDY (SCALE 8-10)  1
DPTR FM NORMAL    22

[CDD (BASE 65) ]
TOTAL THIS MO.   210
DPTR FM NORMAL    -1    [PRESSURE DATA]
TOTAL FM JAN 1   260    HIGHEST SLP M ON M
DPTR FM NORMAL   -49    LOWEST  SLP 29.74 ON M

[REMARKS]




U.S. Dept. of Commerce
NOAA National Weather Service
1325 East West Highway
Silver Spring, MD 20910
E-mail: w-nws.webmaster@noaa.gov
Page last modified: May 16, 2007
NATIONAL WEATHER SERVICE: for Safety, for Work, for Fun - FOR LIFE