933
CXUS52 KFFC 241110
CF6AHN
PRELIMINARY LOCAL CLIMATOLOGICAL DATA (WS FORM: F-6)

                                          STATION:   ATHENS
                                          MONTH:     NOVEMBER
                                          YEAR:      2014
                                          LATITUDE:   33 57 N
                                          LONGITUDE:  83 19 W

  TEMPERATURE IN F:       :PCPN:    SNOW:  WIND      :SUNSHINE: SKY     :PK WND
================================================================================
1   2   3   4   5  6A  6B    7    8   9   10  11  12  13   14  15   16   17  18
                                     12Z  AVG MX 2MIN
DY MAX MIN AVG DEP HDD CDD  WTR  SNW DPTH SPD SPD DIR MIN PSBL S-S WX    SPD DR
================================================================================

 1  55  38  47 -11  18   0    T    M    0 13.0 22 310   M    M   4        33 310
 2  61  33  47 -11  18   0 0.00  0.0    0  4.5 15 320   M    M   0        23 320
 3  66  29  48 -10  17   0 0.00  0.0    0  1.0  6 180   M    M   0        10 180
 4  71  37  54  -3  11   0 0.00  0.0    0  1.7  9 250   M    M   0        13 220
 5  69  45  57   0   8   0 0.00  0.0    0  0.3  6 210   M    M   1        10 220
 6  71  49  60   3   5   0 0.06  0.0    0  7.4 20 310   M    M   4        31 280
 7  62  36  49  -7  16   0 0.00  0.0    0  2.0  9 310   M    M   0        14 320
 8  62  34  48  -8  17   0 0.00  0.0    0  1.8 12  60   M    M   0        14  60
 9  70  37  54  -2  11   0 0.00  0.0    0  0.4  6 290   M    M   0         8 280
10  70  35  53  -3  12   0 0.00  0.0    0  2.2  8  90   M    M   0        12 120
11  73  37  55   0  10   0 0.00  0.0    0  1.0  7 280   M    M   0        10 290
12  76  46  61   6   4   0 0.00  0.0    0  4.6 12 270   M    M   1        21 290
13  56  38  47  -8  18   0 0.00  0.0    0  7.8 16 300   M    M   2        23 310
14  52  28  40 -14  25   0 0.00  0.0    0  4.0 17 300   M    M   4        22 290
15  48  26  37 -17  28   0 0.00  0.0    0  6.0 12  80   M    M   1        16 100
16  51  34  43 -11  22   0 0.11  0.0    0  4.7 12  80   M    M   8        15  80
17  55  31  43 -10  22   0 0.81  0.0    0  8.6 26 330   M    M   7        39 330
18  39  22  31 -22  34   0 0.00  0.0    0  8.8 18 310   M    M   0        28 310
19  49  20  35 -18  30   0 0.00  0.0    0  3.4  8 210   M    M   0        13 210
20  62  24  43  -9  22   0 0.00  0.0    0  3.9 16 290   M    M   0        24 280
21  65  38  52   0  13   0 0.00  0.0    0  2.8  9 340   M    M   0 8      13 350
22  60  34  47  -5  18   0 0.00  0.0    0  7.6 14  60   M    M   2        17  60
23  59  43  51   0  14   0 1.72  0.0    0  8.6 16  70   M    M  10 1      21 180
================================================================================
SM 1402  794       393   0  2.70     0.0 106.1          M       44
================================================================================
AV 61.0 34.5                               4.6 FASTST   M    M   2    MAX(MPH)
                                 MISC ---->  # 26 330               # 39  330
================================================================================
NOTES:
# LAST OF SEVERAL OCCURRENCES

COLUMN 17 PEAK WIND IN M.P.H.

PRELIMINARY LOCAL CLIMATOLOGICAL DATA (WS FORM: F-6) , PAGE 2

                                          STATION:  ATHENS
                                          MONTH:    NOVEMBER
                                          YEAR:     2014
                                          LATITUDE:   33 57 N
                                          LONGITUDE:  83 19 W

[TEMPERATURE DATA]      [PRECIPITATION DATA]       SYMBOLS USED IN COLUMN 16

AVERAGE MONTHLY: 47.7   TOTAL FOR MONTH:   2.70    1 = FOG OR MIST
DPTR FM NORMAL:  -7.1   DPTR FM NORMAL:   -0.18    2 = FOG REDUCING VISIBILITY
HIGHEST:    76 ON 12    GRTST 24HR  1.72 ON 23-23      TO 1/4 MILE OR LESS
LOWEST:     20 ON 19                               3 = THUNDER
                        SNOW, ICE PELLETS, HAIL    4 = ICE PELLETS
                        TOTAL MONTH:   0.0 INCH    5 = HAIL
                        GRTST 24HR     0.0         6 = FREEZING RAIN OR DRIZZLE
                        GRTST DEPTH:   0           7 = DUSTSTORM OR SANDSTORM:
                                                       VSBY 1/2 MILE OR LESS
                                                   8 = SMOKE OR HAZE
[NO. OF DAYS WITH]      [WEATHER - DAYS WITH]      9 = BLOWING SNOW
                                                   X = TORNADO
MAX 32 OR BELOW:   0    0.01 INCH OR MORE:   4
MAX 90 OR ABOVE:   0    0.10 INCH OR MORE:   3
MIN 32 OR BELOW:   7    0.50 INCH OR MORE:   2
MIN  0 OR BELOW:   0    1.00 INCH OR MORE:   1

[HDD (BASE 65) ]
TOTAL THIS MO.   393    CLEAR  (SCALE 0-3)  17
DPTR FM NORMAL   153    PTCLDY (SCALE 4-7)   4
TOTAL FM JUL 1   502    CLOUDY (SCALE 8-10)  2
DPTR FM NORMAL   127

[CDD (BASE 65) ]
TOTAL THIS MO.     0
DPTR FM NORMAL    -5    [PRESSURE DATA]
TOTAL FM JAN 1  1983    HIGHEST SLP M ON M
DPTR FM NORMAL   101    LOWEST  SLP 29.69 ON 23

[REMARKS]




U.S. Dept. of Commerce
NOAA National Weather Service
1325 East West Highway
Silver Spring, MD 20910
E-mail: w-nws.webmaster@noaa.gov
Page last modified: May 16, 2007
NATIONAL WEATHER SERVICE: for Safety, for Work, for Fun - FOR LIFE