677
CXUS55 KCAE 011400
CF6AGS
PRELIMINARY LOCAL CLIMATOLOGICAL DATA (WS FORM: F-6)

                                          STATION:   AUGUSTA BUSH FIELD GA
                                          MONTH:     NOVEMBER
                                          YEAR:      2014
                                          LATITUDE:   33 22 N
                                          LONGITUDE:  81 58 W

  TEMPERATURE IN F:       :PCPN:    SNOW:  WIND      :SUNSHINE: SKY     :PK WND
================================================================================
1   2   3   4   5  6A  6B    7    8   9   10  11  12  13   14  15   16   17  18
                                     12Z  AVG MX 2MIN
DY MAX MIN AVG DEP HDD CDD  WTR  SNW DPTH SPD SPD DIR MIN PSBL S-S WX    SPD DR
================================================================================

 1  57  38  48 -11  17   0 0.18  0.0    0 15.5 28 310   M    M   7 1      36 280
 2  62  30  46 -13  19   0 0.00  0.0    0  6.2 17 330   M    M   0        23 350
 3  66  26  46 -13  19   0 0.00  0.0    0  1.4  8 360   M    M   0 1      10 340
 4  73  31  52  -7  13   0 0.00  0.0    0  1.4 12 210   M    M   0 1      18 220
 5  78  45  62   4   3   0 0.00  0.0    0  0.8  9 200   M    M   1 1      14 250
 6  81  54  68  10   0   3    T  0.0    0  8.8 24 260   M    M   2 1      33 250
 7  64  34  49  -9  16   0 0.00  0.0    0  4.3 21 320   M    M   0        27 320
 8  61  30  46 -12  19   0 0.00  0.0    0  0.7  7 350   M    M   0 1       8 350
 9  69  38  54  -3  11   0 0.00  0.0    0  1.4  8  20   M    M   0 1      12  50
10  73  33  53  -4  12   0 0.00  0.0    0  1.9 10 360   M    M   0 18     20  60
11  77  40  59   2   6   0 0.00  0.0    0  4.4 13 350   M    M   0 1      18 330
12  80  39  60   4   5   0 0.00  0.0    0  4.0 14 280   M    M   0 1      17 280
13  61  44  53  -3  12   0    T  0.0    0  6.9 15 290   M    M   4        19 290
14  47  27  37 -19  28   0 0.00  0.0    0  6.2 14  40   M    M   6 1      18  50
15  52  25  39 -16  26   0 0.00  0.0    0  3.8 12  10   M    M   0 1      15  80
16  58  29  44 -11  21   0 0.00  0.0    0  3.5  9  10   M    M   8        11  20
17  69  37  53  -2  12   0 0.55  0.0    0 10.0 26 280   M    M   8 123    34 290
18  42  25  34 -21  31   0 0.00  0.0    0 10.6 20 320   M    M   0        24 320
19  50  15  33 -21  32   0 0.00  0.0    0  2.0 10 210   M    M   0        14 270
20  65  20  43 -11  22   0 0.00  0.0    0  5.1 20 270   M    M   0        25 270
21  67  27  47  -7  18   0 0.00  0.0    0  1.8 12 340   M    M   0 12     19 360
22  66  27  47  -6  18   0 0.01  0.0    0  3.0 12 100   M    M   2        15 120
23  69  49  59   6   6   0 1.61  0.0    0  7.1 25 220   M    M  10 13     37 210
24  74  63  69  16   0   4 0.06  0.0    0  6.9 16 200   M    M   9 1      20 200
25  64  49  57   5   8   0 0.14  0.0    0  5.1 18 330   M    M   9 1      23 330
26  62  36  49  -3  16   0 0.64  0.0    0  7.9 15 330   M    M   6 1      20 320
27  55  37  46  -6  19   0 0.00  0.0    0 12.5 26 310   M    M   1        34 300
28  51  24  38 -14  27   0 0.00  0.0    0  1.9 10  30   M    M   0        14  40
29  61  25  43  -8  22   0 0.00  0.0    0  2.6 10 190   M    M   2 12     14 200
30  71  29  50  -1  15   0 0.00  0.0    0  2.7 15 220   M    M   0 1      21 220
================================================================================
SM 1925 1026       473   7  3.19     0.0 150.4          M       75
================================================================================
AV 64.2 34.2                               5.0 FASTST   M    M   3    MAX(MPH)
                                 MISC ---->  # 28 310               # 37  210
================================================================================
NOTES:
# LAST OF SEVERAL OCCURRENCES

COLUMN 17 PEAK WIND IN M.P.H.

PRELIMINARY LOCAL CLIMATOLOGICAL DATA (WS FORM: F-6) , PAGE 2

                                          STATION:  AUGUSTA BUSH FIELD GA
                                          MONTH:    NOVEMBER
                                          YEAR:     2014
                                          LATITUDE:   33 22 N
                                          LONGITUDE:  81 58 W

[TEMPERATURE DATA]      [PRECIPITATION DATA]       SYMBOLS USED IN COLUMN 16

AVERAGE MONTHLY: 49.2   TOTAL FOR MONTH:   3.19    1 = FOG OR MIST
DPTR FM NORMAL:  -6.0   DPTR FM NORMAL:    0.37    2 = FOG REDUCING VISIBILITY
HIGHEST:    81 ON  6    GRTST 24HR  1.62 ON 22-23      TO 1/4 MILE OR LESS
LOWEST:     15 ON 19                               3 = THUNDER
                        SNOW, ICE PELLETS, HAIL    4 = ICE PELLETS
                        TOTAL MONTH:   0.0 INCH    5 = HAIL
                        GRTST 24HR     0.0         6 = FREEZING RAIN OR DRIZZLE
                        GRTST DEPTH:   0           7 = DUSTSTORM OR SANDSTORM:
                                                       VSBY 1/2 MILE OR LESS
                                                   8 = SMOKE OR HAZE
[NO. OF DAYS WITH]      [WEATHER - DAYS WITH]      9 = BLOWING SNOW
                                                   X = TORNADO
MAX 32 OR BELOW:   0    0.01 INCH OR MORE:   7
MAX 90 OR ABOVE:   0    0.10 INCH OR MORE:   5
MIN 32 OR BELOW:  15    0.50 INCH OR MORE:   3
MIN  0 OR BELOW:   0    1.00 INCH OR MORE:   1

[HDD (BASE 65) ]
TOTAL THIS MO.   473    CLEAR  (SCALE 0-3)  21
DPTR FM NORMAL   165    PTCLDY (SCALE 4-7)   5
TOTAL FM JUL 1   564    CLOUDY (SCALE 8-10)  4
DPTR FM NORMAL   142

[CDD (BASE 65) ]
TOTAL THIS MO.     7
DPTR FM NORMAL    -9    [PRESSURE DATA]
TOTAL FM JAN 1  2099    HIGHEST SLP 30.52 ON 22
DPTR FM NORMAL    13    LOWEST  SLP 29.70 ON 17

[REMARKS]
#FINAL-11-14#




U.S. Dept. of Commerce
NOAA National Weather Service
1325 East West Highway
Silver Spring, MD 20910
E-mail: w-nws.webmaster@noaa.gov
Page last modified: May 16, 2007
NATIONAL WEATHER SERVICE: for Safety, for Work, for Fun - FOR LIFE