547
CXUS55 KCAE 011400
CF6AGS
PRELIMINARY LOCAL CLIMATOLOGICAL DATA (WS FORM: F-6)

                                          STATION:   AUGUSTA BUSH FIELD GA
                                          MONTH:     AUGUST
                                          YEAR:      2014
                                          LATITUDE:   33 22 N
                                          LONGITUDE:  81 58 W

  TEMPERATURE IN F:       :PCPN:    SNOW:  WIND      :SUNSHINE: SKY     :PK WND
================================================================================
1   2   3   4   5  6A  6B    7    8   9   10  11  12  13   14  15   16   17  18
                                     12Z  AVG MX 2MIN
DY MAX MIN AVG DEP HDD CDD  WTR  SNW DPTH SPD SPD DIR MIN PSBL S-S WX    SPD DR
================================================================================

 1  84  70  77  -5   0  12    T  0.0    0  7.9 18 360   M    M   8 1      23 360
 2  78  69  74  -8   0   9 0.59  0.0    0  6.4 12  30   M    M  10 13     15  40
 3  87  70  79  -3   0  14 0.04  0.0    0  4.7 15 110   M    M   6 1      21 100
 4  88  69  79  -3   0  14 0.00  0.0    0  4.7 15  50   M    M   4 18     19  40
 5  92  69  81  -1   0  16 0.00  0.0    0  2.3 10 360   M    M   3 1      15 330
 6  93  64  79  -2   0  14 0.00  0.0    0  3.5 14 340   M    M   0 1      18 340
 7  96  68  82   1   0  17 0.00  0.0    0  2.5 13 330   M    M   0 18     21  10
 8  93  70  82   1   0  17 0.56  0.0    0  4.5 25 150   M    M   1 138    31 150
 9  87  71  79  -2   0  14 0.02  0.0    0  1.9  8 190   M    M   7 138    10 200
10  87  73  80  -1   0  15 0.08  0.0    0  3.6 14 290   M    M   7 1238   18 290
11  90  73  82   1   0  17 0.25  0.0    0  1.2 21 350   M    M   7 18     24 140
12  91  72  82   1   0  17 0.08  0.0    0  4.6 23 200   M    M   3 13     32 260
13  90  65  78  -3   0  13 0.00  0.0    0  4.6 17 290   M    M   0 1      21 320
14  87  61  74  -7   0   9 0.00  0.0    0  2.1 10  90   M    M   1 1      13 100
15  91  63  77  -4   0  12 0.00  0.0    0  3.0 12 130   M    M   3 18     15  50
16  92  66  79  -2   0  14 0.00  0.0    0  2.3 13 280   M    M   4 12     17 290
17  94  64  79  -2   0  14 0.00  0.0    0  3.8 15 250   M    M   1 128    22 220
18  93  71  82   1   0  17 0.02  0.0    0  5.9 16 220   M    M   3 3      24 220
19  93  72  83   3   0  18    T  0.0    0  8.3 21 200   M    M   2 3      27 210
20  96  70  83   3   0  18    T  0.0    0  3.9 20 250   M    M   1 1      25 250
21  98  71  85   5   0  20 0.00  0.0    0  2.9  9  30   M    M   0        12  30
22  99  70  85   5   0  20 0.00  0.0    0  4.2 15 310   M    M   1 1      22 320
23 100  71  86   6   0  21 0.00  0.0    0  3.8 13 330   M    M   1        18 330
24  88  73  81   1   0  16 0.00  0.0    0  7.7 16  80   M    M   5        20  80
25  89  63  76  -4   0  11 0.00  0.0    0  7.8 18  50   M    M   0        24  50
26  91  65  78  -2   0  13 0.00  0.0    0  5.6 14  20   M    M   4        19  30
27  93  59  76  -3   0  11 0.00  0.0    0  3.2 12 360   M    M   0        18  50
28  95  56  76  -3   0  11 0.00  0.0    0  2.7 10 140   M    M   0 12     14 150
29  96  60  78  -1   0  13 0.00  0.0    0  3.1 13 150   M    M   1 12     16 150
30  95  66  81   2   0  16 0.00  0.0    0  4.5 12  90   M    M   2 18     15 100
31  96  73  85   6   0  20 0.12  0.0    0  3.5 28 240   M    M   5 13     36 230
================================================================================
SM 2842 2097         0 463  1.76     0.0 130.7          M       90
================================================================================
AV 91.7 67.6                               4.2 FASTST   M    M   3    MAX(MPH)
                                 MISC ---->  # 28 240               # 36  230
================================================================================
NOTES:
# LAST OF SEVERAL OCCURRENCES

COLUMN 17 PEAK WIND IN M.P.H.

PRELIMINARY LOCAL CLIMATOLOGICAL DATA (WS FORM: F-6) , PAGE 2

                                          STATION:  AUGUSTA BUSH FIELD GA
                                          MONTH:    AUGUST
                                          YEAR:     2014
                                          LATITUDE:   33 22 N
                                          LONGITUDE:  81 58 W

[TEMPERATURE DATA]      [PRECIPITATION DATA]       SYMBOLS USED IN COLUMN 16

AVERAGE MONTHLY: 79.7   TOTAL FOR MONTH:   1.76    1 = FOG OR MIST
DPTR FM NORMAL:  -0.8   DPTR FM NORMAL:   -2.56    2 = FOG REDUCING VISIBILITY
HIGHEST:   100 ON 23    GRTST 24HR  0.59 ON  1- 2      TO 1/4 MILE OR LESS
LOWEST:     56 ON 28                               3 = THUNDER
                        SNOW, ICE PELLETS, HAIL    4 = ICE PELLETS
                        TOTAL MONTH:   0.0 INCH    5 = HAIL
                        GRTST 24HR     0.0         6 = FREEZING RAIN OR DRIZZLE
                        GRTST DEPTH:   0           7 = DUSTSTORM OR SANDSTORM:
                                                       VSBY 1/2 MILE OR LESS
                                                   8 = SMOKE OR HAZE
[NO. OF DAYS WITH]      [WEATHER - DAYS WITH]      9 = BLOWING SNOW
                                                   X = TORNADO
MAX 32 OR BELOW:   0    0.01 INCH OR MORE:   9
MAX 90 OR ABOVE:  22    0.10 INCH OR MORE:   4
MIN 32 OR BELOW:   0    0.50 INCH OR MORE:   2
MIN  0 OR BELOW:   0    1.00 INCH OR MORE:   0

[HDD (BASE 65) ]
TOTAL THIS MO.     0    CLEAR  (SCALE 0-3)  19
DPTR FM NORMAL     0    PTCLDY (SCALE 4-7)  11
TOTAL FM JUL 1     0    CLOUDY (SCALE 8-10)  1
DPTR FM NORMAL     0

[CDD (BASE 65) ]
TOTAL THIS MO.   463
DPTR FM NORMAL   -19    [PRESSURE DATA]
TOTAL FM JAN 1  1651    HIGHEST SLP 30.17 ON 30
DPTR FM NORMAL   -37    LOWEST  SLP 29.79 ON 12

[REMARKS]
#FINAL-08-14#




U.S. Dept. of Commerce
NOAA National Weather Service
1325 East West Highway
Silver Spring, MD 20910
E-mail: w-nws.webmaster@noaa.gov
Page last modified: May 16, 2007
NATIONAL WEATHER SERVICE: for Safety, for Work, for Fun - FOR LIFE